{"id":5265,"date":"2012-07-21T13:25:56","date_gmt":"2012-07-21T11:25:56","guid":{"rendered":"http:\/\/klubmamgdynia.pl\/index.php\/produkt\/becker-hamburg\/"},"modified":"2026-05-17T23:15:46","modified_gmt":"2026-05-17T21:15:46","slug":"becker-hamburg","status":"publish","type":"product","link":"http:\/\/klubmamgdynia.pl\/index.php\/produkt\/becker-hamburg\/","title":{"rendered":"Becker Hamburg"},"content":{"rendered":"<p>Lusterko z wideorejestratorem BECKER HAMBURGGWARANCJA 24 MIESI\u0104CEZalety urz\u0105dzeniaNowa ods\u0142ona popularnych wideorejestrator\u00f3w samochodowych. BECKER HAMBURG to typowe lusterko samochodowe wewn\u0119trzne funkcjonalnie rozszerzone o wbudowan\u0105 kamer\u0119 przedni\u0105 i du\u017cy, 5\u201d wy\u015bwietlacz oraz do\u0142\u0105czan\u0105 kamer\u0119 tyln\u0105. Umo\u017cliwia rejestracj\u0119 film\u00f3w sprzed i za samochodem.Filmowy zapis wraz z dat\u0105 i godzin\u0105 mo\u017ce by\u0107 u\u017cyteczny w przypadku wyst\u0105pienia niespodziewanych, konfliktowych zdarze\u0144 drogowych.Charakterystyka:Wbudowana ruchoma kamera przednia i kamera tylna z przewodemJednoczesne nagrywanie obrazu z obu kamerObraz na wy\u015bwietlaczu wygaszony lub z kamery przedniej, tylnej albo oba obrazy w trybie podzia\u0142u ekranu lub obraz-w-obrazieTryb parkingowy \u2013 nagrywanie film\u00f3w z obu kamer po detekcji uderzenia w samoch\u00f3dSpecyfikacja techniczna- rozdzielczo\u015b\u0107 nagrywanego filmu: 1920&#215;1080\/30fps \u2013 kamera przednia, 640&#215;480\/30fps \u2013 kamera tylna- rozdzielczo\u015b\u0107 rejestrowanych zdj\u0119\u0107: 1920&#215;1080 &#8211; tylko kamera przednia- format plik\u00f3w filmowych: AVI- format plik\u00f3w zdj\u0119ciowych: JPG- obs\u0142uga kart pami\u0119ci: microSD, microSDHC do 32 GB klasa 10- ci\u0105g\u0142a rejestracja w p\u0119tli- mikrofon: wbudowany- g\u0142o\u015bnik: wbudowany- Czujnik uderzeniowy (G-sensor): TAK- Temperatura pracy: 0\u00ba~50\u00baC- Temperatura przechowywania: -30\u00ba~70\u00baC- Wilgotno\u015b\u0107: 15-65%RH- Wymiary: 30 x 7,8 x 1,5 cmZestaw zawieraWideorejestrator Becker Hamburg\u0141adowark\u0119 samochodow\u0105 mini USBKamer\u0119 tyln\u0105 wraz z przewodemGumki do mocowania rejestratora na lusterkuInstrukcj\u0119 obs\u0142ugi<\/p>\n<h2>Becker Hamburg Blackvue<\/h2>\n<p>jagna, wakacyjne kolorowanki, andrzejki kolorowanki do druku, quiz opowie\u015bci z narnii lew czarownica i stara szafa, imi\u0119 kostek, zagadki dla 4 latka, logiczne zagadki, kr\u00f3tkie czytanki dla dzieci do wydruku, molo w brze\u017anie, zabawy z pi\u0142k\u0105 dla dzieci, dzie\u0144 misia 2021, nauka literek do druku, dalia imi\u0119, po \u0142\u0105ce biega lato tekst, kolorowanki pieski<\/p>\n<p>yyyyy<\/p>\n<p>&nbsp;<\/p>\n","protected":false},"excerpt":{"rendered":"<p>Lusterko z wideorejestratorem BECKER HAMBURGGWARANCJA 24 MIESI\u0104CEZalety urz\u0105dzeniaNowa ods\u0142ona popularnych wideorejestrator\u00f3w samochodowych. BECKER HAMBURG to typowe lusterko samochodowe wewn\u0119trzne funkcjonalnie rozszerzone o wbudowan\u0105 kamer\u0119 przedni\u0105 i du\u017cy, 5\u201d wy\u015bwietlacz oraz do\u0142\u0105czan\u0105 kamer\u0119 tyln\u0105. Umo\u017cliwia rejestracj\u0119 film\u00f3w sprzed i za samochodem.Filmowy zapis wraz z dat\u0105 i godzin\u0105 mo\u017ce by\u0107 u\u017cyteczny w przypadku wyst\u0105pienia niespodziewanych, konfliktowych zdarze\u0144 [&hellip;]<\/p>\n","protected":false},"featured_media":5266,"comment_status":"closed","ping_status":"open","template":"","meta":[],"product_cat":[1306,893],"product_tag":[861,847,768,640,627,756],"class_list":["post-5265","product","type-product","status-publish","has-post-thumbnail","hentry","product_cat-blackvue","product_cat-kamery-samochodowe","product_tag-jak-narysowac-psa","product_tag-kolorowanki-pokemon","product_tag-krotkie-zagadki-logiczne","product_tag-prezent-dla-rocznej-dziewczynki","product_tag-quiz-dzieci-z-bullerbyn","product_tag-zaproszenie-na-urodziny-do-druku"],"_links":{"self":[{"href":"http:\/\/klubmamgdynia.pl\/index.php\/wp-json\/wp\/v2\/product\/5265","targetHints":{"allow":["GET"]}}],"collection":[{"href":"http:\/\/klubmamgdynia.pl\/index.php\/wp-json\/wp\/v2\/product"}],"about":[{"href":"http:\/\/klubmamgdynia.pl\/index.php\/wp-json\/wp\/v2\/types\/product"}],"replies":[{"embeddable":true,"href":"http:\/\/klubmamgdynia.pl\/index.php\/wp-json\/wp\/v2\/comments?post=5265"}],"wp:featuredmedia":[{"embeddable":true,"href":"http:\/\/klubmamgdynia.pl\/index.php\/wp-json\/wp\/v2\/media\/5266"}],"wp:attachment":[{"href":"http:\/\/klubmamgdynia.pl\/index.php\/wp-json\/wp\/v2\/media?parent=5265"}],"wp:term":[{"taxonomy":"product_cat","embeddable":true,"href":"http:\/\/klubmamgdynia.pl\/index.php\/wp-json\/wp\/v2\/product_cat?post=5265"},{"taxonomy":"product_tag","embeddable":true,"href":"http:\/\/klubmamgdynia.pl\/index.php\/wp-json\/wp\/v2\/product_tag?post=5265"}],"curies":[{"name":"wp","href":"https:\/\/api.w.org\/{rel}","templated":true}]}}