{"id":5269,"date":"2024-03-11T04:56:43","date_gmt":"2024-03-11T03:56:43","guid":{"rendered":"http:\/\/klubmamgdynia.pl\/?post_type=product&#038;p=5269"},"modified":"2026-04-05T18:21:16","modified_gmt":"2026-04-05T16:21:16","slug":"miniland-termos-do-posilkow-z-powloka-rozowy-600ml","status":"publish","type":"product","link":"http:\/\/klubmamgdynia.pl\/index.php\/produkt\/miniland-termos-do-posilkow-z-powloka-rozowy-600ml\/","title":{"rendered":"Miniland Termos Do Posi\u0142k\u00f3w Z Pow\u0142ok\u0105 R\u00f3\u017cowy 600Ml"},"content":{"rendered":"<p>Termos do przechowywania posi\u0142k\u00f3w sta\u0142ych o pojemno\u015bci 600ml.Wykonany ze stali nierdzewnej. Utrzymuje \u017cywno\u015b\u0107 ciep\u0142\u0105 lub zimn\u0105 nawet przez 12 godzin. Dzi\u0119ki izotermicznemu etui termos mo\u017cna zabra\u0107 ze sob\u0105 wsz\u0119dzie.Cechy:do wszelkiego rodzaju \u017cywno\u015bci i przecier\u00f3w3 warstwy izolacyjne\u0142atwy w czyszczeniuodporny, wysoka jako\u015b\u0107lekkipodw\u00f3jne zamkni\u0119cie kt\u00f3re utrzymuje temperatur\u0119 przez wiele godzinzawiera izotermiczn\u0105 torb\u0119wolny od Bisfenolu ADo wszelkiego rodzaju pokarm\u00f3w sta\u0142ychIdealny dla pierwszych przecier\u00f3w oraz wszelkiego rodzaju pokarm\u00f3w sta\u0142ych.Najwy\u017csza jako\u015b\u0107 materia\u0142\u00f3wTermos wyposa\u017cony jest w podw\u00f3jn\u0105 \u015bciank\u0119 ze stali 18\/8 (304) i eksluzywn\u0105 \u015bciank\u0119 izolacyjn\u0105 zewn\u0119trzn\u0105. Dzi\u0119ki temu termos ma ma\u0142\u0105 przewodno\u015b\u0107 ciep\u0142a (ciep\u0142e posi\u0142ki s\u0105 d\u0142u\u017cej ciep\u0142e) i bardzo dobr\u0105 odporno\u015b\u0107 na dzia\u0142anie wysokich temperatur (zimne posi\u0142ki zachowuj\u0105 zimn\u0105 tempetarur\u0119 d\u0142u\u017cej).Mo\u017cna zabra\u0107 ze sob\u0105 wsz\u0119dzieTermos posiada idealny rozmiar aby zabra\u0107 go ze sob\u0105 dos\u0142ownie wsz\u0119dzie. Torba izotermiczna wyposa\u017cona jest w uchwyt na rzep dzi\u0119ki kt\u00f3remu mo\u017cemy go przyczepi\u0107 np. do w\u00f3zka. Dodatkowo, torba izotermiczna chroni termos przed zmianami temperatur lepiej utrzymuj\u0105c ciep\u0142\u0105 lub zimn\u0105 temperatur\u0119 pokarm\u00f3w na wi\u0119cej ni\u017c 12 godzin.Elegancki designAtrakcyjne kolory i delikatne wzory dodaj\u0105 termosowi unikalnego wygl\u0105du.Karmienie z tego samego produktuDu\u017ca pojemno\u015b\u0107 (600 ml) sprawia, \u017ce pokarm mo\u017cna podawa\u0107 bezpo\u015brednio z termosu bez potrzeby wyk\u0142adania go na talerzyk czy inne naczynie.Wolny od Bisfenolu A!Informacje techniczne:pojemno\u015b\u0107: 600mlpodw\u00f3jna warstwa stali &#8211; wewn\u0105trzwarstwa izolacyjna zewn\u0105trznaAkcesoria:torba izotermiczna<\/p>\n<h2>Miniland Termos Do Posi\u0142k\u00f3w Z Pow\u0142ok\u0105 R\u00f3\u017cowy 600Ml Miniland<\/h2>\n<p>atrakcje dla nastolatk\u00f3w, plac zabaw warszawa, na wyspach bergamutach, czapka g\u00f3rnika kolorowanka, ewelina, atrakcje dla dzieci wroclaw, rozrywka dla dzieci, alfons, cytat o dziecku, quiz o bajkach, zygzak mcqueen kolorowanka, bajki do czytania dla 6 latka, cytat rodzina, psi patrol kolorowanka do druku, szablon zaproszenia na urodziny do wydruku czarno bia\u0142e, wroc\u0142aw i okolice atrakcje, \u0142amig\u0142\u00f3wki dla dzieci do wydruku<\/p>\n<p>yyyyy<\/p>\n<p>&nbsp;<\/p>\n","protected":false},"excerpt":{"rendered":"<p>Termos do przechowywania posi\u0142k\u00f3w sta\u0142ych o pojemno\u015bci 600ml.Wykonany ze stali nierdzewnej. Utrzymuje \u017cywno\u015b\u0107 ciep\u0142\u0105 lub zimn\u0105 nawet przez 12 godzin. Dzi\u0119ki izotermicznemu etui termos mo\u017cna zabra\u0107 ze sob\u0105 wsz\u0119dzie.Cechy:do wszelkiego rodzaju \u017cywno\u015bci i przecier\u00f3w3 warstwy izolacyjne\u0142atwy w czyszczeniuodporny, wysoka jako\u015b\u0107lekkipodw\u00f3jne zamkni\u0119cie kt\u00f3re utrzymuje temperatur\u0119 przez wiele godzinzawiera izotermiczn\u0105 torb\u0119wolny od Bisfenolu ADo wszelkiego rodzaju pokarm\u00f3w [&hellip;]<\/p>\n","protected":false},"featured_media":5270,"comment_status":"closed","ping_status":"open","template":"","meta":[],"product_cat":[1105,215],"product_tag":[845,755,852,764,757,592],"class_list":["post-5269","product","type-product","status-publish","has-post-thumbnail","hentry","product_cat-miniland","product_cat-naczynia-i-sztucce-dla-dzieci","product_tag-ach-spij-kochanie-tekst","product_tag-henryk","product_tag-jak-zrobic-samolot-z-papieru","product_tag-prezenty-na-roczek-dla-dziewczynki","product_tag-test-z-lektury-ania-z-zielonego-wzgorza-klasa-6-z-odpowiedziami","product_tag-zagadki-dla-dzieci"],"_links":{"self":[{"href":"http:\/\/klubmamgdynia.pl\/index.php\/wp-json\/wp\/v2\/product\/5269","targetHints":{"allow":["GET"]}}],"collection":[{"href":"http:\/\/klubmamgdynia.pl\/index.php\/wp-json\/wp\/v2\/product"}],"about":[{"href":"http:\/\/klubmamgdynia.pl\/index.php\/wp-json\/wp\/v2\/types\/product"}],"replies":[{"embeddable":true,"href":"http:\/\/klubmamgdynia.pl\/index.php\/wp-json\/wp\/v2\/comments?post=5269"}],"wp:featuredmedia":[{"embeddable":true,"href":"http:\/\/klubmamgdynia.pl\/index.php\/wp-json\/wp\/v2\/media\/5270"}],"wp:attachment":[{"href":"http:\/\/klubmamgdynia.pl\/index.php\/wp-json\/wp\/v2\/media?parent=5269"}],"wp:term":[{"taxonomy":"product_cat","embeddable":true,"href":"http:\/\/klubmamgdynia.pl\/index.php\/wp-json\/wp\/v2\/product_cat?post=5269"},{"taxonomy":"product_tag","embeddable":true,"href":"http:\/\/klubmamgdynia.pl\/index.php\/wp-json\/wp\/v2\/product_tag?post=5269"}],"curies":[{"name":"wp","href":"https:\/\/api.w.org\/{rel}","templated":true}]}}