{"id":527,"date":"2020-12-18T04:52:27","date_gmt":"2020-12-18T03:52:27","guid":{"rendered":"http:\/\/klubmamgdynia.pl\/index.php\/produkt\/prenatal-duo-classic-30-tabletek-dha-60-tabletek\/"},"modified":"2026-04-23T22:21:41","modified_gmt":"2026-04-23T20:21:41","slug":"prenatal-duo-classic-30-tabletek-dha-60-tabletek","status":"publish","type":"product","link":"http:\/\/klubmamgdynia.pl\/index.php\/produkt\/prenatal-duo-classic-30-tabletek-dha-60-tabletek\/","title":{"rendered":"Prenatal DUO Classic 30 tabletek + DHA 60 tabletek"},"content":{"rendered":"<p>PRENATAL DUO<\/p>\n<p>Prenatal \u00a0Duo jest unikalnym preparatem polecanym kobietom w okresie od 13 tygodnia \u00a0ci\u0105\u017cy do ko\u0144ca o \u00a0karmienia piersi\u0105.Sk\u0142ada si\u0119 z dw\u00f3ch preparat\u00f3w \u2013 Prenatal Classic oraz Prenatal DHA 600. Zawiera cholin\u0119 oraz kompleks niezb\u0119dnych sk\u0142adnik\u00f3w, wyselekcjonowanych pod wzgl\u0119dem \u00a0korzystnego wp\u0142ywu na matk\u0119 i dziecko w odpowiednio wysokich dawkach rekomendowanych przez PTG.                            <\/p>\n<p>Prenatal Duo zawiera Epigenetic Nutrition Plan &#8211; unikalne po\u0142\u0105czenie sk\u0142adnik\u00f3w od\u017cywczych o wysokiej przyswajalno\u015bci w rekomendowanych dawkach , kt\u00f3re ju\u017c na etapie rozwoju p\u0142odu determinuj\u0105 m. in. jego podatno\u015b\u0107 na choroby cywilizacyjne, wy\u017cszy iloraz inteligencji, lepsz\u0105 jako\u015b\u0107 \u017cycia w przysz\u0142o\u015bci.                            <\/p>\n<p>Prenatal Duo wskazany jest do post\u0119powania dietetycznego w celu:zapewnienia prawid\u0142owego rozwoju m\u00f3zgu i siatk\u00f3wki oka dzieckawspierania prawid\u0142owego rozwoju p\u0142odu\u00a0zmniejszenia ryzyka rozwoju alergii u dzieckaprofilaktyki niedokrwisto\u015bci i porodu przedwczesnego \u00a0                            <\/p>\n<p>Prenatal DUO zawiera cholin\u0119, DHA (kwas dokozaheksaenowy) oraz kompleks niezb\u0119dnych sk\u0142adnik\u00f3w wyselekcjonowanych pod wzgl\u0119dem korzystnego wp\u0142ywu na matk\u0119 i dziecko, w odpowiednio wysokich dawkach rekomendowanych przez PTG1-3.Prawid\u0142owy rozw\u00f3j m\u00f3zgu i siatk\u00f3wki oka dziecka\u00a0DHA wp\u0142ywa na rozw\u00f3j m\u00f3zgu i siatk\u00f3wki oka dziecka. Najbardziej aktywna faza akumulacji tego kwasu t\u0142uszczowego w m\u00f3zgu rozpoczyna si\u0119 na prze\u0142omie II i III trymestru ci\u0105\u017cy i trwa a\u017c do 2 r.\u017c. dziecka4. Dlatego istotne jest zapewnienie jego odpowiedniego spo\u017cycia przez mam\u0119 a\u017c do ko\u0144ca karmienia piersi\u0105.Prawid\u0142owy rozw\u00f3j p\u0142odu\u00a0Cech\u0105 unikaln\u0105\u00a0Prenatal DUO\u00a0jest zawarto\u015b\u0107\u00a0choliny. Bierze ona udzia\u0142 w przewodzeniu impuls\u00f3w nerwowych, dzi\u0119ki czemu wspomaga rozw\u00f3j i funkcjonowanie uk\u0142adu nerwowego p\u0142odu.5\u00a0Cholina usprawnia transport DHA do \u0142o\u017cyska\u00a0i poprawia jego ukrwienie. To przek\u0142ada si\u0119 na efektywniejszy transport sk\u0142adnik\u00f3w od\u017cywczych i tlenu do p\u0142odu.5Jod\u00a0odpowiada za prawid\u0142owe funkcjonowanie uk\u0142adu nerwowego dziecka i wraz z \u017celazem wspiera jego rozw\u00f3j umys\u0142owy6-9.Folactiv\u00a0to podw\u00f3jne \u017ar\u00f3d\u0142o folian\u00f3w wspieraj\u0105ce podzia\u0142y kom\u00f3rkowe, istotne dla wzrastania p\u0142odu. Dodatek Folactiv jest szczeg\u00f3lnie korzystny dla os\u00f3b z wolniejszym metabolizmem kwasu foliowego. Dotyczy to co drugiej kobiety w Polsce.10Metylokobalamina\u00a0to gotowa forma witaminy B12, kt\u00f3ra warunkuje wykorzystanie kwasu foliowego oraz wspiera syntez\u0119 DNA p\u0142odu.Cholina\u00a0wraz z\u00a0Folactiv\u00a0i\u00a0witaminami B12\u00a0i B6\u00a0wspomagaj\u0105 utrzymanie prawid\u0142owego metabolizmu homocysteiny. Obni\u017cenie st\u0119\u017cenia tego zwi\u0105zku we krwi matki ma korzystny wp\u0142yw na przebieg ci\u0105\u017cy i zdrowie dziecka.11Witamina D\u00a0wspiera rozw\u00f3j ko\u015bci i z\u0119b\u00f3w dziecka12\u00a0oraz korzystnie wp\u0142ywa na odporno\u015b\u0107. Jest tak\u017ce wa\u017cna w procesach podzia\u0142\u00f3w kom\u00f3rkowych odpowiadaj\u0105cych za prawid\u0142ow\u0105 mas\u0119 urodzeniow\u0105 dziecka oraz rozw\u00f3j istotnych organ\u00f3w12.Zmniejszenie ryzyka rozwoju alergii u dziecka\u00a0Niedobory DHA w diecie matki mog\u0105 zaburza\u0107 r\u00f3wnowag\u0119 w uk\u0142adzie odporno\u015bciowym, co wp\u0142ywa na powstawanie alergii u dzieci (np. alergia na bia\u0142ko jaja kurzego, egzemy)13,14.Profilaktyka niedokrwisto\u015bci i porodu przedwczesnegoPo\u0142\u0105czenie\u00a0\u017celaza z Folactiv\u00a0i\u00a0witaminami B6, B12\u00a0aktywnie wspiera procesy krwiotworzenia. Optymalna dawka \u017celaza redukuje ryzyko niedokrwisto\u015bci oraz zaburze\u0144 rozwoju u dziecka. Rekomendacje dotycz\u0105ce wp\u0142ywu\u00a0DHA\u00a0na redukcje porodu przedwczesnego zalecaj\u0105 stosowanie dawki DHA nie mniejszej ni\u017c 600 mg\/dzie\u0144 ze wzgl\u0119du na niskie spo\u017cycie tego kwasu t\u0142uszczowego w populacji polskiej3. Kobiety z grupy wysokiego ryzyka porodu przedwczesnego powinny przyjmowa\u0107 1000 mg.3                            <\/p>\n<p>Spos\u00f3b u\u017cycia:Najlepiej przyjmowa\u0107 jedn\u0105 tabletk\u0119 dziennie w trakcie posi\u0142ku. Przy zwi\u0119kszonym zapotrzebowaniu spos\u00f3b u\u017cycia nale\u017cy skonsultowa\u0107 z lekarzem. Zr\u00f3wnowa\u017cony spos\u00f3b \u017cywienia i prawid\u0142owy tryb \u017cycia jest wa\u017cny dla funkcjonowania organizmu kobiety. Korzystne dzia\u0142anie sk\u0142adnik\u00f3w preparatu, o kt\u00f3rym m\u00f3wi\u0105 o\u015bwiadczenia zdrowotne wynika z odpowiedniej ilo\u015bci sk\u0142adnik\u00f3w aktywnych stosowanych zgodnie ze sposobem u\u017cycia.Przeciwwskazania:Nadwra\u017cliwo\u015b\u0107 na kt\u00f3rykolwiek ze sk\u0142adnik\u00f3w preparatu. Niewyr\u00f3wnana nadczynno\u015b\u0107 tarczycy.Wa\u017cna informacja:Produkt przyjmowany pod nadzorem lekarza.Przechowywanie:Przechowywa\u0107 w temperaturze pokojowej, w suchym miejscu niedost\u0119pnym dla ma\u0142ych dzieci.<\/p>\n<h2>Prenatal DUO Classic 30 tabletek + DHA 60 tabletek HOLBEX<\/h2>\n<p>wierszyki o marzannie, sing 2 multikino, ciekawe zagadki, prezent na 1 urodziny, ale kino program, psi patrol do druku, wzory zaprosze\u0144 zaproszenie na urodziny szablon do druku, prezent dla roczniaka, imie nadia, dalia imi\u0119, zagadki logiczne z odpowiedziami, bajki do czytania, wiosenne zagadki, aurelia, kubu\u015b puchatek cytaty<\/p>\n<p>yyyyy<\/p>\n<p>&nbsp;<\/p>\n","protected":false},"excerpt":{"rendered":"<p>PRENATAL DUO Prenatal \u00a0Duo jest unikalnym preparatem polecanym kobietom w okresie od 13 tygodnia \u00a0ci\u0105\u017cy do ko\u0144ca o \u00a0karmienia piersi\u0105.Sk\u0142ada si\u0119 z dw\u00f3ch preparat\u00f3w \u2013 Prenatal Classic oraz Prenatal DHA 600. Zawiera cholin\u0119 oraz kompleks niezb\u0119dnych sk\u0142adnik\u00f3w, wyselekcjonowanych pod wzgl\u0119dem \u00a0korzystnego wp\u0142ywu na matk\u0119 i dziecko w odpowiednio wysokich dawkach rekomendowanych przez PTG. Prenatal Duo [&hellip;]<\/p>\n","protected":false},"featured_media":528,"comment_status":"closed","ping_status":"open","template":"","meta":[],"product_cat":[206,205],"product_tag":[772,847,757,607,820],"class_list":["post-527","product","type-product","status-publish","has-post-thumbnail","hentry","product_cat-ciaza-i-macierzynstwo","product_cat-holbex","product_tag-45-panstw-europy-i-ich-stolice-quiz","product_tag-kolorowanki-pokemon","product_tag-test-z-lektury-ania-z-zielonego-wzgorza-klasa-6-z-odpowiedziami","product_tag-zarty-na-prima-aprilis-dla-rodzicow","product_tag-ziemia-wyspa-zielona-tekst"],"_links":{"self":[{"href":"http:\/\/klubmamgdynia.pl\/index.php\/wp-json\/wp\/v2\/product\/527","targetHints":{"allow":["GET"]}}],"collection":[{"href":"http:\/\/klubmamgdynia.pl\/index.php\/wp-json\/wp\/v2\/product"}],"about":[{"href":"http:\/\/klubmamgdynia.pl\/index.php\/wp-json\/wp\/v2\/types\/product"}],"replies":[{"embeddable":true,"href":"http:\/\/klubmamgdynia.pl\/index.php\/wp-json\/wp\/v2\/comments?post=527"}],"wp:featuredmedia":[{"embeddable":true,"href":"http:\/\/klubmamgdynia.pl\/index.php\/wp-json\/wp\/v2\/media\/528"}],"wp:attachment":[{"href":"http:\/\/klubmamgdynia.pl\/index.php\/wp-json\/wp\/v2\/media?parent=527"}],"wp:term":[{"taxonomy":"product_cat","embeddable":true,"href":"http:\/\/klubmamgdynia.pl\/index.php\/wp-json\/wp\/v2\/product_cat?post=527"},{"taxonomy":"product_tag","embeddable":true,"href":"http:\/\/klubmamgdynia.pl\/index.php\/wp-json\/wp\/v2\/product_tag?post=527"}],"curies":[{"name":"wp","href":"https:\/\/api.w.org\/{rel}","templated":true}]}}