{"id":5277,"date":"2013-05-23T16:59:04","date_gmt":"2013-05-23T14:59:04","guid":{"rendered":"http:\/\/klubmamgdynia.pl\/index.php\/produkt\/rycerski-topor-wojenny-brelok-do-kluczykow-aj1026-5903981110261\/"},"modified":"2026-04-06T17:48:05","modified_gmt":"2026-04-06T15:48:05","slug":"rycerski-topor-wojenny-brelok-do-kluczykow-aj1026-5903981110261","status":"publish","type":"product","link":"http:\/\/klubmamgdynia.pl\/index.php\/produkt\/rycerski-topor-wojenny-brelok-do-kluczykow-aj1026-5903981110261\/","title":{"rendered":"Rycerski Top\u00f3r Wojenny Brelok Do Kluczyk\u00f3w Aj1026 (5903981110261)"},"content":{"rendered":"<p>Breloczek Top\u00f3rbro\u0144Cena: 11,90 z\u0142\u2714 Produkt jest dost\u0119pny\u2714 Polska marka\u2714 Fabryczne opakowanieProdukt jest ca\u0142kowicie nowy.Breloczek w kszta\u0142cie zdobionego topora.Wykonany jest z metalu w kolorze ciemnego srebra.Zawieszony na obrotowym \u0142\u0105czniku.Mocne, spr\u0119\u017cynuj\u0105ce k\u00f3\u0142ko b\u0119d\u0105ce zapi\u0119ciem.InformacjeMarka: JubileoKod produktu: aj1026Kraj produkcji: PolskaMateria\u0142: metal nieszlachetny koloru starego srebraD\u0142ugo\u015b\u0107 zawieszki: 5,2 cmSzeroko\u015b\u0107 zawieszki: 1,9 cmD\u0142ugo\u015b\u0107 ca\u0142kowita: 10,7 cmTyp zapi\u0119cia: k\u00f3\u0142ko spr\u0119\u017cynuj\u0105ceWaga: 10.88 g\u00a9 JubileoAUCTIONSID1969<\/p>\n<h2>Rycerski Top\u00f3r Wojenny Brelok Do Kluczyk\u00f3w Aj1026 (5903981110261) Inny<\/h2>\n<p>pa\u0144stwa europy i ich stolice quiz, kiekrz, fajne \u017carty na prima aprilis, quiz z bajek, zaj\u0105czek z jajka ugotowanego, bajki do czytania dla niemowl\u0105t, quiz o psie kt\u00f3ry je\u017adzi\u0142 kolej\u0105, test opowie\u015bci z narnii lew czarownica i stara szafa do druku, podchwytliwe zagadki matematyczne, tr\u00f3jmiasto atrakcje dla dzieci, szablony do wyklejania plastelin\u0105<\/p>\n<p>yyyyy<\/p>\n<p>&nbsp;<\/p>\n","protected":false},"excerpt":{"rendered":"<p>Breloczek Top\u00f3rbro\u0144Cena: 11,90 z\u0142\u2714 Produkt jest dost\u0119pny\u2714 Polska marka\u2714 Fabryczne opakowanieProdukt jest ca\u0142kowicie nowy.Breloczek w kszta\u0142cie zdobionego topora.Wykonany jest z metalu w kolorze ciemnego srebra.Zawieszony na obrotowym \u0142\u0105czniku.Mocne, spr\u0119\u017cynuj\u0105ce k\u00f3\u0142ko b\u0119d\u0105ce zapi\u0119ciem.InformacjeMarka: JubileoKod produktu: aj1026Kraj produkcji: PolskaMateria\u0142: metal nieszlachetny koloru starego srebraD\u0142ugo\u015b\u0107 zawieszki: 5,2 cmSzeroko\u015b\u0107 zawieszki: 1,9 cmD\u0142ugo\u015b\u0107 ca\u0142kowita: 10,7 cmTyp zapi\u0119cia: k\u00f3\u0142ko spr\u0119\u017cynuj\u0105ceWaga: 10.88 [&hellip;]<\/p>\n","protected":false},"featured_media":5278,"comment_status":"closed","ping_status":"open","template":"","meta":[],"product_cat":[482,169],"product_tag":[680,630,627,779],"class_list":["post-5277","product","type-product","status-publish","has-post-thumbnail","hentry","product_cat-gadzety","product_cat-inny","product_tag-cytaty-z-malego-ksiecia","product_tag-podchwytliwe-zagadki-z-odpowiedziami","product_tag-quiz-dzieci-z-bullerbyn","product_tag-zarty-na-prima-aprilis-w-domu"],"_links":{"self":[{"href":"http:\/\/klubmamgdynia.pl\/index.php\/wp-json\/wp\/v2\/product\/5277","targetHints":{"allow":["GET"]}}],"collection":[{"href":"http:\/\/klubmamgdynia.pl\/index.php\/wp-json\/wp\/v2\/product"}],"about":[{"href":"http:\/\/klubmamgdynia.pl\/index.php\/wp-json\/wp\/v2\/types\/product"}],"replies":[{"embeddable":true,"href":"http:\/\/klubmamgdynia.pl\/index.php\/wp-json\/wp\/v2\/comments?post=5277"}],"wp:featuredmedia":[{"embeddable":true,"href":"http:\/\/klubmamgdynia.pl\/index.php\/wp-json\/wp\/v2\/media\/5278"}],"wp:attachment":[{"href":"http:\/\/klubmamgdynia.pl\/index.php\/wp-json\/wp\/v2\/media?parent=5277"}],"wp:term":[{"taxonomy":"product_cat","embeddable":true,"href":"http:\/\/klubmamgdynia.pl\/index.php\/wp-json\/wp\/v2\/product_cat?post=5277"},{"taxonomy":"product_tag","embeddable":true,"href":"http:\/\/klubmamgdynia.pl\/index.php\/wp-json\/wp\/v2\/product_tag?post=5277"}],"curies":[{"name":"wp","href":"https:\/\/api.w.org\/{rel}","templated":true}]}}