{"id":5293,"date":"2015-05-31T22:58:37","date_gmt":"2015-05-31T20:58:37","guid":{"rendered":"http:\/\/klubmamgdynia.pl\/index.php\/produkt\/mistrall-kamizelka-wypornosciowa-ratunkowa-roz-l-am-6009457\/"},"modified":"2026-04-05T19:09:48","modified_gmt":"2026-04-05T17:09:48","slug":"mistrall-kamizelka-wypornosciowa-ratunkowa-roz-l-am-6009457","status":"publish","type":"product","link":"http:\/\/klubmamgdynia.pl\/index.php\/produkt\/mistrall-kamizelka-wypornosciowa-ratunkowa-roz-l-am-6009457\/","title":{"rendered":"Mistrall Kamizelka Wyporno\u015bciowa Ratunkowa Roz L Am-6009457"},"content":{"rendered":"<p>Kamizelka Mistrall Wyporno\u015bciowa P\u0142ywaj\u0105ca Rozm L<\/p>\n<h2>Mistrall Kamizelka Wyporno\u015bciowa Ratunkowa Roz L Am-6009457 Mistrall<\/h2>\n<p>plan lekcji do druku, kajko i kokosz szko\u0142a latania test z odpowiedziami, jak narysowa\u0107 psa krok po kroku, dziewczynka z parku pytania i odpowiedzi, kolorowanka spiderman, pola imie, jagna, irma, ozdoby choinkowe dla dzieci, lody kolorowanka, wzory dyplom\u00f3w dyplomy do druku, zaproszenie na urodziny dziecka tekst do druku<\/p>\n<p>yyyyy<\/p>\n<p>&nbsp;<\/p>\n","protected":false},"excerpt":{"rendered":"<p>Kamizelka Mistrall Wyporno\u015bciowa P\u0142ywaj\u0105ca Rozm L Mistrall Kamizelka Wyporno\u015bciowa Ratunkowa Roz L Am-6009457 Mistrall plan lekcji do druku, kajko i kokosz szko\u0142a latania test z odpowiedziami, jak narysowa\u0107 psa krok po kroku, dziewczynka z parku pytania i odpowiedzi, kolorowanka spiderman, pola imie, jagna, irma, ozdoby choinkowe dla dzieci, lody kolorowanka, wzory dyplom\u00f3w dyplomy do druku, [&hellip;]<\/p>\n","protected":false},"featured_media":5294,"comment_status":"closed","ping_status":"open","template":"","meta":[],"product_cat":[1329,1330],"product_tag":[772,829,622,584,826],"class_list":["post-5293","product","type-product","status-publish","has-post-thumbnail","hentry","product_cat-mistrall","product_cat-odziez-wedkarska","product_tag-45-panstw-europy-i-ich-stolice-quiz","product_tag-bajki-do-czytania-na-dobranoc","product_tag-fajne-zagadki","product_tag-liwia","product_tag-prezent-dla-15-latka"],"_links":{"self":[{"href":"http:\/\/klubmamgdynia.pl\/index.php\/wp-json\/wp\/v2\/product\/5293","targetHints":{"allow":["GET"]}}],"collection":[{"href":"http:\/\/klubmamgdynia.pl\/index.php\/wp-json\/wp\/v2\/product"}],"about":[{"href":"http:\/\/klubmamgdynia.pl\/index.php\/wp-json\/wp\/v2\/types\/product"}],"replies":[{"embeddable":true,"href":"http:\/\/klubmamgdynia.pl\/index.php\/wp-json\/wp\/v2\/comments?post=5293"}],"wp:featuredmedia":[{"embeddable":true,"href":"http:\/\/klubmamgdynia.pl\/index.php\/wp-json\/wp\/v2\/media\/5294"}],"wp:attachment":[{"href":"http:\/\/klubmamgdynia.pl\/index.php\/wp-json\/wp\/v2\/media?parent=5293"}],"wp:term":[{"taxonomy":"product_cat","embeddable":true,"href":"http:\/\/klubmamgdynia.pl\/index.php\/wp-json\/wp\/v2\/product_cat?post=5293"},{"taxonomy":"product_tag","embeddable":true,"href":"http:\/\/klubmamgdynia.pl\/index.php\/wp-json\/wp\/v2\/product_tag?post=5293"}],"curies":[{"name":"wp","href":"https:\/\/api.w.org\/{rel}","templated":true}]}}