{"id":5297,"date":"2013-01-28T16:52:36","date_gmt":"2013-01-28T15:52:36","guid":{"rendered":"http:\/\/klubmamgdynia.pl\/index.php\/produkt\/bayer-chic-2000-tandem-buggy-vario-unicorn\/"},"modified":"2026-05-17T22:21:05","modified_gmt":"2026-05-17T20:21:05","slug":"bayer-chic-2000-tandem-buggy-vario-unicorn","status":"publish","type":"product","link":"http:\/\/klubmamgdynia.pl\/index.php\/produkt\/bayer-chic-2000-tandem-buggy-vario-unicorn\/","title":{"rendered":"Bayer Chic 2000 Tandem Buggy Vario Unicorn"},"content":{"rendered":"<p>Szczeg\u00f3\u0142y produktu: Wiek: od 3 lat Modern podw\u00f3jny w\u00f3zek dzieci\u0119cy z dwoma zdejmowanymi siedzeniami sportowymi, kt\u00f3re mo\u017cna regulowa\u0107 do pozycji le\u017c\u0105cej Skr\u0119canie jest dziecinnie proste dzi\u0119ki skr\u0119tnym przednim ko\u0142om. Regulowana wysoko\u015b\u0107 uchwytu do pchania od ok. 55 do 84 cm dostosowuje si\u0119 do wzrostu dziecka. W du\u017cej siatce baga\u017cowej mo\u017cna przewie\u017a\u0107 wiele akcesori\u00f3w. Rama mo\u017ce by\u0107 z\u0142o\u017cona na p\u0142asko Odpowiedni dla lalek do 50 cm Wymiary i waga: Wymiary (d\u0142ugo\u015b\u0107 x szeroko\u015b\u0107 x wysoko\u015b\u0107): 71 x 43 x 79 cm Waga: 4,1 kg Materia\u0142 i piel\u0119gnacja: Materia\u0142: stal, poliester, tworzywo sztuczne<\/p>\n<h2>Bayer Chic 2000 Tandem Buggy Vario Unicorn Bayer Chic<\/h2>\n<p>konkurs dla dzieci, wzruszaj\u0105ce s\u0142owa dla przyjaci\u00f3\u0142ki, cytaty o nauczycielach, pokemon kolorowanki, zagadki logiczne matematyczne dla dzieci, znaczenie imiona marcel, cytaty dzie\u0144 nauczyciela, prezent dla nastoletniego ch\u0142opca<\/p>\n<p>yyyyy<\/p>\n<p>&nbsp;<\/p>\n","protected":false},"excerpt":{"rendered":"<p>Szczeg\u00f3\u0142y produktu: Wiek: od 3 lat Modern podw\u00f3jny w\u00f3zek dzieci\u0119cy z dwoma zdejmowanymi siedzeniami sportowymi, kt\u00f3re mo\u017cna regulowa\u0107 do pozycji le\u017c\u0105cej Skr\u0119canie jest dziecinnie proste dzi\u0119ki skr\u0119tnym przednim ko\u0142om. Regulowana wysoko\u015b\u0107 uchwytu do pchania od ok. 55 do 84 cm dostosowuje si\u0119 do wzrostu dziecka. W du\u017cej siatce baga\u017cowej mo\u017cna przewie\u017a\u0107 wiele akcesori\u00f3w. Rama mo\u017ce [&hellip;]<\/p>\n","protected":false},"featured_media":5298,"comment_status":"closed","ping_status":"open","template":"","meta":[],"product_cat":[1281,1098],"product_tag":[676,612,749,757,577],"class_list":["post-5297","product","type-product","status-publish","has-post-thumbnail","hentry","product_cat-bayer-chic","product_cat-wozki-dla-lalek","product_tag-bursztynek","product_tag-kolorowanki-do-druku","product_tag-najlepsze-zarty-na-prima-aprilis","product_tag-test-z-lektury-ania-z-zielonego-wzgorza-klasa-6-z-odpowiedziami","product_tag-znaki-drogowe-test"],"_links":{"self":[{"href":"http:\/\/klubmamgdynia.pl\/index.php\/wp-json\/wp\/v2\/product\/5297","targetHints":{"allow":["GET"]}}],"collection":[{"href":"http:\/\/klubmamgdynia.pl\/index.php\/wp-json\/wp\/v2\/product"}],"about":[{"href":"http:\/\/klubmamgdynia.pl\/index.php\/wp-json\/wp\/v2\/types\/product"}],"replies":[{"embeddable":true,"href":"http:\/\/klubmamgdynia.pl\/index.php\/wp-json\/wp\/v2\/comments?post=5297"}],"wp:featuredmedia":[{"embeddable":true,"href":"http:\/\/klubmamgdynia.pl\/index.php\/wp-json\/wp\/v2\/media\/5298"}],"wp:attachment":[{"href":"http:\/\/klubmamgdynia.pl\/index.php\/wp-json\/wp\/v2\/media?parent=5297"}],"wp:term":[{"taxonomy":"product_cat","embeddable":true,"href":"http:\/\/klubmamgdynia.pl\/index.php\/wp-json\/wp\/v2\/product_cat?post=5297"},{"taxonomy":"product_tag","embeddable":true,"href":"http:\/\/klubmamgdynia.pl\/index.php\/wp-json\/wp\/v2\/product_tag?post=5297"}],"curies":[{"name":"wp","href":"https:\/\/api.w.org\/{rel}","templated":true}]}}