{"id":5299,"date":"2012-07-20T17:54:46","date_gmt":"2012-07-20T15:54:46","guid":{"rendered":"http:\/\/klubmamgdynia.pl\/index.php\/produkt\/landtoys-glowa-lalki-do-czesania-stylizacji-wlosow-lt347\/"},"modified":"2026-04-23T05:59:20","modified_gmt":"2026-04-23T03:59:20","slug":"landtoys-glowa-lalki-do-czesania-stylizacji-wlosow-lt347","status":"publish","type":"product","link":"http:\/\/klubmamgdynia.pl\/index.php\/produkt\/landtoys-glowa-lalki-do-czesania-stylizacji-wlosow-lt347\/","title":{"rendered":"Landtoys G\u0142owa Lalki Do Czesania Stylizacji W\u0142os\u00f3w (LT347)"},"content":{"rendered":"<p>Masz w domu ma\u0142\u0105 fryzjerk\u0119, kt\u00f3ra przy ka\u017cdej nadarzaj\u0105cej si\u0119 okazji chwyta za grzebie\u0144 i tworzy wymy\u015blne fryzury domownikom? Je\u015bli tak to zabawka do czesania w formie lalki b\u0119dzie \u015bwietnym rozwi\u0105zaniem. Zabawka ta z pewno\u015bci\u0105 przypadnie do gustu wszystkim dziewczynkom, kt\u00f3re maj\u0105 w sobie artystyczn\u0105 dusz\u0119, a przy tym uwielbiaj\u0105 lalki. Dzi\u0119ki takiej zabawie Twoje dziecko nie tylko fantastycznie sp\u0119dzi czas, ale dodatkowo stale b\u0119dzie rozwija\u0107 swoje zdolno\u015bci manualne poprzez czesanie oraz wpinanie ozd\u00f3b we w\u0142osy. Przy w\u0142osach laleczki dzieci\u0119cej nie musisz obawia\u0107 si\u0119 ich wyrwania, co zapewne nie raz jako rodzic mog\u0142e\u015b poczu\u0107 na w\u0142asnej sk\u00f3rze. Twoja ma\u0142a fryzjerka b\u0119dzie mog\u0142a od teraz komponowa\u0107 pi\u0119kne fryzury bez ogranicze\u0144, rozwijaj\u0105c swoje zainteresowania oraz kreatywno\u015b\u0107, kt\u00f3rej wymaga to zadanie. Z tym zestawem dziecko nie b\u0119dzie mia\u0142o problemu nie tylko z samodzieln\u0105 zabaw\u0105, ale te\u017c z zaanga\u017cowaniem w ni\u0105 rodziny czy przyjaci\u00f3\u0142? A mo\u017ce uda si\u0119 zaszczepi\u0107 w dziewczynce pasj\u0119 do fryzjerstwa albo przynajmniej przekona\u0107 j\u0105 do czesania jej w\u0142os\u00f3w, co u wi\u0119kszo\u015bci dziewczynek bywa k\u0142opotliwe? Pi\u0119kna lalka do czesania i stylizacji fryzur. Zestaw do stylizacji fryzur zawiera nie tylko g\u0142ow\u0119 lalki, ale tak\u017ce kilka niezb\u0119dnych dla ma\u0142ej fryzjerki narz\u0119dzi. W ich sk\u0142ad wchodz\u0105 \u015bliczne spinki, pi\u0119kne gumeczki, oraz uroczy, r\u00f3\u017cowy grzebie\u0144, kt\u00f3ry idealnie nadaje si\u0119 do delikatnych w\u0142os\u00f3w laleczki. Zestaw zawiera: g\u0142owa do stylizacji w\u0142os\u00f3w, r\u00f3\u017cowa szczotka do w\u0142os\u00f3w, 2 gumki z kwiatuszkiem, 2 spineczki kokardki 2 grube gumki, 3 cienkie gumki, per\u0142ow\u0105 bransoletk\u0119.<\/p>\n<h2>Landtoys G\u0142owa Lalki Do Czesania Stylizacji W\u0142os\u00f3w (LT347) LandToys<\/h2>\n<p>kr\u00f3tkie bajki do czytania na dobranoc, bajki terapeutyczne o emocjach, aniela imie, traktor do druku, zagadki dla dzieci z odpowiedziami, ka\u0142u\u017cy\u015bci, miasto dzieci.pl, miko\u0142ajkowe zabawy, dalia imi\u0119, kolorowanki dla dziewczynek do druku, bajki dla niemowl\u0105t do czytania, szablony postacie do szopki do druku, psi patrol zadania do druku<\/p>\n<p>yyyyy<\/p>\n<p>&nbsp;<\/p>\n","protected":false},"excerpt":{"rendered":"<p>Masz w domu ma\u0142\u0105 fryzjerk\u0119, kt\u00f3ra przy ka\u017cdej nadarzaj\u0105cej si\u0119 okazji chwyta za grzebie\u0144 i tworzy wymy\u015blne fryzury domownikom? Je\u015bli tak to zabawka do czesania w formie lalki b\u0119dzie \u015bwietnym rozwi\u0105zaniem. Zabawka ta z pewno\u015bci\u0105 przypadnie do gustu wszystkim dziewczynkom, kt\u00f3re maj\u0105 w sobie artystyczn\u0105 dusz\u0119, a przy tym uwielbiaj\u0105 lalki. Dzi\u0119ki takiej zabawie Twoje [&hellip;]<\/p>\n","protected":false},"featured_media":5300,"comment_status":"closed","ping_status":"open","template":"","meta":[],"product_cat":[1298,144],"product_tag":[871,775,818,596,640],"class_list":["post-5299","product","type-product","status-publish","has-post-thumbnail","hentry","product_cat-glowy-do-czesania-i-stylizacji","product_cat-landtoys","product_tag-bajka-o-smoku-wawelskim","product_tag-kolorowanki-do-druku-pokemon","product_tag-oliwier","product_tag-pomysly-na-prima-aprilis","product_tag-prezent-dla-rocznej-dziewczynki"],"_links":{"self":[{"href":"http:\/\/klubmamgdynia.pl\/index.php\/wp-json\/wp\/v2\/product\/5299","targetHints":{"allow":["GET"]}}],"collection":[{"href":"http:\/\/klubmamgdynia.pl\/index.php\/wp-json\/wp\/v2\/product"}],"about":[{"href":"http:\/\/klubmamgdynia.pl\/index.php\/wp-json\/wp\/v2\/types\/product"}],"replies":[{"embeddable":true,"href":"http:\/\/klubmamgdynia.pl\/index.php\/wp-json\/wp\/v2\/comments?post=5299"}],"wp:featuredmedia":[{"embeddable":true,"href":"http:\/\/klubmamgdynia.pl\/index.php\/wp-json\/wp\/v2\/media\/5300"}],"wp:attachment":[{"href":"http:\/\/klubmamgdynia.pl\/index.php\/wp-json\/wp\/v2\/media?parent=5299"}],"wp:term":[{"taxonomy":"product_cat","embeddable":true,"href":"http:\/\/klubmamgdynia.pl\/index.php\/wp-json\/wp\/v2\/product_cat?post=5299"},{"taxonomy":"product_tag","embeddable":true,"href":"http:\/\/klubmamgdynia.pl\/index.php\/wp-json\/wp\/v2\/product_tag?post=5299"}],"curies":[{"name":"wp","href":"https:\/\/api.w.org\/{rel}","templated":true}]}}