{"id":5303,"date":"2020-04-18T12:43:59","date_gmt":"2020-04-18T10:43:59","guid":{"rendered":"http:\/\/klubmamgdynia.pl\/index.php\/produkt\/lumes-niebieska-lampka-nocna-dla-chlopca-z-przewodem-k043-acar\/"},"modified":"2026-04-03T22:24:57","modified_gmt":"2026-04-03T20:24:57","slug":"lumes-niebieska-lampka-nocna-dla-chlopca-z-przewodem-k043-acar","status":"publish","type":"product","link":"http:\/\/klubmamgdynia.pl\/index.php\/produkt\/lumes-niebieska-lampka-nocna-dla-chlopca-z-przewodem-k043-acar\/","title":{"rendered":"Lumes Niebieska Lampka Nocna Dla Ch\u0142opca Z Przewodem K043 Acar"},"content":{"rendered":"<h2>Lumes Niebieska Lampka Nocna Dla Ch\u0142opca Z Przewodem K043 Acar <\/h2>\n<p>\u0142\u00f3d\u017a atrakcje dla dzieci, glupie zagadki, marcel imi\u0119, bajki dla dzieci od 7 do 10 lat, zaproszenia na urodziny do druku, malgorzata imi\u0119, zagadki logiczne dla doros\u0142ych, zagadki matematyczne dla dzieci, zabawka na roczek dla dziewczynki, quiz felix net i nika oraz gang niewidzialnych ludzi, bezpieczne kosmetyki do makija\u017cu dla dzieci, co na prezent dla nastolatk\u00f3w, zagadki wielkanocne do druku, kolorowe ciasto<\/p>\n<p>yyyyy<\/p>\n<p>&nbsp;<\/p>\n","protected":false},"excerpt":{"rendered":"<p>Lumes Niebieska Lampka Nocna Dla Ch\u0142opca Z Przewodem K043 Acar \u0142\u00f3d\u017a atrakcje dla dzieci, glupie zagadki, marcel imi\u0119, bajki dla dzieci od 7 do 10 lat, zaproszenia na urodziny do druku, malgorzata imi\u0119, zagadki logiczne dla doros\u0142ych, zagadki matematyczne dla dzieci, zabawka na roczek dla dziewczynki, quiz felix net i nika oraz gang niewidzialnych ludzi, [&hellip;]<\/p>\n","protected":false},"featured_media":5304,"comment_status":"closed","ping_status":"open","template":"","meta":[],"product_cat":[138],"product_tag":[622,617,630,586],"class_list":["post-5303","product","type-product","status-publish","has-post-thumbnail","hentry","product_cat-lampki-dzieciece","product_tag-fajne-zagadki","product_tag-keyword","product_tag-podchwytliwe-zagadki-z-odpowiedziami","product_tag-smieszne-zagadki"],"_links":{"self":[{"href":"http:\/\/klubmamgdynia.pl\/index.php\/wp-json\/wp\/v2\/product\/5303","targetHints":{"allow":["GET"]}}],"collection":[{"href":"http:\/\/klubmamgdynia.pl\/index.php\/wp-json\/wp\/v2\/product"}],"about":[{"href":"http:\/\/klubmamgdynia.pl\/index.php\/wp-json\/wp\/v2\/types\/product"}],"replies":[{"embeddable":true,"href":"http:\/\/klubmamgdynia.pl\/index.php\/wp-json\/wp\/v2\/comments?post=5303"}],"wp:featuredmedia":[{"embeddable":true,"href":"http:\/\/klubmamgdynia.pl\/index.php\/wp-json\/wp\/v2\/media\/5304"}],"wp:attachment":[{"href":"http:\/\/klubmamgdynia.pl\/index.php\/wp-json\/wp\/v2\/media?parent=5303"}],"wp:term":[{"taxonomy":"product_cat","embeddable":true,"href":"http:\/\/klubmamgdynia.pl\/index.php\/wp-json\/wp\/v2\/product_cat?post=5303"},{"taxonomy":"product_tag","embeddable":true,"href":"http:\/\/klubmamgdynia.pl\/index.php\/wp-json\/wp\/v2\/product_tag?post=5303"}],"curies":[{"name":"wp","href":"https:\/\/api.w.org\/{rel}","templated":true}]}}