{"id":5341,"date":"2024-08-03T00:02:20","date_gmt":"2024-08-02T22:02:20","guid":{"rendered":"http:\/\/klubmamgdynia.pl\/?post_type=product&#038;p=5341"},"modified":"2026-05-17T22:38:57","modified_gmt":"2026-05-17T20:38:57","slug":"babymam-kokon-niemowlecy-gniazdo-kojec-minky-7-el","status":"publish","type":"product","link":"http:\/\/klubmamgdynia.pl\/index.php\/produkt\/babymam-kokon-niemowlecy-gniazdo-kojec-minky-7-el\/","title":{"rendered":"Babymam Kokon Niemowl\u0119cy Gniazdo Kojec Minky 7 El."},"content":{"rendered":"<p>Babymam Kokon Niemowl\u0119cy Gniazdo Kojec Minky 7 El.<\/p>\n<h2>Babymam Kokon Niemowl\u0119cy Gniazdo Kojec Minky 7 El. Inny<\/h2>\n<p>jak si\u0119 rysuje psa, kolorowanka harry potter, marianna, logiczne zagadki, felix net i nika oraz gang niewidzialnych ludzi pytania i odpowiedzi, prezent dla nastolatka<\/p>\n<p>yyyyy<\/p>\n<p>&nbsp;<\/p>\n","protected":false},"excerpt":{"rendered":"<p>Babymam Kokon Niemowl\u0119cy Gniazdo Kojec Minky 7 El. Babymam Kokon Niemowl\u0119cy Gniazdo Kojec Minky 7 El. Inny jak si\u0119 rysuje psa, kolorowanka harry potter, marianna, logiczne zagadki, felix net i nika oraz gang niewidzialnych ludzi pytania i odpowiedzi, prezent dla nastolatka yyyyy &nbsp;<\/p>\n","protected":false},"featured_media":5342,"comment_status":"closed","ping_status":"open","template":"","meta":[],"product_cat":[29,169],"product_tag":[848,784,796],"class_list":["post-5341","product","type-product","status-publish","has-post-thumbnail","hentry","product_cat-gniazda-i-kokony","product_cat-inny","product_tag-cytat-o-rodzinie","product_tag-hymn-gorniczy","product_tag-zagatki"],"_links":{"self":[{"href":"http:\/\/klubmamgdynia.pl\/index.php\/wp-json\/wp\/v2\/product\/5341","targetHints":{"allow":["GET"]}}],"collection":[{"href":"http:\/\/klubmamgdynia.pl\/index.php\/wp-json\/wp\/v2\/product"}],"about":[{"href":"http:\/\/klubmamgdynia.pl\/index.php\/wp-json\/wp\/v2\/types\/product"}],"replies":[{"embeddable":true,"href":"http:\/\/klubmamgdynia.pl\/index.php\/wp-json\/wp\/v2\/comments?post=5341"}],"wp:featuredmedia":[{"embeddable":true,"href":"http:\/\/klubmamgdynia.pl\/index.php\/wp-json\/wp\/v2\/media\/5342"}],"wp:attachment":[{"href":"http:\/\/klubmamgdynia.pl\/index.php\/wp-json\/wp\/v2\/media?parent=5341"}],"wp:term":[{"taxonomy":"product_cat","embeddable":true,"href":"http:\/\/klubmamgdynia.pl\/index.php\/wp-json\/wp\/v2\/product_cat?post=5341"},{"taxonomy":"product_tag","embeddable":true,"href":"http:\/\/klubmamgdynia.pl\/index.php\/wp-json\/wp\/v2\/product_tag?post=5341"}],"curies":[{"name":"wp","href":"https:\/\/api.w.org\/{rel}","templated":true}]}}