{"id":5349,"date":"2024-06-28T17:55:32","date_gmt":"2024-06-28T15:55:32","guid":{"rendered":"http:\/\/klubmamgdynia.pl\/?post_type=product&#038;p=5349"},"modified":"2026-04-06T11:31:33","modified_gmt":"2026-04-06T09:31:33","slug":"kinderfeets-chodzik-dla-dzieci-niebieski","status":"publish","type":"product","link":"http:\/\/klubmamgdynia.pl\/index.php\/produkt\/kinderfeets-chodzik-dla-dzieci-niebieski\/","title":{"rendered":"Kinderfeets Chodzik Dla Dzieci Niebieski"},"content":{"rendered":"<p>Urocza zabawka, kt\u00f3ra jest zar\u00f3wno chodzikiem, jak i doskona\u0142ym sposobem przechowywania drobnych przedmiot\u00f3w. Zabawka w modnym holenderskim stylu.Chodzik wspiera Twoje dziecko w stawianiu pierwszych krok\u00f3w. Szczeg\u00f3\u0142y: wymiary (D x SZ x W): 50 cm x 35 cm x 45 cm waga: 4,3 kg materia\u0142: drewno brzozowe gumowe ko\u0142a regulowane tylne ko\u0142a \u0142atwy monta\u017c maks. obci\u0105\u017cenie: 20 kg produkt przeznaczony dla dzieci od 12 miesi\u0105ca \u017cycia<\/p>\n<h2>Kinderfeets Chodzik Dla Dzieci Niebieski Kinderfeets<\/h2>\n<p>jad\u0105 jad\u0105 misie tekst, weso\u0142e pisanki tekst, kolorowanki do druku dla dziewczyn, gabriel, kolorowanki do druku peppa<\/p>\n<p>yyyyy<\/p>\n<p>&nbsp;<\/p>\n","protected":false},"excerpt":{"rendered":"<p>Urocza zabawka, kt\u00f3ra jest zar\u00f3wno chodzikiem, jak i doskona\u0142ym sposobem przechowywania drobnych przedmiot\u00f3w. Zabawka w modnym holenderskim stylu.Chodzik wspiera Twoje dziecko w stawianiu pierwszych krok\u00f3w. Szczeg\u00f3\u0142y: wymiary (D x SZ x W): 50 cm x 35 cm x 45 cm waga: 4,3 kg materia\u0142: drewno brzozowe gumowe ko\u0142a regulowane tylne ko\u0142a \u0142atwy monta\u017c maks. obci\u0105\u017cenie: [&hellip;]<\/p>\n","protected":false},"featured_media":5350,"comment_status":"closed","ping_status":"open","template":"","meta":[],"product_cat":[349,1333],"product_tag":[861,821,842,736,581,791],"class_list":["post-5349","product","type-product","status-publish","has-post-thumbnail","hentry","product_cat-chodziki","product_cat-kinderfeets","product_tag-jak-narysowac-psa","product_tag-marianna","product_tag-plac-zabaw-poznan","product_tag-zabawki-na-roczek","product_tag-zagadki-dla-8-latka","product_tag-zagadki-na-myslenie"],"_links":{"self":[{"href":"http:\/\/klubmamgdynia.pl\/index.php\/wp-json\/wp\/v2\/product\/5349","targetHints":{"allow":["GET"]}}],"collection":[{"href":"http:\/\/klubmamgdynia.pl\/index.php\/wp-json\/wp\/v2\/product"}],"about":[{"href":"http:\/\/klubmamgdynia.pl\/index.php\/wp-json\/wp\/v2\/types\/product"}],"replies":[{"embeddable":true,"href":"http:\/\/klubmamgdynia.pl\/index.php\/wp-json\/wp\/v2\/comments?post=5349"}],"wp:featuredmedia":[{"embeddable":true,"href":"http:\/\/klubmamgdynia.pl\/index.php\/wp-json\/wp\/v2\/media\/5350"}],"wp:attachment":[{"href":"http:\/\/klubmamgdynia.pl\/index.php\/wp-json\/wp\/v2\/media?parent=5349"}],"wp:term":[{"taxonomy":"product_cat","embeddable":true,"href":"http:\/\/klubmamgdynia.pl\/index.php\/wp-json\/wp\/v2\/product_cat?post=5349"},{"taxonomy":"product_tag","embeddable":true,"href":"http:\/\/klubmamgdynia.pl\/index.php\/wp-json\/wp\/v2\/product_tag?post=5349"}],"curies":[{"name":"wp","href":"https:\/\/api.w.org\/{rel}","templated":true}]}}