{"id":5355,"date":"2024-01-04T23:42:09","date_gmt":"2024-01-04T22:42:09","guid":{"rendered":"http:\/\/klubmamgdynia.pl\/?post_type=product&#038;p=5355"},"modified":"2026-04-20T16:11:54","modified_gmt":"2026-04-20T14:11:54","slug":"doris-lozeczko-dla-lalek-dwustronna-9381","status":"publish","type":"product","link":"http:\/\/klubmamgdynia.pl\/index.php\/produkt\/doris-lozeczko-dla-lalek-dwustronna-9381\/","title":{"rendered":"Doris \u0141\u00f3\u017ceczko Dla Lalek + Dwustronna (9381)"},"content":{"rendered":"<p>Fantastyczne \u0142\u00f3\u017ceczko dla lalek Doris urozmaici ka\u017cd\u0105 dzieci\u0119c\u0105 zabaw\u0119 z lal\u0105. Ka\u017cda laleczka b\u0119dzie zachwycona swoim nowym \u0142\u00f3\u017ceczkiem, w kt\u00f3rym zostanie utulona do snu po ca\u0142ym dniu zabawy. \u0141\u00f3\u017ceczko stanowi atrakcyjn\u0105 ozdob\u0119 dzieci\u0119cego pokoiku. Przedstawiamy doskona\u0142e \u0142\u00f3\u017ceczko turystyczne dla lalek, kt\u00f3re w bardzo prosty spos\u00f3b ca\u0142kowicie si\u0119 sk\u0142ada. \u0141\u00f3\u017ceczko zosta\u0142o stworzone pod k\u0105tem mo\u017cliwo\u015bci skompletowania z naszymi w\u00f3zkami, kt\u00f3re ciesz\u0105 si\u0119 wielk\u0105 uwag\u0105. Idealna propozycja dla dziewczynek lubi\u0105cych bawi\u0107 si\u0119 lalkami. Bardzo \u0142adna, \u017cywa kolorystyka na pewno spodoba si\u0119 ma\u0142ym mamom. \u0141\u00f3\u017ceczko jest umieszczone w specjalnej torbie z uszami, kt\u00f3ra u\u0142atwia przenoszenie. Odpowiednie dla lalek do 45cm. Dost\u0119pne w dw\u00f3ch wariantach kolorystycznych. W zestawie: &#8211; \u0142\u00f3\u017ceczko &#8211; dwustronna ko\u0142derka z poduszk\u0105 &#8211; torba do przenoszenia Wymiary po roz\u0142o\u017ceniu: d\u0142. 52cm, szer. 31cm, wys. 31cm. Wymiary opakowania: 32x10x9cm.<\/p>\n<h2>Doris \u0141\u00f3\u017ceczko Dla Lalek + Dwustronna (9381) Doris<\/h2>\n<p>co na prezent dla nastolatk\u00f3w, zagadki o wiosnie, kr\u00f3tkie bajki dla dzieci do czytania, auto kolorowanka, wzory dyplom\u00f3w do pobrania, r\u00f3\u017ca imie, co kupic dziewczynce na roczek, planety do druku dla dzieci, zagadki walentynkowe, zagadki zimowe dla dzieci, zaj\u0119cia kulinarne dla dzieci pomys\u0142y, imie aron, test z asiuni lektury, roczek prezent, kolorowanki do wydruku postacie z bajek, zagadki podchwytliwe, dawne ko\u0142ysanki teksty, cytaty o dzieciach, kolorowanka antystresowa<\/p>\n<p>yyyyy<\/p>\n<p>&nbsp;<\/p>\n","protected":false},"excerpt":{"rendered":"<p>Fantastyczne \u0142\u00f3\u017ceczko dla lalek Doris urozmaici ka\u017cd\u0105 dzieci\u0119c\u0105 zabaw\u0119 z lal\u0105. Ka\u017cda laleczka b\u0119dzie zachwycona swoim nowym \u0142\u00f3\u017ceczkiem, w kt\u00f3rym zostanie utulona do snu po ca\u0142ym dniu zabawy. \u0141\u00f3\u017ceczko stanowi atrakcyjn\u0105 ozdob\u0119 dzieci\u0119cego pokoiku. Przedstawiamy doskona\u0142e \u0142\u00f3\u017ceczko turystyczne dla lalek, kt\u00f3re w bardzo prosty spos\u00f3b ca\u0142kowicie si\u0119 sk\u0142ada. \u0141\u00f3\u017ceczko zosta\u0142o stworzone pod k\u0105tem mo\u017cliwo\u015bci skompletowania [&hellip;]<\/p>\n","protected":false},"featured_media":5356,"comment_status":"closed","ping_status":"open","template":"","meta":[],"product_cat":[172,338],"product_tag":[781,740,656,786,632,778],"class_list":["post-5355","product","type-product","status-publish","has-post-thumbnail","hentry","product_cat-akcesoria-dla-lalek","product_cat-doris","product_tag-cytaty-o-wychowaniu-dzieci","product_tag-fajne-prezenty-dla-nastolatkow","product_tag-kolorowanki-lol","product_tag-prezent-na-1-urodziny","product_tag-warszawa-atrakcje-dla-mlodziezy","product_tag-zabawki-na-roczek-dla-chlopca"],"_links":{"self":[{"href":"http:\/\/klubmamgdynia.pl\/index.php\/wp-json\/wp\/v2\/product\/5355","targetHints":{"allow":["GET"]}}],"collection":[{"href":"http:\/\/klubmamgdynia.pl\/index.php\/wp-json\/wp\/v2\/product"}],"about":[{"href":"http:\/\/klubmamgdynia.pl\/index.php\/wp-json\/wp\/v2\/types\/product"}],"replies":[{"embeddable":true,"href":"http:\/\/klubmamgdynia.pl\/index.php\/wp-json\/wp\/v2\/comments?post=5355"}],"wp:featuredmedia":[{"embeddable":true,"href":"http:\/\/klubmamgdynia.pl\/index.php\/wp-json\/wp\/v2\/media\/5356"}],"wp:attachment":[{"href":"http:\/\/klubmamgdynia.pl\/index.php\/wp-json\/wp\/v2\/media?parent=5355"}],"wp:term":[{"taxonomy":"product_cat","embeddable":true,"href":"http:\/\/klubmamgdynia.pl\/index.php\/wp-json\/wp\/v2\/product_cat?post=5355"},{"taxonomy":"product_tag","embeddable":true,"href":"http:\/\/klubmamgdynia.pl\/index.php\/wp-json\/wp\/v2\/product_tag?post=5355"}],"curies":[{"name":"wp","href":"https:\/\/api.w.org\/{rel}","templated":true}]}}