{"id":5363,"date":"2021-12-04T13:11:05","date_gmt":"2021-12-04T12:11:05","guid":{"rendered":"http:\/\/klubmamgdynia.pl\/index.php\/produkt\/lulabi-pojemniki-do-przechowywania-pokarmu-pomaranczowy-4szt\/"},"modified":"2026-05-17T22:03:11","modified_gmt":"2026-05-17T20:03:11","slug":"lulabi-pojemniki-do-przechowywania-pokarmu-pomaranczowy-4szt","status":"publish","type":"product","link":"http:\/\/klubmamgdynia.pl\/index.php\/produkt\/lulabi-pojemniki-do-przechowywania-pokarmu-pomaranczowy-4szt\/","title":{"rendered":"Lulabi Pojemniki Do Przechowywania Pokarmu Pomara\u0144czowy 4Szt."},"content":{"rendered":"<p>Pojemnk do przechowywania pokarmu pomo\u017ce uporz\u0105dkowa\u0107 zapasy mleka i jedzenia oraz zaoszcz\u0119dzi\u0107 miejsce zar\u00f3wno w lod\u00f3wce, jak i w zamra\u017carce. Umo\u017cliwia d\u0142ugotrwa\u0142e utrzymanie najwy\u017cszej jako\u015bci przechowywanych pokarm\u00f3w. Wykonany zosta\u0142 z materia\u0142u przeznaczonego do kontaktu z \u017cywno\u015bci\u0105. Pojemnik jest sk\u0142adany, dzi\u0119ki czemu zajmuje mniej miejsca w kuchni. W\u0142a\u015bciwo\u015bci produktu: idealny do przechowywania pokarmu i mleka wykonany zosta\u0142 z materia\u0142u przeznaczonego do kontaktu z \u017cywno\u015bci\u0105 sk\u0142adany, zajmuje ma\u0142o miejsca w kuchni odporny na niskie temperatury wolny od BPA Parametry techniczne: wiek: 0m+ waga produktu [kg]: 0.077 wymiary produktu [cm]: 8 x 8 x 11 Produkt w\u0142oskiej marki Lulabi powsta\u0142ej w 2013 roku, kt\u00f3ra w swojej ofercie posiada produkty dedykowane dzieciom od 0-5 roku \u017cycia. W\u015br\u00f3d bardzo szerokiej oferty marki znajdziemy m.in.: smoczki, butelki, fartuszki, \u015bliniaki, plecaczki a tak\u017ce talerzyki, kubeczki i sztu\u0107ce. Wszystkie produkty Lulabi spe\u0142niaj\u0105 europejskie normy bezpiecze\u0144stwa.<\/p>\n<h2>Lulabi Pojemniki Do Przechowywania Pokarmu Pomara\u0144czowy 4Szt. Lulabi<\/h2>\n<p>kolorowanka wr\u00f3\u017cka, quizy dla dzieci o zwierz\u0119tach, gwiazda do wydruku, bajka psi patrol do czytania, zagadki matematyczne dla dzieci, bajki dla dzieci na dobranoc do czytania, zagadki o wiosnie, basen dla dzieci warszawa, pomys\u0142 na roczek, bajeczki na dobranoc, zagatki matematyczne, bajka dla niemowlaka, opowie\u015bci z narni test, marianna, kolorowanki miasto, misie z film\u00f3w animowanych, lody kolorowanka, na wyspach bergamuta, melania imi\u0119, nauka zegara do druku pdf<\/p>\n<p>yyyyy<\/p>\n<p>&nbsp;<\/p>\n","protected":false},"excerpt":{"rendered":"<p>Pojemnk do przechowywania pokarmu pomo\u017ce uporz\u0105dkowa\u0107 zapasy mleka i jedzenia oraz zaoszcz\u0119dzi\u0107 miejsce zar\u00f3wno w lod\u00f3wce, jak i w zamra\u017carce. Umo\u017cliwia d\u0142ugotrwa\u0142e utrzymanie najwy\u017cszej jako\u015bci przechowywanych pokarm\u00f3w. Wykonany zosta\u0142 z materia\u0142u przeznaczonego do kontaktu z \u017cywno\u015bci\u0105. Pojemnik jest sk\u0142adany, dzi\u0119ki czemu zajmuje mniej miejsca w kuchni. W\u0142a\u015bciwo\u015bci produktu: idealny do przechowywania pokarmu i mleka wykonany [&hellip;]<\/p>\n","protected":false},"featured_media":5364,"comment_status":"closed","ping_status":"open","template":"","meta":[],"product_cat":[1337,1176],"product_tag":[837,750,796],"class_list":["post-5363","product","type-product","status-publish","has-post-thumbnail","hentry","product_cat-lulabi","product_cat-pojemniki-na-pokarm","product_tag-cicha-noc-po-angielsku","product_tag-imie-kostek","product_tag-zagatki"],"_links":{"self":[{"href":"http:\/\/klubmamgdynia.pl\/index.php\/wp-json\/wp\/v2\/product\/5363","targetHints":{"allow":["GET"]}}],"collection":[{"href":"http:\/\/klubmamgdynia.pl\/index.php\/wp-json\/wp\/v2\/product"}],"about":[{"href":"http:\/\/klubmamgdynia.pl\/index.php\/wp-json\/wp\/v2\/types\/product"}],"replies":[{"embeddable":true,"href":"http:\/\/klubmamgdynia.pl\/index.php\/wp-json\/wp\/v2\/comments?post=5363"}],"wp:featuredmedia":[{"embeddable":true,"href":"http:\/\/klubmamgdynia.pl\/index.php\/wp-json\/wp\/v2\/media\/5364"}],"wp:attachment":[{"href":"http:\/\/klubmamgdynia.pl\/index.php\/wp-json\/wp\/v2\/media?parent=5363"}],"wp:term":[{"taxonomy":"product_cat","embeddable":true,"href":"http:\/\/klubmamgdynia.pl\/index.php\/wp-json\/wp\/v2\/product_cat?post=5363"},{"taxonomy":"product_tag","embeddable":true,"href":"http:\/\/klubmamgdynia.pl\/index.php\/wp-json\/wp\/v2\/product_tag?post=5363"}],"curies":[{"name":"wp","href":"https:\/\/api.w.org\/{rel}","templated":true}]}}