{"id":537,"date":"2023-10-25T15:00:04","date_gmt":"2023-10-25T13:00:04","guid":{"rendered":"http:\/\/klubmamgdynia.pl\/index.php\/produkt\/remifemin-100-tabl\/"},"modified":"2026-04-03T14:29:59","modified_gmt":"2026-04-03T12:29:59","slug":"remifemin-100-tabl","status":"publish","type":"product","link":"http:\/\/klubmamgdynia.pl\/index.php\/produkt\/remifemin-100-tabl\/","title":{"rendered":"Remifemin 100 Tabl."},"content":{"rendered":"<p>SCHAPER &amp; BR REMIFEMIN X 100 TABL<\/p>\n<p>Sk\u0142ad 1 tabl.Remifemin zawiera: 0,018-0,026 ml wyci\u0105gu p\u0142ynnego Cimicifuga racemosa Dzia\u0142anielek \u0142agodzi dolegliwo\u015bci wyst\u0119puj\u0105ce w okresie menopauzy takie jak: uderzenia gor\u0105ca, nadmierne pocenie si\u0119, zaburzenia snu, stany napi\u0119cia i niepokoju. Spos\u00f3b u\u017cycia: Remifemin stosuje si\u0119 2 razy dziennie (rano i wieczorem) po jednej tabletce, popijaj\u0105c niewielk\u0105 ilo\u015bci\u0105 p\u0142ynu.                             <\/p>\n<p>Informacje dodatkowe Przed u\u017cyciem zapoznaj si\u0119 z ulotk\u0105 do\u0142\u0105czon\u0105 do opakowania, kt\u00f3ra zawiera wskazania, przeciwwskazania, dane dotycz\u0105ce dzia\u0142a\u0144 niepo\u017c\u0105danych i dawkowania, oraz informacje dotycz\u0105ce stosowania i przechowywania produktu leczniczego. Suplementy diety nie mog\u0105 by\u0107 stosowane jako substytut zr\u00f3\u017cnicowanej diety. W razie pyta\u0144 lub w\u0105tpliwo\u015bci skontaktuj si\u0119 z lekarzem lub farmaceut\u0105.<\/p>\n<h2>Remifemin 100 Tabl. Remifemin<\/h2>\n<p>najrzadsze imiona w polsce, atrakcje dla nastolatk\u00f3w warszawa, imi\u0119 mia, cookie dough przepis, imie iwo, zabawy miko\u0142ajkowe dla dzieci, maska misia do druku<\/p>\n<p>yyyyy<\/p>\n<p>&nbsp;<\/p>\n","protected":false},"excerpt":{"rendered":"<p>SCHAPER &amp; BR REMIFEMIN X 100 TABL Sk\u0142ad 1 tabl.Remifemin zawiera: 0,018-0,026 ml wyci\u0105gu p\u0142ynnego Cimicifuga racemosa Dzia\u0142anielek \u0142agodzi dolegliwo\u015bci wyst\u0119puj\u0105ce w okresie menopauzy takie jak: uderzenia gor\u0105ca, nadmierne pocenie si\u0119, zaburzenia snu, stany napi\u0119cia i niepokoju. Spos\u00f3b u\u017cycia: Remifemin stosuje si\u0119 2 razy dziennie (rano i wieczorem) po jednej tabletce, popijaj\u0105c niewielk\u0105 ilo\u015bci\u0105 p\u0142ynu. [&hellip;]<\/p>\n","protected":false},"featured_media":538,"comment_status":"closed","ping_status":"open","template":"","meta":[],"product_cat":[210,193],"product_tag":[790,599,760],"class_list":["post-537","product","type-product","status-publish","has-post-thumbnail","hentry","product_cat-remifemin","product_cat-uklad-moczowy-i-plciowy","product_tag-gry-planszowe-dla-nastolatkow","product_tag-prezent-dla-nastolatkow-2021","product_tag-zagadka-matematyczna"],"_links":{"self":[{"href":"http:\/\/klubmamgdynia.pl\/index.php\/wp-json\/wp\/v2\/product\/537","targetHints":{"allow":["GET"]}}],"collection":[{"href":"http:\/\/klubmamgdynia.pl\/index.php\/wp-json\/wp\/v2\/product"}],"about":[{"href":"http:\/\/klubmamgdynia.pl\/index.php\/wp-json\/wp\/v2\/types\/product"}],"replies":[{"embeddable":true,"href":"http:\/\/klubmamgdynia.pl\/index.php\/wp-json\/wp\/v2\/comments?post=537"}],"wp:featuredmedia":[{"embeddable":true,"href":"http:\/\/klubmamgdynia.pl\/index.php\/wp-json\/wp\/v2\/media\/538"}],"wp:attachment":[{"href":"http:\/\/klubmamgdynia.pl\/index.php\/wp-json\/wp\/v2\/media?parent=537"}],"wp:term":[{"taxonomy":"product_cat","embeddable":true,"href":"http:\/\/klubmamgdynia.pl\/index.php\/wp-json\/wp\/v2\/product_cat?post=537"},{"taxonomy":"product_tag","embeddable":true,"href":"http:\/\/klubmamgdynia.pl\/index.php\/wp-json\/wp\/v2\/product_tag?post=537"}],"curies":[{"name":"wp","href":"https:\/\/api.w.org\/{rel}","templated":true}]}}