{"id":5373,"date":"2013-10-02T05:01:47","date_gmt":"2013-10-02T03:01:47","guid":{"rendered":"http:\/\/klubmamgdynia.pl\/index.php\/produkt\/dunlop-sp-sport-bluresponse-205-55r16-91v\/"},"modified":"2026-05-17T22:39:11","modified_gmt":"2026-05-17T20:39:11","slug":"dunlop-sp-sport-bluresponse-205-55r16-91v","status":"publish","type":"product","link":"http:\/\/klubmamgdynia.pl\/index.php\/produkt\/dunlop-sp-sport-bluresponse-205-55r16-91v\/","title":{"rendered":"Dunlop SP SPORT BLURESPONSE 205\/55R16 91V"},"content":{"rendered":"<p>Dunlop SP SPORT BLURESPONSE 205\/55R16 91V<\/p>\n<p>Spis tre\u015bci<\/p>\n<p>    Dunlop Sport Bluresponse &#8211; Opinie<\/p>\n<p>    Dunlop Sport Bluresponse &#8211; Dane techniczne<\/p>\n<p>    Dunlop Sport Bluresponse &#8211; Kup na Ceneo<\/p>\n<p>PRZYCZEPNO\u015a\u0106 BEZ KOMPROMIS\u00d3WO 2,8 metra kr\u00f3tsza droga hamowania na mokrej nawierzchni w por\u00f3wnaniu ze \u015bredni\u0105 konkurencji*O 3 metry kr\u00f3tsza droga hamowania na suchej nawierzchni w por\u00f3wnaniu ze \u015bredni\u0105 konkurencji*O 30% wi\u0119ksza oszcz\u0119dno\u015b\u0107 paliwa w por\u00f3wnaniu z poprzedniczk\u0105**Niski poziom ha\u0142asu                            <\/p>\n<p>            Doskona\u0142e w\u0142a\u015bciwo\u015bci na mokrej nawierzchni<\/p>\n<p>Opona Sport BluResponse zawiera specjaln\u0105 mieszank\u0119 polimerow\u0105, zapewniaj\u0105c\u0105 bardzo dobr\u0105 przyczepno\u015b\u0107 i prowadzenie na mokrej nawierzchni. Szerokie centralne rowki bie\u017cnika szybko usuwaj\u0105 wod\u0119 spod czo\u0142a opony, redukuj\u0105c wyst\u0105pienie zjawiska aquaplaningu.                            <\/p>\n<p>            Kr\u00f3tka droga hamowania<\/p>\n<p>Klocki bie\u017cnika pozwalaj\u0105ce na kr\u00f3tsz\u0105 drog\u0119 hamowania na mokrej i suchej nawierzchni. Zaprojektowane do szybkiej, dynamicznej jazdy, te dodatkowo usztywnione bloki bie\u017cnika zwi\u0119kszaj\u0105 kontakt z nawierzchni\u0105 podczas hamowania.                            <\/p>\n<p>            Konstrukcja zmniejszaj\u0105ca zu\u017cycie paliwa<\/p>\n<p>Sport BluResponse charakteryzuje si\u0119 aerodynamicznym kszta\u0142tem i specjaln\u0105 mieszank\u0105 redukuj\u0105c\u0105 ilo\u015b\u0107 wytwarzanego ciep\u0142a, co pozwala obni\u017cy\u0107 opory toczenia o 30% w por\u00f3wnaniu z poprzedniczk\u0105*. eTo przek\u0142ada si\u0119 na oszcz\u0119dno\u015b\u0107 na kosztach paliwa rz\u0119du 100 euro rocznie.                            <\/p>\n<p>            Niski poziom ha\u0142asu<\/p>\n<p>Zamkni\u0119te rowki w barku opony odpowiadaj\u0105 za t\u0142umienie emisji ha\u0142asu i redukcj\u0119 odbieranego poziomu ha\u0142asu zewn\u0119trznego.                            <\/p>\n<p>Dunlop sport bluresponse 2018                            <\/p>\n<p>            ASYMETRYCZNY WZ\u00d3R BIE\u017bNIKA<\/p>\n<p>Asymetryczna konstrukcja bie\u017cnika sprawia, \u017ce opona zapewnia lepsze prowadzenie i wi\u0119ksz\u0105 odporno\u015b\u0107 na aquaplaning. Ci\u0105g\u0142e centralne \u017cebro poprawia stabilno\u015b\u0107 i precyzj\u0119 jazdy. Asymetryczne rozmieszczenie rowk\u00f3w poprawia przyczepno\u015b\u0107 na mokrej i suchej nawierzchni.Zalety:Lepsze zachowanie w je\u017adzie na wprost i na zakr\u0119tach, wi\u0119ksza odporno\u015b\u0107 na aquaplaning.                            <\/p>\n<p>            SP\u0141ASZCZONY PROFIL BIE\u017bNIKA<\/p>\n<p>Opony Dunlop nowej generacji maj\u0105 bardziej p\u0142aski profil bie\u017cnika oraz o 4-8% wi\u0119kszy (zale\u017cnie od rozmiaru i typu) obszar styku opony z nawierzchni\u0105. Wi\u0119ksza powierzchnia styku dostarcza kierowcy wi\u0119cej informacji z nawierzchni oraz zapewnia wi\u0119ksz\u0105 stabilno\u015b\u0107, dzi\u0119ki czemu opony reaguj\u0105 szybciej i bardziej precyzyjnie.Zalety:Poprawa stabilno\u015bci i precyzji kierowania, mniejsze \u015bcieranie kraw\u0119dzi i stopy opony, znakomita stabilno\u015b\u0107 i precyzja podczas pokonywania zakr\u0119t\u00f3w, najlepsza przyczepno\u015b\u0107 na suchej nawierzchni.                            <\/p>\n<p>            BIE\u017bNIK WIELOK\u0104TOWY (MULTI RADIUS TREAD)<\/p>\n<p>Bie\u017cnik wielok\u0105towy wykorzystuje dziesi\u0119\u0107 r\u00f3\u017cnych promieni, co zapewnia wi\u0119ksz\u0105 precyzj\u0119 prowadzenia. Taka konstrukcja powoduje bardzo r\u00f3wnomierne rozk\u0142adanie si\u0119 ci\u015bnienia na ca\u0142ej powierzchni styku opony z nawierzchni\u0105. Efekt to \u0142agodniejsze wchodzenie w zakr\u0119t z prostej, co pozwala na dok\u0142adniejsze i progresywne reagowanie.Zalety:Znacznie lepsza kontrola nad zmian\u0105 powierzchni kontaktu opony z jezdni\u0105 we wszystkich warunkach, lepsze wyczucie drogi podczas jazdy na suchych i mokrych nawierzchniach oraz wi\u0119ksza kontrola przy pokonywaniu zakr\u0119t\u00f3w.                            <\/p>\n<p>            SPECJALNY SYSTEM OSADZANIA OBR\u0118CZY<\/p>\n<p>Wzmacnia po\u0142\u0105czenie opony z felg\u0105, zwi\u0119kszaj\u0105c precyzj\u0119 prowadzenia. Analogicznie jak d\u0142o\u0144 trzymaj\u0105ca kierownic\u0119, po\u0142\u0105czenie to poprawia kontrol\u0119 nad pojazdem i zapewnia bardzo du\u017co informacji o drodze.Zalety:Lepsze czucie drogi, wi\u0119ksza stabilno\u015b\u0107 i precyzja jazdy.                            <\/p>\n<p>            ZMIENNA PROPORCJA POWIERZCHNI P\u0141ASKICH I WYPUK\u0141YCH<\/p>\n<p>Asymetryczna konstrukcja bie\u017cnika ze zr\u00f3\u017cnicowan\u0105 proporcj\u0105 obszar\u00f3w p\u0142askich i wypuk\u0142ych sprawia, \u017ce opona jest bardzo odporna na aquaplaning. Masywny zewn\u0119trzny bark zapewniaj\u0105 szybkie i pozbawione drga\u0144 odprowadzanie wody, a jednocze\u015bnie znakomite utrzymanie na zakr\u0119tach.Zalety:Wysoka odporno\u015b\u0107 na aquaplaning; lepszy kontakt z jezdni\u0105; wi\u0119ksza stabilno\u015b\u0107 przy pokonywaniu zakr\u0119t\u00f3w i precyzja sterowania.                            <\/p>\n<p>            OCHRANIACZ FELGI (MFS)<\/p>\n<p>System ochrony felgi. Gumowy profil biegnie po obwodzie opony i est umiejscowiony nisko, na bocznej \u015bcianie, powy\u017cej felgi. Tworzy on ochronn\u0105 stref\u0119 buforow\u0105.Zalety:Chroni felgi aluminiowe przed uszkodzeniami spowodowanymi otarciami o kraw\u0119\u017cnik.                            <\/p>\n<p>            BEZSZWOWA OPASKA NYLONOWA (JLB)<\/p>\n<p>Technologia hybrydowej osnowy ograniczaj\u0105ca zniekszta\u0142cenia na obwodzie opony przy du\u017cych pr\u0119dko\u015bciach.Zalety:Doskona\u0142a stabilno\u015b\u0107 podczas szybkiej jazdy, p\u0142ynne i r\u00f3wnomierne zu\u017cycie.<\/p>\n<h2>Dunlop SP SPORT BLURESPONSE 205\/55R16 91V Dunlop<\/h2>\n<p>zaproszenie do druku, znaczenie imienia milan, aurelia imie, jaki prezent na roczek, kira imi\u0119, kolorowanki do druku, mitologia test wiedzy, pieski pies kolorowanka, flagi europy quiz, cytaty o mamie, imie pola, \u017carty na prima aprilis dla ch\u0142opaka, wierszyk o marzannie, maska iron man, znaczenie imiona justyna, tekst ko\u0142ysanki, g\u0142upie zagadki, quiz z bajek, cytaty o przyja\u017ani kr\u00f3tkie, ciekawe zagadki i odpowiedzi, \u015bmigus dyngus lany poniedzia\u0142ek zyczenia<\/p>\n<p>yyyyy<\/p>\n<p>&nbsp;<\/p>\n","protected":false},"excerpt":{"rendered":"<p>Dunlop SP SPORT BLURESPONSE 205\/55R16 91V Spis tre\u015bci Dunlop Sport Bluresponse &#8211; Opinie Dunlop Sport Bluresponse &#8211; Dane techniczne Dunlop Sport Bluresponse &#8211; Kup na Ceneo PRZYCZEPNO\u015a\u0106 BEZ KOMPROMIS\u00d3WO 2,8 metra kr\u00f3tsza droga hamowania na mokrej nawierzchni w por\u00f3wnaniu ze \u015bredni\u0105 konkurencji*O 3 metry kr\u00f3tsza droga hamowania na suchej nawierzchni w por\u00f3wnaniu ze \u015bredni\u0105 konkurencji*O [&hellip;]<\/p>\n","protected":false},"featured_media":5374,"comment_status":"closed","ping_status":"open","template":"","meta":[],"product_cat":[1338,548],"product_tag":[583,818,600],"class_list":["post-5373","product","type-product","status-publish","has-post-thumbnail","hentry","product_cat-dunlop","product_cat-opony-letnie","product_tag-kolysanki-dla-dzieci-tekst","product_tag-oliwier","product_tag-zaproszenia-na-urodziny-do-druku"],"_links":{"self":[{"href":"http:\/\/klubmamgdynia.pl\/index.php\/wp-json\/wp\/v2\/product\/5373","targetHints":{"allow":["GET"]}}],"collection":[{"href":"http:\/\/klubmamgdynia.pl\/index.php\/wp-json\/wp\/v2\/product"}],"about":[{"href":"http:\/\/klubmamgdynia.pl\/index.php\/wp-json\/wp\/v2\/types\/product"}],"replies":[{"embeddable":true,"href":"http:\/\/klubmamgdynia.pl\/index.php\/wp-json\/wp\/v2\/comments?post=5373"}],"wp:featuredmedia":[{"embeddable":true,"href":"http:\/\/klubmamgdynia.pl\/index.php\/wp-json\/wp\/v2\/media\/5374"}],"wp:attachment":[{"href":"http:\/\/klubmamgdynia.pl\/index.php\/wp-json\/wp\/v2\/media?parent=5373"}],"wp:term":[{"taxonomy":"product_cat","embeddable":true,"href":"http:\/\/klubmamgdynia.pl\/index.php\/wp-json\/wp\/v2\/product_cat?post=5373"},{"taxonomy":"product_tag","embeddable":true,"href":"http:\/\/klubmamgdynia.pl\/index.php\/wp-json\/wp\/v2\/product_tag?post=5373"}],"curies":[{"name":"wp","href":"https:\/\/api.w.org\/{rel}","templated":true}]}}