{"id":5377,"date":"2018-07-25T08:20:04","date_gmt":"2018-07-25T06:20:04","guid":{"rendered":"http:\/\/klubmamgdynia.pl\/index.php\/produkt\/digichics-interaktywny-kurczak-w-skorupce-88280\/"},"modified":"2026-04-30T12:19:48","modified_gmt":"2026-04-30T10:19:48","slug":"digichics-interaktywny-kurczak-w-skorupce-88280","status":"publish","type":"product","link":"http:\/\/klubmamgdynia.pl\/index.php\/produkt\/digichics-interaktywny-kurczak-w-skorupce-88280\/","title":{"rendered":"Digichics Interaktywny Kurczak W Skorupce (88280)"},"content":{"rendered":"<p>Poznaj milutkie DigiChicks Dmuchnij w dzi\u00f3bek, a zacznie \u0107wierka\u0107 jak prawdziwy kurczaczek. Zagwi\u017cd\u017c sam lub na gwizdku d\u0142u\u017csz\u0105 chwil\u0119, a ptaszek zacznie \u015bpiewa\u0107. Funkcje: &#8211; Kurczaczki \u0107wierkaj\u0105 i \u015bpiewaj\u0105 solo oraz w ch\u00f3rze, &#8211; Potrafi\u0105 \u015bpiewa\u0107, a\u017c na 55 sposob\u00f3w (tryb &#8222;solo&#8221;\u2019), &#8211; Kiedy jest ich kilka, mog\u0105 za\u015bpiewa\u0107 razem w ch\u00f3rze (tryb &#8222;ch\u00f3r&#8221;), &#8211; Pierwszy kurczaczek, kt\u00f3rego w\u0142\u0105czymy jest liderem, &#8211; Lider nadaje ton melodii i jej wyb\u00f3r, &#8211; Kurczaczki potrafi\u0105 za\u015bpiewa\u0107 w ch\u00f3rze z ptaszkami DigiBirds (ka\u017cde zwierz\u0105tko \u015bpiewa swoim g\u0142osem t\u0105 sam\u0105 melodie) &#8211; Kurczaczki podczas \u0107wierkania i \u015bpiewania kiwaj\u0105 si\u0119 na boki, ruszaj\u0105 dziobkiem oraz skrzyde\u0142kami, Do wyboru mamy 6 kurczaczk\u00f3w. Ka\u017cdy z kurczaczk\u00f3w posiada imi\u0119 oraz sw\u00f3j indywidualny charakter. W zestawie z kurczaczkiem jest gwizdek-pier\u015bcionek. Zabawka przeznaczona dla dzieci od 3 lat.<\/p>\n<h2>Digichics Interaktywny Kurczak W Skorupce (88280) <\/h2>\n<p>dyplomy szablony pdf, najrzadsze imiona w polsce, zagadki logiczne na inteligencj\u0119 dla doros\u0142ych, malowanka do druku, alfabet kolorowanki, zagadki zagadki, kielich z hosti\u0105 do druku, regina, kolorowanka pikachu, maska dinozaura, quiz o akademii pana kleksa, zabawy na dzie\u0144 dziecka w szkole, auto kolorowanka<\/p>\n<p>yyyyy<\/p>\n<p>&nbsp;<\/p>\n","protected":false},"excerpt":{"rendered":"<p>Poznaj milutkie DigiChicks Dmuchnij w dzi\u00f3bek, a zacznie \u0107wierka\u0107 jak prawdziwy kurczaczek. Zagwi\u017cd\u017c sam lub na gwizdku d\u0142u\u017csz\u0105 chwil\u0119, a ptaszek zacznie \u015bpiewa\u0107. Funkcje: &#8211; Kurczaczki \u0107wierkaj\u0105 i \u015bpiewaj\u0105 solo oraz w ch\u00f3rze, &#8211; Potrafi\u0105 \u015bpiewa\u0107, a\u017c na 55 sposob\u00f3w (tryb &#8222;solo&#8221;\u2019), &#8211; Kiedy jest ich kilka, mog\u0105 za\u015bpiewa\u0107 razem w ch\u00f3rze (tryb &#8222;ch\u00f3r&#8221;), &#8211; [&hellip;]<\/p>\n","protected":false},"featured_media":5378,"comment_status":"closed","ping_status":"open","template":"","meta":[],"product_cat":[39],"product_tag":[728,621,741,811],"class_list":["post-5377","product","type-product","status-publish","has-post-thumbnail","hentry","product_cat-zabawki-interaktywne","product_tag-bezwarunkowa-milosc-do-dziecka-cytaty","product_tag-prezenty-roczek","product_tag-wlochy","product_tag-zagadki-logiczne-dla-dzieci"],"_links":{"self":[{"href":"http:\/\/klubmamgdynia.pl\/index.php\/wp-json\/wp\/v2\/product\/5377","targetHints":{"allow":["GET"]}}],"collection":[{"href":"http:\/\/klubmamgdynia.pl\/index.php\/wp-json\/wp\/v2\/product"}],"about":[{"href":"http:\/\/klubmamgdynia.pl\/index.php\/wp-json\/wp\/v2\/types\/product"}],"replies":[{"embeddable":true,"href":"http:\/\/klubmamgdynia.pl\/index.php\/wp-json\/wp\/v2\/comments?post=5377"}],"wp:featuredmedia":[{"embeddable":true,"href":"http:\/\/klubmamgdynia.pl\/index.php\/wp-json\/wp\/v2\/media\/5378"}],"wp:attachment":[{"href":"http:\/\/klubmamgdynia.pl\/index.php\/wp-json\/wp\/v2\/media?parent=5377"}],"wp:term":[{"taxonomy":"product_cat","embeddable":true,"href":"http:\/\/klubmamgdynia.pl\/index.php\/wp-json\/wp\/v2\/product_cat?post=5377"},{"taxonomy":"product_tag","embeddable":true,"href":"http:\/\/klubmamgdynia.pl\/index.php\/wp-json\/wp\/v2\/product_tag?post=5377"}],"curies":[{"name":"wp","href":"https:\/\/api.w.org\/{rel}","templated":true}]}}