{"id":5383,"date":"2012-11-27T04:39:43","date_gmt":"2012-11-27T03:39:43","guid":{"rendered":"http:\/\/klubmamgdynia.pl\/index.php\/produkt\/lean-sport-kostka-multifunkcyjna-edukacyjna-grajaca-5-scianek\/"},"modified":"2026-04-27T09:44:28","modified_gmt":"2026-04-27T07:44:28","slug":"lean-sport-kostka-multifunkcyjna-edukacyjna-grajaca-5-scianek","status":"publish","type":"product","link":"http:\/\/klubmamgdynia.pl\/index.php\/produkt\/lean-sport-kostka-multifunkcyjna-edukacyjna-grajaca-5-scianek\/","title":{"rendered":"Lean Sport Kostka Multifunkcyjna Edukacyjna Graj\u0105ca 5 \u015acianek"},"content":{"rendered":"<h2>Lean Sport Kostka Multifunkcyjna Edukacyjna Graj\u0105ca 5 \u015acianek <\/h2>\n<p>aron, sky kolorowanka, quiz stolice europy, warszawa z dzieckiem, quizy hobbit, piosenki dla dzieci tekst, z\u0142ote my\u015bli o rodzinie, tymoteusz znaczenie imienia, kr\u00f3tkie bajki do czytania, karty pracy dla dzieci z ukrainy pdf, pierwsze urodziny prezent na roczek dla dziewczynki, cytat o rodzinie, otto, rainbow dash kolorowanka, ida swieta wielkanocne ida swieta, sentencje o rodzinie<\/p>\n<p>yyyyy<\/p>\n<p>&nbsp;<\/p>\n","protected":false},"excerpt":{"rendered":"<p>Lean Sport Kostka Multifunkcyjna Edukacyjna Graj\u0105ca 5 \u015acianek aron, sky kolorowanka, quiz stolice europy, warszawa z dzieckiem, quizy hobbit, piosenki dla dzieci tekst, z\u0142ote my\u015bli o rodzinie, tymoteusz znaczenie imienia, kr\u00f3tkie bajki do czytania, karty pracy dla dzieci z ukrainy pdf, pierwsze urodziny prezent na roczek dla dziewczynki, cytat o rodzinie, otto, rainbow dash kolorowanka, [&hellip;]<\/p>\n","protected":false},"featured_media":5384,"comment_status":"closed","ping_status":"open","template":"","meta":[],"product_cat":[39],"product_tag":[668,691,593,583,655],"class_list":["post-5383","product","type-product","status-publish","has-post-thumbnail","hentry","product_cat-zabawki-interaktywne","product_tag-atrakcje-dla-dzieci-wroclaw","product_tag-gabriel","product_tag-jak-narysowac-konia","product_tag-kolysanki-dla-dzieci-tekst","product_tag-najlepsze-zagadki"],"_links":{"self":[{"href":"http:\/\/klubmamgdynia.pl\/index.php\/wp-json\/wp\/v2\/product\/5383","targetHints":{"allow":["GET"]}}],"collection":[{"href":"http:\/\/klubmamgdynia.pl\/index.php\/wp-json\/wp\/v2\/product"}],"about":[{"href":"http:\/\/klubmamgdynia.pl\/index.php\/wp-json\/wp\/v2\/types\/product"}],"replies":[{"embeddable":true,"href":"http:\/\/klubmamgdynia.pl\/index.php\/wp-json\/wp\/v2\/comments?post=5383"}],"wp:featuredmedia":[{"embeddable":true,"href":"http:\/\/klubmamgdynia.pl\/index.php\/wp-json\/wp\/v2\/media\/5384"}],"wp:attachment":[{"href":"http:\/\/klubmamgdynia.pl\/index.php\/wp-json\/wp\/v2\/media?parent=5383"}],"wp:term":[{"taxonomy":"product_cat","embeddable":true,"href":"http:\/\/klubmamgdynia.pl\/index.php\/wp-json\/wp\/v2\/product_cat?post=5383"},{"taxonomy":"product_tag","embeddable":true,"href":"http:\/\/klubmamgdynia.pl\/index.php\/wp-json\/wp\/v2\/product_tag?post=5383"}],"curies":[{"name":"wp","href":"https:\/\/api.w.org\/{rel}","templated":true}]}}