{"id":5427,"date":"2022-12-09T09:46:27","date_gmt":"2022-12-09T08:46:27","guid":{"rendered":"http:\/\/klubmamgdynia.pl\/?post_type=product&#038;p=5427"},"modified":"2026-04-28T13:07:33","modified_gmt":"2026-04-28T11:07:33","slug":"plus-z-zestaw-z-naklejkami-space-fun-6517","status":"publish","type":"product","link":"http:\/\/klubmamgdynia.pl\/index.php\/produkt\/plus-z-zestaw-z-naklejkami-space-fun-6517\/","title":{"rendered":"Plus-Z Zestaw Z Naklejkami Space Fun 6517"},"content":{"rendered":"<p>Zestaw z naklejkami Sapce Fun.EAN:  4010070320706G\u0142\u0119boko\u015b\u0107:  4.000000ISBN:  4010070320706Rodzaj:  Zabawkiseria:  SPACE FUNSzeroko\u015b\u0107:  250Wydawnictwo:  DEPESCHEWysoko\u015b\u0107:  340<\/p>\n<h2>Plus-Z Zestaw Z Naklejkami Space Fun 6517 Plus Plus<\/h2>\n<p>co kupi\u0107 na roczek dla ch\u0142opca, atrakcje dla dzieci wroc\u0142aw, kolorowanka robot, liwia imi\u0119, bajka terapeutyczna o emocjach, kolorowanki do druku dla doros\u0142ych<\/p>\n<p>yyyyy<\/p>\n<p>&nbsp;<\/p>\n","protected":false},"excerpt":{"rendered":"<p>Zestaw z naklejkami Sapce Fun.EAN: 4010070320706G\u0142\u0119boko\u015b\u0107: 4.000000ISBN: 4010070320706Rodzaj: Zabawkiseria: SPACE FUNSzeroko\u015b\u0107: 250Wydawnictwo: DEPESCHEWysoko\u015b\u0107: 340 Plus-Z Zestaw Z Naklejkami Space Fun 6517 Plus Plus co kupi\u0107 na roczek dla ch\u0142opca, atrakcje dla dzieci wroc\u0142aw, kolorowanka robot, liwia imi\u0119, bajka terapeutyczna o emocjach, kolorowanki do druku dla doros\u0142ych yyyyy &nbsp;<\/p>\n","protected":false},"featured_media":5428,"comment_status":"closed","ping_status":"open","template":"","meta":[],"product_cat":[996,325],"product_tag":[831,585,747,710],"class_list":["post-5427","product","type-product","status-publish","has-post-thumbnail","hentry","product_cat-plus-plus","product_cat-szkolne-artykuly-papiernicze","product_tag-bruno","product_tag-kolorowanki-dla-chlopcow","product_tag-malowanki-do-druku","product_tag-zagadki-dla-dzieci-10-12-lat"],"_links":{"self":[{"href":"http:\/\/klubmamgdynia.pl\/index.php\/wp-json\/wp\/v2\/product\/5427","targetHints":{"allow":["GET"]}}],"collection":[{"href":"http:\/\/klubmamgdynia.pl\/index.php\/wp-json\/wp\/v2\/product"}],"about":[{"href":"http:\/\/klubmamgdynia.pl\/index.php\/wp-json\/wp\/v2\/types\/product"}],"replies":[{"embeddable":true,"href":"http:\/\/klubmamgdynia.pl\/index.php\/wp-json\/wp\/v2\/comments?post=5427"}],"wp:featuredmedia":[{"embeddable":true,"href":"http:\/\/klubmamgdynia.pl\/index.php\/wp-json\/wp\/v2\/media\/5428"}],"wp:attachment":[{"href":"http:\/\/klubmamgdynia.pl\/index.php\/wp-json\/wp\/v2\/media?parent=5427"}],"wp:term":[{"taxonomy":"product_cat","embeddable":true,"href":"http:\/\/klubmamgdynia.pl\/index.php\/wp-json\/wp\/v2\/product_cat?post=5427"},{"taxonomy":"product_tag","embeddable":true,"href":"http:\/\/klubmamgdynia.pl\/index.php\/wp-json\/wp\/v2\/product_tag?post=5427"}],"curies":[{"name":"wp","href":"https:\/\/api.w.org\/{rel}","templated":true}]}}