{"id":5433,"date":"2017-03-14T00:36:57","date_gmt":"2017-03-13T23:36:57","guid":{"rendered":"http:\/\/klubmamgdynia.pl\/index.php\/produkt\/generator-pary-tefal-sv7110e0-express-compact\/"},"modified":"2026-04-05T23:25:25","modified_gmt":"2026-04-05T21:25:25","slug":"generator-pary-tefal-sv7110e0-express-compact","status":"publish","type":"product","link":"http:\/\/klubmamgdynia.pl\/index.php\/produkt\/generator-pary-tefal-sv7110e0-express-compact\/","title":{"rendered":"Generator pary Tefal SV7110E0 Express Compact"},"content":{"rendered":"<p>Generator pary o mocy 2600 W, ze zbiornikiem wody o obj\u0119to\u015bci 1,7 litra. Tefal SV7110E0 Express Compact z ci\u015bnieniem 5,7 bar\u00f3w oferuje sta\u0142\u0105 wydajno\u015b\u0107 pary 120 g \/ min. Powierzchnia prasuj\u0105ca Xpress Glide zapewnia maksymaln\u0105 lekko\u015b\u0107 prasowania.<\/p>\n<h2>Generator pary Tefal SV7110E0 Express Compact Tefal<\/h2>\n<p>zagadki dla dzieci 6-7 lat online, b\u0105k ptak, domki nad morzem z atrakcjami dla dzieci, ekskluzywny prezent na roczek, proste dekoracje bo\u017conarodzeniowe dla dzieci, zagadki o zwierz\u0119tach, ko\u0142ysanki dla dzieci tekst<\/p>\n<p>yyyyy<\/p>\n<p>&nbsp;<\/p>\n","protected":false},"excerpt":{"rendered":"<p>Generator pary o mocy 2600 W, ze zbiornikiem wody o obj\u0119to\u015bci 1,7 litra. Tefal SV7110E0 Express Compact z ci\u015bnieniem 5,7 bar\u00f3w oferuje sta\u0142\u0105 wydajno\u015b\u0107 pary 120 g \/ min. Powierzchnia prasuj\u0105ca Xpress Glide zapewnia maksymaln\u0105 lekko\u015b\u0107 prasowania. Generator pary Tefal SV7110E0 Express Compact Tefal zagadki dla dzieci 6-7 lat online, b\u0105k ptak, domki nad morzem [&hellip;]<\/p>\n","protected":false},"featured_media":5434,"comment_status":"closed","ping_status":"open","template":"","meta":[],"product_cat":[1320,1340],"product_tag":[867,613,703,751],"class_list":["post-5433","product","type-product","status-publish","has-post-thumbnail","hentry","product_cat-stacje-parowe","product_cat-tefal","product_tag-kolorowanki-dla-dziewczynek","product_tag-na-wyspach-bergamutach","product_tag-prezent-dla-nastolatki","product_tag-psi-patrol-kolorowanka"],"_links":{"self":[{"href":"http:\/\/klubmamgdynia.pl\/index.php\/wp-json\/wp\/v2\/product\/5433","targetHints":{"allow":["GET"]}}],"collection":[{"href":"http:\/\/klubmamgdynia.pl\/index.php\/wp-json\/wp\/v2\/product"}],"about":[{"href":"http:\/\/klubmamgdynia.pl\/index.php\/wp-json\/wp\/v2\/types\/product"}],"replies":[{"embeddable":true,"href":"http:\/\/klubmamgdynia.pl\/index.php\/wp-json\/wp\/v2\/comments?post=5433"}],"wp:featuredmedia":[{"embeddable":true,"href":"http:\/\/klubmamgdynia.pl\/index.php\/wp-json\/wp\/v2\/media\/5434"}],"wp:attachment":[{"href":"http:\/\/klubmamgdynia.pl\/index.php\/wp-json\/wp\/v2\/media?parent=5433"}],"wp:term":[{"taxonomy":"product_cat","embeddable":true,"href":"http:\/\/klubmamgdynia.pl\/index.php\/wp-json\/wp\/v2\/product_cat?post=5433"},{"taxonomy":"product_tag","embeddable":true,"href":"http:\/\/klubmamgdynia.pl\/index.php\/wp-json\/wp\/v2\/product_tag?post=5433"}],"curies":[{"name":"wp","href":"https:\/\/api.w.org\/{rel}","templated":true}]}}