{"id":5451,"date":"2025-06-28T11:28:57","date_gmt":"2025-06-28T09:28:57","guid":{"rendered":"http:\/\/klubmamgdynia.pl\/?post_type=product&#038;p=5451"},"modified":"2026-04-29T23:11:46","modified_gmt":"2026-04-29T21:11:46","slug":"zmywarka-bosch-serie-4-efficientdry-spv4emx16e","status":"publish","type":"product","link":"http:\/\/klubmamgdynia.pl\/index.php\/produkt\/zmywarka-bosch-serie-4-efficientdry-spv4emx16e\/","title":{"rendered":"Zmywarka Bosch Serie 4 EfficientDry SPV4EMX16E"},"content":{"rendered":"<p>Jak wzi\u0105\u0107 udzia\u0142 w promocji?1.Kup suszark\u0119 lub pralko-suszark\u0119<br \/>\nBosch w czasie trwania promocji.<br \/>\n2<br \/>\nWejd\u017a na stron\u0119 Bosch Home<br \/>\ni dodaj opini\u0119 o urz\u0105dzeniu.<br \/>\n3<br \/>\nWype\u0142nij formularz na stronie<br \/>\nBosch Home i ciesz si\u0119 premi\u0105!<\/p>\n<h2>Zmywarka Bosch Serie 4 EfficientDry SPV4EMX16E Bosch<\/h2>\n<p>cytaty o nauczycielach, nasza zima z\u0142a tekst, pokemon do druku, zagadki na logiczne my\u015blenie, kolorowanka do druku super zings, renata to nie imi\u0119, nauka zegara do druku pdf, minionki kolorowanka, testy z lektury opowie\u015bci z narnii lew czarownica i stara szafa, znaki drogowe quizy, wielkanocne zagadki dla dzieci, rysunki do druku, literki do nauki pisania do druku<\/p>\n<p>yyyyy<\/p>\n<p>&nbsp;<\/p>\n","protected":false},"excerpt":{"rendered":"<p>Jak wzi\u0105\u0107 udzia\u0142 w promocji?1.Kup suszark\u0119 lub pralko-suszark\u0119 Bosch w czasie trwania promocji. 2 Wejd\u017a na stron\u0119 Bosch Home i dodaj opini\u0119 o urz\u0105dzeniu. 3 Wype\u0142nij formularz na stronie Bosch Home i ciesz si\u0119 premi\u0105! Zmywarka Bosch Serie 4 EfficientDry SPV4EMX16E Bosch cytaty o nauczycielach, nasza zima z\u0142a tekst, pokemon do druku, zagadki na logiczne [&hellip;]<\/p>\n","protected":false},"featured_media":5452,"comment_status":"closed","ping_status":"open","template":"","meta":[],"product_cat":[932,1351],"product_tag":[765,663,729,830,693],"class_list":["post-5451","product","type-product","status-publish","has-post-thumbnail","hentry","product_cat-bosch","product_cat-zmywarki-do-zabudowy","product_tag-atrakcje-dla-dzieci-warszawa","product_tag-kolorowanki-dla-dzieci-do-druku","product_tag-madre-bajki-dla-dzieci-do-czytania","product_tag-rodzina-cytaty","product_tag-zagadki-dla-doroslych"],"_links":{"self":[{"href":"http:\/\/klubmamgdynia.pl\/index.php\/wp-json\/wp\/v2\/product\/5451","targetHints":{"allow":["GET"]}}],"collection":[{"href":"http:\/\/klubmamgdynia.pl\/index.php\/wp-json\/wp\/v2\/product"}],"about":[{"href":"http:\/\/klubmamgdynia.pl\/index.php\/wp-json\/wp\/v2\/types\/product"}],"replies":[{"embeddable":true,"href":"http:\/\/klubmamgdynia.pl\/index.php\/wp-json\/wp\/v2\/comments?post=5451"}],"wp:featuredmedia":[{"embeddable":true,"href":"http:\/\/klubmamgdynia.pl\/index.php\/wp-json\/wp\/v2\/media\/5452"}],"wp:attachment":[{"href":"http:\/\/klubmamgdynia.pl\/index.php\/wp-json\/wp\/v2\/media?parent=5451"}],"wp:term":[{"taxonomy":"product_cat","embeddable":true,"href":"http:\/\/klubmamgdynia.pl\/index.php\/wp-json\/wp\/v2\/product_cat?post=5451"},{"taxonomy":"product_tag","embeddable":true,"href":"http:\/\/klubmamgdynia.pl\/index.php\/wp-json\/wp\/v2\/product_tag?post=5451"}],"curies":[{"name":"wp","href":"https:\/\/api.w.org\/{rel}","templated":true}]}}