{"id":5461,"date":"2018-12-07T09:15:50","date_gmt":"2018-12-07T08:15:50","guid":{"rendered":"http:\/\/klubmamgdynia.pl\/index.php\/produkt\/generator-pary-tefal-ixeo-power-qt2020\/"},"modified":"2026-04-04T23:29:42","modified_gmt":"2026-04-04T21:29:42","slug":"generator-pary-tefal-ixeo-power-qt2020","status":"publish","type":"product","link":"http:\/\/klubmamgdynia.pl\/index.php\/produkt\/generator-pary-tefal-ixeo-power-qt2020\/","title":{"rendered":"Generator pary Tefal Ixeo Power QT2020"},"content":{"rendered":"<p>Poznaj nowy wymiar prasowania                            <\/p>\n<p>Prasuj z si\u0142\u0105 generatora<br \/>\nTo mo\u017cliwe dzi\u0119ki wyrzutowi pary o sile 90 g\/min i pod ci\u015bnieniem 5,8 bara. Dodatkowy wyrzut pary o sile 200 g\/min zwi\u0119ksza skuteczno\u015b\u0107 Twojego prasowania.                            <\/p>\n<p>\u0141atwo\u015b\u0107 u\u017cytkowania<br \/>\nWygodna deska Smart Board umo\u017cliwia \u0142atwiejsze i skuteczniejsze prasowanie w trzech r\u00f3\u017cnych pozycjach: poziomej, pionowej oraz pod k\u0105tem 30 stopni. Jej rozmiar sprawia, \u017ce idealnie pasuje do r\u00f3\u017cnych rodzaj\u00f3w prasowanej odzie\u017cy.                            <\/p>\n<p>Idealny spos\u00f3b na szybkie prasowanie<br \/>\nIXEO Power to idealne rozwi\u0105zanie nawet wtedy, gdy nie masz czasu lub zdarzy Ci si\u0119 zaspa\u0107. \u017belazko nagrzewa si\u0119 ju\u017c w 70 sekund od w\u0142\u0105czenia, dzi\u0119ki czemu prasujesz szybko, skutecznie i bez \u017cadnego wysi\u0142ku.                            <\/p>\n<p>Smart Protect<br \/>\nPrasowanie bez konieczno\u015bci regulacji. Technologia Smart Protect zapewnia uniwersaln\u0105 temperatur\u0119, bezpieczn\u0105 dla ka\u017cdego rodzaju tkaniny.                            <\/p>\n<p>Od\u015bwie\u017canie i dezynfekcja<br \/>\nDzi\u0119ki r\u00f3wnomiernemu rozprowadzeniu gor\u0105cej pary we w\u0142\u00f3knach tkanin, nie tylko od\u015bwie\u017cysz i usuniesz nieprzyjemne zapachy, ale r\u00f3wnie\u017c wyeliminujesz do 99,9% zarazk\u00f3w i bakterii.                            <\/p>\n<p>Ergonomiczny design<br \/>\nMobilno\u015b\u0107 ca\u0142ego urz\u0105dzenia zapewniaj\u0105 wygodne k\u00f3\u0142ka w podstawie. Dzi\u0119ki temu, stacj\u0119 prasuj\u0105c\u0105 mo\u017cesz swobodnie przemieszcza\u0107, a elegancki design sprawdzi si\u0119 w ka\u017cdym wn\u0119trzu. Dodatkowo zbiornik na wod\u0119 mo\u017cesz wypi\u0105\u0107 ze stacji i z \u0142atwo\u015bci\u0105 wyprasowa\u0107 firany, zas\u0142ony, czy od\u015bwie\u017cy\u0107 kanapy.                            <\/p>\n<p>1.\u00a0<br \/>\nSi\u0142a generatora pary<br \/>\n2.\u00a0Wszechstronna deska<br \/>\n3.\u00a0Ekspresowe prasowanie<br \/>\n4.\u00a0Lekkie \u017celazko<br \/>\n5.\u00a0Niezwyk\u0142a wygoda prasowania                            <\/p>\n<p>Uznana i potwierdzona niezadowno\u015b\u0107<\/p>\n<h2>Generator pary Tefal Ixeo Power QT2020 Tefal<\/h2>\n<p>prezent dla jedenastolatka, alina, obrazki do druku, cyferki do druku, hobbit, znaczenie imienia alan, \u015bwinka peppa do czytania, g\u0142upie zagadki, prezenty dla 7 latki, laurka dla mamy rysunek, wzruszaj\u0105c\u0105 piosenka dla taty, warszawa z dzieckiem, zadania logiczne dla dzieci, list do \u015bw miko\u0142aja &#8212; wz\u00f3r<\/p>\n<p>yyyyy<\/p>\n<p>&nbsp;<\/p>\n","protected":false},"excerpt":{"rendered":"<p>Poznaj nowy wymiar prasowania Prasuj z si\u0142\u0105 generatora To mo\u017cliwe dzi\u0119ki wyrzutowi pary o sile 90 g\/min i pod ci\u015bnieniem 5,8 bara. Dodatkowy wyrzut pary o sile 200 g\/min zwi\u0119ksza skuteczno\u015b\u0107 Twojego prasowania. \u0141atwo\u015b\u0107 u\u017cytkowania Wygodna deska Smart Board umo\u017cliwia \u0142atwiejsze i skuteczniejsze prasowanie w trzech r\u00f3\u017cnych pozycjach: poziomej, pionowej oraz pod k\u0105tem 30 stopni. [&hellip;]<\/p>\n","protected":false},"featured_media":5462,"comment_status":"closed","ping_status":"open","template":"","meta":[],"product_cat":[1320,1340],"product_tag":[784,639,589,678,609,591],"class_list":["post-5461","product","type-product","status-publish","has-post-thumbnail","hentry","product_cat-stacje-parowe","product_cat-tefal","product_tag-hymn-gorniczy","product_tag-nela-imie","product_tag-prezent-dla-rocznego-dziecka","product_tag-prezent-na-roczek-dla-dziewczynki","product_tag-quiz-flagi-europy","product_tag-quiz-o-minecraft"],"_links":{"self":[{"href":"http:\/\/klubmamgdynia.pl\/index.php\/wp-json\/wp\/v2\/product\/5461","targetHints":{"allow":["GET"]}}],"collection":[{"href":"http:\/\/klubmamgdynia.pl\/index.php\/wp-json\/wp\/v2\/product"}],"about":[{"href":"http:\/\/klubmamgdynia.pl\/index.php\/wp-json\/wp\/v2\/types\/product"}],"replies":[{"embeddable":true,"href":"http:\/\/klubmamgdynia.pl\/index.php\/wp-json\/wp\/v2\/comments?post=5461"}],"wp:featuredmedia":[{"embeddable":true,"href":"http:\/\/klubmamgdynia.pl\/index.php\/wp-json\/wp\/v2\/media\/5462"}],"wp:attachment":[{"href":"http:\/\/klubmamgdynia.pl\/index.php\/wp-json\/wp\/v2\/media?parent=5461"}],"wp:term":[{"taxonomy":"product_cat","embeddable":true,"href":"http:\/\/klubmamgdynia.pl\/index.php\/wp-json\/wp\/v2\/product_cat?post=5461"},{"taxonomy":"product_tag","embeddable":true,"href":"http:\/\/klubmamgdynia.pl\/index.php\/wp-json\/wp\/v2\/product_tag?post=5461"}],"curies":[{"name":"wp","href":"https:\/\/api.w.org\/{rel}","templated":true}]}}