{"id":5467,"date":"2023-01-13T22:25:03","date_gmt":"2023-01-13T21:25:03","guid":{"rendered":"http:\/\/klubmamgdynia.pl\/?post_type=product&#038;p=5467"},"modified":"2026-04-05T05:37:44","modified_gmt":"2026-04-05T03:37:44","slug":"ses-tworzenie-bransoletek-z-diamentami","status":"publish","type":"product","link":"http:\/\/klubmamgdynia.pl\/index.php\/produkt\/ses-tworzenie-bransoletek-z-diamentami\/","title":{"rendered":"Ses Tworzenie Bransoletek Z Diamentami"},"content":{"rendered":"<p>Czy te\u017c lubisz robi\u0107 w\u0142asn\u0105 bi\u017cuteri\u0119? Z tym zestawem SES w \u0142atwy spos\u00f3b wykonasz pi\u0119kne bransoletki ze specjalnymi efektami. U\u017cyj diamentowego proszku, umie\u015b\u0107 na srebrnej podstawce na diament i wybierz sw\u00f3j ulubiony kolor. Dzi\u0119ki kolorowi proszek stwardnieje i magiczna sztuczka jest gotowa!<\/p>\n<h2>Ses Tworzenie Bransoletek Z Diamentami Ses<\/h2>\n<p>kinderbal przepisy, wiktor, dzien matki cytaty, skye kolorowanka, laurka na urodziny do druku, co na roczek dla dziewczynki, star wars kolorowanka, kolorowanki, zagadki dla dzieci 7 lat, zagadki dla dzieci 7-8 lat, zagadka logiczna dla dzieci, prezent dla 15 latki 2021, znaczenie imienia gabriel, kolorowanki, julian znaczenie imienia, zagadki o przyborach szkolnych, pomys\u0142 na roczek, kartka walentynkowa zrobiona przez dzieci, zagadki dla 5 latka, na wyspach bergamutach tekst<\/p>\n<p>yyyyy<\/p>\n<p>&nbsp;<\/p>\n","protected":false},"excerpt":{"rendered":"<p>Czy te\u017c lubisz robi\u0107 w\u0142asn\u0105 bi\u017cuteri\u0119? Z tym zestawem SES w \u0142atwy spos\u00f3b wykonasz pi\u0119kne bransoletki ze specjalnymi efektami. U\u017cyj diamentowego proszku, umie\u015b\u0107 na srebrnej podstawce na diament i wybierz sw\u00f3j ulubiony kolor. Dzi\u0119ki kolorowi proszek stwardnieje i magiczna sztuczka jest gotowa! Ses Tworzenie Bransoletek Z Diamentami Ses kinderbal przepisy, wiktor, dzien matki cytaty, skye [&hellip;]<\/p>\n","protected":false},"featured_media":5468,"comment_status":"closed","ping_status":"open","template":"","meta":[],"product_cat":[357,21],"product_tag":[871,681,588,791],"class_list":["post-5467","product","type-product","status-publish","has-post-thumbnail","hentry","product_cat-ses","product_cat-zabawki-plastyczne","product_tag-bajka-o-smoku-wawelskim","product_tag-flagi-europy-quiz","product_tag-wzruszajace-slowa-dla-przyjaciela","product_tag-zagadki-na-myslenie"],"_links":{"self":[{"href":"http:\/\/klubmamgdynia.pl\/index.php\/wp-json\/wp\/v2\/product\/5467","targetHints":{"allow":["GET"]}}],"collection":[{"href":"http:\/\/klubmamgdynia.pl\/index.php\/wp-json\/wp\/v2\/product"}],"about":[{"href":"http:\/\/klubmamgdynia.pl\/index.php\/wp-json\/wp\/v2\/types\/product"}],"replies":[{"embeddable":true,"href":"http:\/\/klubmamgdynia.pl\/index.php\/wp-json\/wp\/v2\/comments?post=5467"}],"wp:featuredmedia":[{"embeddable":true,"href":"http:\/\/klubmamgdynia.pl\/index.php\/wp-json\/wp\/v2\/media\/5468"}],"wp:attachment":[{"href":"http:\/\/klubmamgdynia.pl\/index.php\/wp-json\/wp\/v2\/media?parent=5467"}],"wp:term":[{"taxonomy":"product_cat","embeddable":true,"href":"http:\/\/klubmamgdynia.pl\/index.php\/wp-json\/wp\/v2\/product_cat?post=5467"},{"taxonomy":"product_tag","embeddable":true,"href":"http:\/\/klubmamgdynia.pl\/index.php\/wp-json\/wp\/v2\/product_tag?post=5467"}],"curies":[{"name":"wp","href":"https:\/\/api.w.org\/{rel}","templated":true}]}}