{"id":5475,"date":"2025-08-26T01:39:08","date_gmt":"2025-08-25T23:39:08","guid":{"rendered":"http:\/\/klubmamgdynia.pl\/?post_type=product&#038;p=5475"},"modified":"2026-05-17T22:02:20","modified_gmt":"2026-05-17T20:02:20","slug":"ses-koraliki-do-prasowania-duzy-zestaw-fantasy-2400szt","status":"publish","type":"product","link":"http:\/\/klubmamgdynia.pl\/index.php\/produkt\/ses-koraliki-do-prasowania-duzy-zestaw-fantasy-2400szt\/","title":{"rendered":"Ses Koraliki Do Prasowania Du\u017cy Zestaw Fantasy 2400Szt."},"content":{"rendered":"<p>Stw\u00f3rz sw\u00f3j w\u0142asny \u015bwiat fantazji z koralik\u00f3w do prasowania SES. Skorzystaj z szablon\u00f3w, aby stworzy\u0107 najpi\u0119kniejsze jednoro\u017cce, motyle i syreny. W zestawie znajduj\u0105 si\u0119 r\u00f3wnie\u017c b\u0142yszcz\u0105ce koraliki do prasowania. Skorzystaj z przyk\u0142ad\u00f3w pokazanych na pude\u0142ku lub stw\u00f3rz w\u0142asne projekty.<\/p>\n<h2>Ses Koraliki Do Prasowania Du\u017cy Zestaw Fantasy 2400Szt. Ses<\/h2>\n<p>transformers kolorowanka, dobre \u017carty na prima aprilis, o\u015brodki wczasowe nad morzem dla rodzin z dzie\u0107mi, prezent dla 15 latki<\/p>\n<p>yyyyy<\/p>\n<p>&nbsp;<\/p>\n","protected":false},"excerpt":{"rendered":"<p>Stw\u00f3rz sw\u00f3j w\u0142asny \u015bwiat fantazji z koralik\u00f3w do prasowania SES. Skorzystaj z szablon\u00f3w, aby stworzy\u0107 najpi\u0119kniejsze jednoro\u017cce, motyle i syreny. W zestawie znajduj\u0105 si\u0119 r\u00f3wnie\u017c b\u0142yszcz\u0105ce koraliki do prasowania. Skorzystaj z przyk\u0142ad\u00f3w pokazanych na pude\u0142ku lub stw\u00f3rz w\u0142asne projekty. Ses Koraliki Do Prasowania Du\u017cy Zestaw Fantasy 2400Szt. Ses transformers kolorowanka, dobre \u017carty na prima aprilis, [&hellip;]<\/p>\n","protected":false},"featured_media":5476,"comment_status":"closed","ping_status":"open","template":"","meta":[],"product_cat":[357,21],"product_tag":[603,836,807,711,586],"class_list":["post-5475","product","type-product","status-publish","has-post-thumbnail","hentry","product_cat-ses","product_cat-zabawki-plastyczne","product_tag-bajki-do-czytania","product_tag-co-kupic-dziecku-na-roczek","product_tag-logiczne-zagadki","product_tag-prezenty-dla-nastolatkow","product_tag-smieszne-zagadki"],"_links":{"self":[{"href":"http:\/\/klubmamgdynia.pl\/index.php\/wp-json\/wp\/v2\/product\/5475","targetHints":{"allow":["GET"]}}],"collection":[{"href":"http:\/\/klubmamgdynia.pl\/index.php\/wp-json\/wp\/v2\/product"}],"about":[{"href":"http:\/\/klubmamgdynia.pl\/index.php\/wp-json\/wp\/v2\/types\/product"}],"replies":[{"embeddable":true,"href":"http:\/\/klubmamgdynia.pl\/index.php\/wp-json\/wp\/v2\/comments?post=5475"}],"wp:featuredmedia":[{"embeddable":true,"href":"http:\/\/klubmamgdynia.pl\/index.php\/wp-json\/wp\/v2\/media\/5476"}],"wp:attachment":[{"href":"http:\/\/klubmamgdynia.pl\/index.php\/wp-json\/wp\/v2\/media?parent=5475"}],"wp:term":[{"taxonomy":"product_cat","embeddable":true,"href":"http:\/\/klubmamgdynia.pl\/index.php\/wp-json\/wp\/v2\/product_cat?post=5475"},{"taxonomy":"product_tag","embeddable":true,"href":"http:\/\/klubmamgdynia.pl\/index.php\/wp-json\/wp\/v2\/product_tag?post=5475"}],"curies":[{"name":"wp","href":"https:\/\/api.w.org\/{rel}","templated":true}]}}