{"id":5497,"date":"2022-06-15T23:00:22","date_gmt":"2022-06-15T21:00:22","guid":{"rendered":"http:\/\/klubmamgdynia.pl\/index.php\/produkt\/apteczka-abc-gruszka-z-miekkim-koncem-7-1szt\/"},"modified":"2026-04-23T04:16:36","modified_gmt":"2026-04-23T02:16:36","slug":"apteczka-abc-gruszka-z-miekkim-koncem-7-1szt","status":"publish","type":"product","link":"http:\/\/klubmamgdynia.pl\/index.php\/produkt\/apteczka-abc-gruszka-z-miekkim-koncem-7-1szt\/","title":{"rendered":"Apteczka ABC Gruszka Z Mi\u0119kkim Ko\u0144cem 7 1Szt"},"content":{"rendered":"<h2>Apteczka ABC Gruszka Z Mi\u0119kkim Ko\u0144cem 7 1Szt <\/h2>\n<p>alfabet kolorowanka, quiz o bajkach, \u0142amig\u0142\u00f3wki matematyczne, delfinarium polska, fajne prezenty dla nastolatk\u00f3w, zagadki do rozwi\u0105zania, film rodzinny o \u015bwi\u0119tach, rymowane zagadki, prezent dla 17 latka, malowanki, przeczytaj mi wiersz, skalne miasto, test z pana kleksa, my little pony kolorowanki, najrzadsze imiona w polsce<\/p>\n<p>yyyyy<\/p>\n<p>&nbsp;<\/p>\n","protected":false},"excerpt":{"rendered":"<p>Apteczka ABC Gruszka Z Mi\u0119kkim Ko\u0144cem 7 1Szt alfabet kolorowanka, quiz o bajkach, \u0142amig\u0142\u00f3wki matematyczne, delfinarium polska, fajne prezenty dla nastolatk\u00f3w, zagadki do rozwi\u0105zania, film rodzinny o \u015bwi\u0119tach, rymowane zagadki, prezent dla 17 latka, malowanki, przeczytaj mi wiersz, skalne miasto, test z pana kleksa, my little pony kolorowanki, najrzadsze imiona w polsce yyyyy &nbsp;<\/p>\n","protected":false},"featured_media":5498,"comment_status":"closed","ping_status":"open","template":"","meta":[],"product_cat":[953],"product_tag":[691,690,678,579,616],"class_list":["post-5497","product","type-product","status-publish","has-post-thumbnail","hentry","product_cat-aspiratory-i-gruszki-do-nosa","product_tag-gabriel","product_tag-pieski-male-dwa-tekst","product_tag-prezent-na-roczek-dla-dziewczynki","product_tag-quiz-opowiesci-z-narnii-lew-czarownica-i-stara-szafa","product_tag-test-mikolajek-25-pytan"],"_links":{"self":[{"href":"http:\/\/klubmamgdynia.pl\/index.php\/wp-json\/wp\/v2\/product\/5497","targetHints":{"allow":["GET"]}}],"collection":[{"href":"http:\/\/klubmamgdynia.pl\/index.php\/wp-json\/wp\/v2\/product"}],"about":[{"href":"http:\/\/klubmamgdynia.pl\/index.php\/wp-json\/wp\/v2\/types\/product"}],"replies":[{"embeddable":true,"href":"http:\/\/klubmamgdynia.pl\/index.php\/wp-json\/wp\/v2\/comments?post=5497"}],"wp:featuredmedia":[{"embeddable":true,"href":"http:\/\/klubmamgdynia.pl\/index.php\/wp-json\/wp\/v2\/media\/5498"}],"wp:attachment":[{"href":"http:\/\/klubmamgdynia.pl\/index.php\/wp-json\/wp\/v2\/media?parent=5497"}],"wp:term":[{"taxonomy":"product_cat","embeddable":true,"href":"http:\/\/klubmamgdynia.pl\/index.php\/wp-json\/wp\/v2\/product_cat?post=5497"},{"taxonomy":"product_tag","embeddable":true,"href":"http:\/\/klubmamgdynia.pl\/index.php\/wp-json\/wp\/v2\/product_tag?post=5497"}],"curies":[{"name":"wp","href":"https:\/\/api.w.org\/{rel}","templated":true}]}}