{"id":5499,"date":"2019-12-25T15:04:47","date_gmt":"2019-12-25T14:04:47","guid":{"rendered":"http:\/\/klubmamgdynia.pl\/index.php\/produkt\/dr-browns-dr-brown-browns-butelki-antykolkowe-options-270ml-150ml-szeroka-szyjka\/"},"modified":"2026-04-05T22:15:53","modified_gmt":"2026-04-05T20:15:53","slug":"dr-browns-dr-brown-browns-butelki-antykolkowe-options-270ml-150ml-szeroka-szyjka","status":"publish","type":"product","link":"http:\/\/klubmamgdynia.pl\/index.php\/produkt\/dr-browns-dr-brown-browns-butelki-antykolkowe-options-270ml-150ml-szeroka-szyjka\/","title":{"rendered":"Dr Brown&#8217;S Dr Brown Browns Butelki Antykolkowe Options 270Ml + 150Ml Szeroka Szyjka"},"content":{"rendered":"<p>NOWO\u015a\u0106 ! Nowy system butelek Antykolkowych Dr Browns Butelki kt\u00f3re rosn\u0105 razem z dzieckiem ! Najnowsze butelki Dr Browns Options daj\u0105 rodzicom mo\u017cliwo\u015b\u0107 wyboru, w jaki spos\u00f3b chc\u0105 karmi\u0107 swoje dziecko. Opatentowany system odpowietrzaj\u0105cy pozwala na karmienie dziecka butelk\u0105 Dr Browns z systemem lub bez systemu odpowietrzaj\u0105cego &#8211; w zale\u017cno\u015bci od potrzeb, upodoba\u0144 czy wieku dziecka. To pierwsza butelka na \u015bwiecie, kt\u00f3ra pozwala wybra\u0107 rodzicom, jaki rodzaj karmienia jest bardziej korzystny i akceptowany przez dziecko. W pierwszych miesi\u0105cach \u017cycia dziecka zaleca si\u0119 u\u017cywanie systemu odpowietrzaj\u0105cego Dr Browns wewn\u0105trz butelki, aby wyeliminowa\u0107 ryzyko kolki oraz zachowa\u0107 niezb\u0119dne sk\u0142adniki od\u017cywcze zawarte w mleku. Gdy dziecko jest starsze i bardziej rozwini\u0119te usuni\u0119cie systemu odpowietrzaj\u0105cego daje dodatkow\u0105 opcj\u0119 karmienia butelk\u0105 Dr Browns &#8211; tak jak w tradycyjnych butelkach z odpowietrzeniem znajduj\u0105cym si\u0119 w smoczku. Jedna butelka &#8211; dwa zastosowania! Innowacyjny, podw\u00f3jny system odpowietrzania pozwala na od\u017cywianie bez wysi\u0142ku i dyskomfortu &#8211; zapobiega powstawaniu pr\u00f3\u017cni wewn\u0105trz butelki i ogranicza problemy zwi\u0105zane z kolk\u0105, czkawk\u0105 i gazami. Ponadto system odpowietrzania skutecznie ogranicza utlenianie mleka, co sprzyja trwa\u0142o\u015bci niezb\u0119dnych sk\u0142adnik\u00f3w od\u017cywczych takich jak witamina C, A i E oraz lipid\u00f3w. Butelka ameryka\u0144skiej firmy Dr Browns skutecznie redukuje kolk\u0119 u niemowl\u0105t dzi\u0119ki opatentowanemu systemowi odpowietrzaj\u0105cemu. Butelka zawiera smoczek &#8222;poziom 1&#8221; (dla najmniejszych dzieci).- Redukuje kolki- Zapobiega powstawaniu p\u0119cherzyk\u00f3w powietrza w pokarmie- Medycznie potwierdzone zmniejszenie ryzyka infekcji ucha \u015brodkowego- Unikatowy system regulacji ci\u015bnienia sprawia, \u017ce dziecko jest karmione w najbardziej zbli\u017cony spos\u00f3b do naturalnego Butelka o pojemno\u015bci: 150ml + 270ml Zawarto\u015b\u0107 zestawu: &#8211; butelka 150ml 1szt &#8211; butelka 270ml 1szt &#8211; smoczek na butelk\u0119 Poziom 1 (0-3 miesi\u0105ce) 2szt &#8211; dwucz\u0119\u015bciowy, opatentowany system odpowietrzaj\u0105cy Butelka pochodzi z opakowania zbiorczego.<\/p>\n<h2>Dr BrownS Dr Brown Browns Butelki Antykolkowe Options 270Ml + 150Ml Szeroka Szyjka Dr Browns<\/h2>\n<p>felix net i nika oraz gang niewidzialnych ludzi quiz, mi\u0142osz imie, kolorowanki lato, kolorowanki do pobrania, gry planszowe dla m\u0142odzie\u017cy, gabriela, zagadki dla dzieci 6 lat, kolorowanki dla dzieci do druku, ale kino program, prezent dla nastolatk\u00f3w<\/p>\n<p>yyyyy<\/p>\n<p>&nbsp;<\/p>\n","protected":false},"excerpt":{"rendered":"<p>NOWO\u015a\u0106 ! Nowy system butelek Antykolkowych Dr Browns Butelki kt\u00f3re rosn\u0105 razem z dzieckiem ! Najnowsze butelki Dr Browns Options daj\u0105 rodzicom mo\u017cliwo\u015b\u0107 wyboru, w jaki spos\u00f3b chc\u0105 karmi\u0107 swoje dziecko. Opatentowany system odpowietrzaj\u0105cy pozwala na karmienie dziecka butelk\u0105 Dr Browns z systemem lub bez systemu odpowietrzaj\u0105cego &#8211; w zale\u017cno\u015bci od potrzeb, upodoba\u0144 czy wieku [&hellip;]<\/p>\n","protected":false},"featured_media":5500,"comment_status":"closed","ping_status":"open","template":"","meta":[],"product_cat":[195,1355],"product_tag":[719,727,590,643,703,591,738],"class_list":["post-5499","product","type-product","status-publish","has-post-thumbnail","hentry","product_cat-butelki","product_cat-dr-browns","product_tag-dziecko-cytaty-zlote-mysli","product_tag-godlo-polski-do-druku","product_tag-plac-zabaw-warszawa","product_tag-prezent-dla-17-latki","product_tag-prezent-dla-nastolatki","product_tag-quiz-o-minecraft","product_tag-wroclaw-dla-dzieci"],"_links":{"self":[{"href":"http:\/\/klubmamgdynia.pl\/index.php\/wp-json\/wp\/v2\/product\/5499","targetHints":{"allow":["GET"]}}],"collection":[{"href":"http:\/\/klubmamgdynia.pl\/index.php\/wp-json\/wp\/v2\/product"}],"about":[{"href":"http:\/\/klubmamgdynia.pl\/index.php\/wp-json\/wp\/v2\/types\/product"}],"replies":[{"embeddable":true,"href":"http:\/\/klubmamgdynia.pl\/index.php\/wp-json\/wp\/v2\/comments?post=5499"}],"wp:featuredmedia":[{"embeddable":true,"href":"http:\/\/klubmamgdynia.pl\/index.php\/wp-json\/wp\/v2\/media\/5500"}],"wp:attachment":[{"href":"http:\/\/klubmamgdynia.pl\/index.php\/wp-json\/wp\/v2\/media?parent=5499"}],"wp:term":[{"taxonomy":"product_cat","embeddable":true,"href":"http:\/\/klubmamgdynia.pl\/index.php\/wp-json\/wp\/v2\/product_cat?post=5499"},{"taxonomy":"product_tag","embeddable":true,"href":"http:\/\/klubmamgdynia.pl\/index.php\/wp-json\/wp\/v2\/product_tag?post=5499"}],"curies":[{"name":"wp","href":"https:\/\/api.w.org\/{rel}","templated":true}]}}