{"id":5507,"date":"2019-05-02T20:41:49","date_gmt":"2019-05-02T18:41:49","guid":{"rendered":"http:\/\/klubmamgdynia.pl\/index.php\/produkt\/dreame-t20-pro\/"},"modified":"2026-04-05T21:52:32","modified_gmt":"2026-04-05T19:52:32","slug":"dreame-t20-pro","status":"publish","type":"product","link":"http:\/\/klubmamgdynia.pl\/index.php\/produkt\/dreame-t20-pro\/","title":{"rendered":"DREAME T20 PRO"},"content":{"rendered":"<p>Odkurzacz bezprzewodowy Dreame T20 Pro pozwoli Ci przenie\u015b\u0107 sprz\u0105tanie na zupe\u0142nie nowy poziom. Silnik pracuj\u0105cy z pr\u0119dko\u015bci\u0105 125 000 obrot\u00f3w na minut\u0119 gwarantuje niezr\u00f3wnan\u0105 wydajno\u015b\u0107.\u00a0                            <\/p>\n<p>DREAME T20 PROOdkurzacz inteligentnie skanuje sprz\u0105tan\u0105 powierzchni\u0119, a nast\u0119pnie dostosowuje do niej moc ss\u0105c\u0105. W zestawie znajdziesz te\u017c kilka wymiennych szczotek, dzi\u0119ki kt\u00f3rym dok\u0142adnie posprz\u0105tasz ca\u0142y dom.                            <\/p>\n<p>Filtr HEPA &#8211; idealne rozwi\u0105zanie dla alergik\u00f3wSystem 5-stopniowej filtracji oraz filtr HEPA nie tylko umo\u017cliwiaj\u0105 skuteczne sprz\u0105tanie, ale te\u017c zapobiega wt\u00f3rnemu zanieczyszczeniu. Dzi\u0119ki tym rozwi\u0105zaniom T20 Pro doskonale rozprawia si\u0119 nawet z mikroskopijnymi cz\u0105steczkami brudu. Eliminuje do 99,9% roztoczy &#8211; idealnie sprawdzi si\u0119 wi\u0119c r\u00f3wnie\u017c w domach alergik\u00f3w.                            <\/p>\n<p>Wydajny akumulator\u00a0Dzi\u0119ki pojemnemu akumulatorowi Dreame T20 Pro zaskakuje d\u0142ugim czasem pracy. W standardowym trybie urz\u0105dzenie mo\u017ce odkurza\u0107 nawet przez 70 minut, w trybie g\u0142\u0119bokiego czyszczenia ok. 30 minut, a w trybie pe\u0142nej mocy do 8 minut. \u0141adowanie odkurzacza trwa tylko ok. 4 godziny. Do zestawu zosta\u0142 do\u0142\u0105czony dodatkowy akumulator, dzi\u0119ki czemu mo\u017cesz odkurza\u0107 tak d\u0142ugo, jak potrzebujesz.                            <\/p>\n<p>Wydajny silnik oraz system redukcji ha\u0142asuZa wydajn\u0105 prac\u0119 odkurzacza odpowiada jego silnik Dreame SPACE 4.0. Jego niesamowita pr\u0119dko\u015b\u0107 pozwala osi\u0105ga\u0107 moc ss\u0105c\u0105 na poziomie nawet 25 000 Pa. Dzi\u0119ki temu T20 Pro skutecznie i b\u0142yskawicznie pozbywa si\u0119 wszelkiego brudu &#8211; nawet najbardziej uci\u0105\u017cliwe odpady nie stanowi\u0105 dla niego wi\u0119kszego wyzwania.Dreame T20 Pro to r\u00f3wnie\u017c wyj\u0105tkowy komfort u\u017cytkowania. 8-stopniowa redukcja ha\u0142asu minimalizuje uci\u0105\u017cliwy szum &#8211; mo\u017cesz wi\u0119c cieszy\u0107 si\u0119 cisz\u0105 i spokojem podczas odkurzania.\u00a0                            <\/p>\n<p>Akcesoria w zestawieW opakowaniu opr\u00f3cz odkurzacza pionowego Dreame T20 Pro znajdziesz: p\u0142ask\u0105 szczotk\u0119 2w1, szczotk\u0119, szczelinow\u0105, uniwersaln\u0105 elektroszczotke, metalow\u0105 rur\u0119, mi\u0119kk\u0105 rolk\u0119, \u0142adowark\u0119, rozci\u0105gliw\u0105 rur\u0119, elektroszczotke do materacy, baz\u0119 \u0142aduj\u0105c\u0105 2w1, zbiornik na wod\u0119 + mop oraz 2 akumulatory.<\/p>\n<h2>DREAME T20 PRO Dreame<\/h2>\n<p>kolorowe kanapki kanapki dla dzieci, wierszyki o marzannie, daniel imie, mega trudne zagadki logiczne, jak narysowac kota, quiz o bajkach, zagadki dla 4 latka, zagadki dla starszych dzieci, zagadki o bo\u017cym narodzeniu, zagadki liczbowe, gdzie strumyk p\u0142ynie z wolna tekst, najlepsze place zabaw warszawa, aniela znaczenie imienia, co na roczek, renata to nie imi\u0119, prezent dla dwunastolatka, ninjago kolorowanka, wzory dyplom\u00f3w do pobrania, prezenty dla nastolatka, kolorowanka do druku super zings<\/p>\n<p>yyyyy<\/p>\n<p>&nbsp;<\/p>\n","protected":false},"excerpt":{"rendered":"<p>Odkurzacz bezprzewodowy Dreame T20 Pro pozwoli Ci przenie\u015b\u0107 sprz\u0105tanie na zupe\u0142nie nowy poziom. Silnik pracuj\u0105cy z pr\u0119dko\u015bci\u0105 125 000 obrot\u00f3w na minut\u0119 gwarantuje niezr\u00f3wnan\u0105 wydajno\u015b\u0107.\u00a0 DREAME T20 PROOdkurzacz inteligentnie skanuje sprz\u0105tan\u0105 powierzchni\u0119, a nast\u0119pnie dostosowuje do niej moc ss\u0105c\u0105. W zestawie znajdziesz te\u017c kilka wymiennych szczotek, dzi\u0119ki kt\u00f3rym dok\u0142adnie posprz\u0105tasz ca\u0142y dom. Filtr HEPA &#8211; [&hellip;]<\/p>\n","protected":false},"featured_media":5508,"comment_status":"closed","ping_status":"open","template":"","meta":[],"product_cat":[1358,1359],"product_tag":[730,751,653],"class_list":["post-5507","product","type-product","status-publish","has-post-thumbnail","hentry","product_cat-dreame","product_cat-odkurzacze-pionowe","product_tag-karyna","product_tag-psi-patrol-kolorowanka","product_tag-warszawa-dla-dzieci"],"_links":{"self":[{"href":"http:\/\/klubmamgdynia.pl\/index.php\/wp-json\/wp\/v2\/product\/5507","targetHints":{"allow":["GET"]}}],"collection":[{"href":"http:\/\/klubmamgdynia.pl\/index.php\/wp-json\/wp\/v2\/product"}],"about":[{"href":"http:\/\/klubmamgdynia.pl\/index.php\/wp-json\/wp\/v2\/types\/product"}],"replies":[{"embeddable":true,"href":"http:\/\/klubmamgdynia.pl\/index.php\/wp-json\/wp\/v2\/comments?post=5507"}],"wp:featuredmedia":[{"embeddable":true,"href":"http:\/\/klubmamgdynia.pl\/index.php\/wp-json\/wp\/v2\/media\/5508"}],"wp:attachment":[{"href":"http:\/\/klubmamgdynia.pl\/index.php\/wp-json\/wp\/v2\/media?parent=5507"}],"wp:term":[{"taxonomy":"product_cat","embeddable":true,"href":"http:\/\/klubmamgdynia.pl\/index.php\/wp-json\/wp\/v2\/product_cat?post=5507"},{"taxonomy":"product_tag","embeddable":true,"href":"http:\/\/klubmamgdynia.pl\/index.php\/wp-json\/wp\/v2\/product_tag?post=5507"}],"curies":[{"name":"wp","href":"https:\/\/api.w.org\/{rel}","templated":true}]}}