{"id":551,"date":"2017-10-07T23:34:51","date_gmt":"2017-10-07T21:34:51","guid":{"rendered":"http:\/\/klubmamgdynia.pl\/index.php\/produkt\/sweets-kendama-hobie-doan-signature-cushion-clear\/"},"modified":"2026-04-04T14:44:05","modified_gmt":"2026-04-04T12:44:05","slug":"sweets-kendama-hobie-doan-signature-cushion-clear","status":"publish","type":"product","link":"http:\/\/klubmamgdynia.pl\/index.php\/produkt\/sweets-kendama-hobie-doan-signature-cushion-clear\/","title":{"rendered":"Sweets Kendama Hobie Doan Signature Cushion Clear"},"content":{"rendered":"<p>Hobie Doan w Sweets Kendama Mob z jego pierwszym Signature Mod! Hobie zacz\u0105\u0142 zabaw\u0119 z kendama kilka lat temu. Ogl\u0105danie nagra\u0144, na kt\u00f3rych uczy gry kendam\u0105 innych na ca\u0142ym \u015bwiecie, uczyni\u0142o go oczywistym wyborem dla zespo\u0142u. Wiedzieli\u015bmy, \u017ce musi zosta\u0107 oficjalnym cz\u0142onkiem rodziny Sweets. Pochodz\u0105cy z po\u0142udniowego Oregonu w USA Hobie sp\u0119dzi\u0142 swoje \u017cycie je\u017cd\u017c\u0105c na BMX-ach i pr\u00f3buj\u0105c zdobywa\u0107 kolejne poziomy w ka\u017cdy mo\u017cliwy spos\u00f3b. Jego codzienna har\u00f3wka jest wi\u0119cej ni\u017c godna podziwu i nieustannie motywuje nas do robienia jak najwi\u0119cej. Nowa pow\u0142oka tamy Cushion Clear opracowana przez Sweets Lab zaskakuje zaraz po wyj\u0119ciu z pude\u0142ka. Niesamowity dobry i lepki chwyt. Matowe wyko\u0144czenie zmi\u0119kcza uderzenia i zwi\u0119ksza kontrol\u0119 nad trikami balansowymi. A co najlepsze &#8211; Cushion Clear zachowuje doskona\u0142\u0105 grywalno\u015b\u0107 przez ca\u0142y okres u\u017cytkowania. Hobie Ken:- Kszta\u0142t typu BOOST- Wykonany z drewna klonowego- Balance Bavel (otw\u00f3r w base cup-ie)- Podpis Hobie Doan na Spike-u Boost Tama:- Wykonana z drewna wi\u015bniowego- Pow\u0142oka typu Cushion Clear- g\u00f3rne 70%: Hobie graffiti- dolne 30%: wz\u00f3r szprych w ko\u0142a BMX &#8211; Super szybkie \u0142o\u017cysko \/ Metal Spinner Drewno: Klon, Wi\u015bniaWysoko\u015b\u0107: 18,5cmSzeroko\u015b\u0107: 7,5cmD\u0142ugo\u015b\u0107 sznurka: 55cm\u015arednica kulki: 6cmW zestawie: Kendama, zapasowy sznurek i \u0142o\u017cysko (w tym narz\u0119dzie do pomocy w nawlekaniu), naklejki.<\/p>\n<h2>Sweets Kendama Hobie Doan Signature Cushion Clear Sweets Kendamas<\/h2>\n<p>kolorowanka lego friends, test magiczne drzewo czerwone krzes\u0142o, gabriela imie, literki do druku, filmy familijne walta disneya, spongebob kolorowanka, pytania zagadki, cytat o dzieciach, milena imie, test z opowie\u015bci z narnii lew czarownica i stara szafa, pikachu kolorowanka, anastazja imi\u0119, trudne zagadki logiczne, p\u0142atki \u015bniegu szablon, z\u0142ote my\u015bli o przyja\u017ani, paj\u0105czek na rowerze test, prezent na roczek dziewczynka<\/p>\n<p>yyyyy<\/p>\n<p>&nbsp;<\/p>\n","protected":false},"excerpt":{"rendered":"<p>Hobie Doan w Sweets Kendama Mob z jego pierwszym Signature Mod! Hobie zacz\u0105\u0142 zabaw\u0119 z kendama kilka lat temu. Ogl\u0105danie nagra\u0144, na kt\u00f3rych uczy gry kendam\u0105 innych na ca\u0142ym \u015bwiecie, uczyni\u0142o go oczywistym wyborem dla zespo\u0142u. Wiedzieli\u015bmy, \u017ce musi zosta\u0107 oficjalnym cz\u0142onkiem rodziny Sweets. Pochodz\u0105cy z po\u0142udniowego Oregonu w USA Hobie sp\u0119dzi\u0142 swoje \u017cycie je\u017cd\u017c\u0105c [&hellip;]<\/p>\n","protected":false},"featured_media":552,"comment_status":"closed","ping_status":"open","template":"","meta":[],"product_cat":[130,213],"product_tag":[837,866,717,757],"class_list":["post-551","product","type-product","status-publish","has-post-thumbnail","hentry","product_cat-gry-dzieciece","product_cat-sweets-kendamas","product_tag-cicha-noc-po-angielsku","product_tag-opis-do-zdjecia-dziecka-na-fb","product_tag-prezent-roczek","product_tag-test-z-lektury-ania-z-zielonego-wzgorza-klasa-6-z-odpowiedziami"],"_links":{"self":[{"href":"http:\/\/klubmamgdynia.pl\/index.php\/wp-json\/wp\/v2\/product\/551","targetHints":{"allow":["GET"]}}],"collection":[{"href":"http:\/\/klubmamgdynia.pl\/index.php\/wp-json\/wp\/v2\/product"}],"about":[{"href":"http:\/\/klubmamgdynia.pl\/index.php\/wp-json\/wp\/v2\/types\/product"}],"replies":[{"embeddable":true,"href":"http:\/\/klubmamgdynia.pl\/index.php\/wp-json\/wp\/v2\/comments?post=551"}],"wp:featuredmedia":[{"embeddable":true,"href":"http:\/\/klubmamgdynia.pl\/index.php\/wp-json\/wp\/v2\/media\/552"}],"wp:attachment":[{"href":"http:\/\/klubmamgdynia.pl\/index.php\/wp-json\/wp\/v2\/media?parent=551"}],"wp:term":[{"taxonomy":"product_cat","embeddable":true,"href":"http:\/\/klubmamgdynia.pl\/index.php\/wp-json\/wp\/v2\/product_cat?post=551"},{"taxonomy":"product_tag","embeddable":true,"href":"http:\/\/klubmamgdynia.pl\/index.php\/wp-json\/wp\/v2\/product_tag?post=551"}],"curies":[{"name":"wp","href":"https:\/\/api.w.org\/{rel}","templated":true}]}}