{"id":5523,"date":"2022-05-14T12:28:04","date_gmt":"2022-05-14T10:28:04","guid":{"rendered":"http:\/\/klubmamgdynia.pl\/index.php\/produkt\/dreame-t20\/"},"modified":"2026-04-04T23:22:06","modified_gmt":"2026-04-04T21:22:06","slug":"dreame-t20","status":"publish","type":"product","link":"http:\/\/klubmamgdynia.pl\/index.php\/produkt\/dreame-t20\/","title":{"rendered":"DREAME T20"},"content":{"rendered":"<p>Przeno\u015bny, bezprzewodowy odkurzacz DREAME T20 to najlepszy spos\u00f3b na szybkie i dok\u0142adne sprz\u0105tanie, nawet trudno dost\u0119pnych miejsc.                            <\/p>\n<p>DREAME T20Dzi\u0119ki du\u017cej ilo\u015bci wymiennych ko\u0144c\u00f3wek, poradzi sobie zar\u00f3wno ze sprz\u0105taniem zakamark\u00f3w, jak te\u017c dywan\u00f3w, paneli, p\u0142ytek, a tak\u017ce samochodu. Poradzi sobie nie tylko z kurzem, ale r\u00f3wnie\u017c z sier\u015bci\u0105, tak wi\u0119c jest idealnym wyborem dla posiadaczy zwierz\u0105t.                            <\/p>\n<p>Ca\u0142kowita wygodaModel DREAME T20 charakteryzuje si\u0119 bardzo du\u017c\u0105 moc\u0105 ssania \u2013 150 airwat\u00f3w. Innowacyjny silnik, wykonany w najlepszej technologii lotniczej, a tak\u017ce zaawansowany 12 sto\u017ckowy separator cyklonowy to gwarancja na dok\u0142adne pozbycie si\u0119 brudu, kurzu, w\u0142os\u00f3w, sier\u015bci i innych zanieczyszcze\u0144. Napi\u0119cie akumulatora wynosi 25,2 V. Odkurzacz posiada funkcj\u0119 automatycznej regulacji mocy, kt\u00f3r\u0105 mo\u017cna dowolnie ustawia\u0107 w zale\u017cno\u015bci od sprz\u0105tanej powierzchni. To sprawia, \u017ce odkurzacz jest wydajniejszy, a sprz\u0105tanie przebiega sprawnie i szybko.                            <\/p>\n<p>Skuteczno\u015b\u0107Sprz\u0119t wyposa\u017cono w funkcjonalny, 5-stopniowy system filtracji, kt\u00f3ry wychwytuje cz\u0105steczki do 0,3 mikrona z dok\u0142adno\u015bci\u0105 do 99, 97%. Dzi\u0119ki temu znacznie przewy\u017csza inne modele z tej p\u00f3\u0142ki cenowej. DREAME T20 to gwarancja najdok\u0142adniejszego sprz\u0105tania. Dodatkowym atutem jest zastosowanie technologii zapobiegaj\u0105cej wpl\u0105tywaniu si\u0119 w\u0142os\u00f3w.                            <\/p>\n<p>\u0141atwy dost\u0119p do ka\u017cdej powerzchniPe\u0142ne na\u0142adowanie akumulatora trwa 4 godziny, co wystarcza na oko\u0142o 70 minut pracy w trybie normalnym. Dzi\u0119ki temu mo\u017cna swobodnie sprz\u0105ta\u0107 nawet du\u017ce powierzchnie. Model wyposa\u017cono w 3 tryby pracy, kt\u00f3re mo\u017cna ustawi\u0107 na wy\u015bwietlaczu OLED oraz pojemnik na zbieranie kurzu.                            <\/p>\n<p>Komfortowe sprz\u0105tanieOd\u0142\u0105czana r\u0105czka sprawia, \u017ce u\u017cytkownik mo\u017ce u\u017cywa\u0107 sprz\u0119tu jako odkurzacza r\u0119cznego, na przyk\u0142ad do sprz\u0105tania samochodu, mebli, odkurzania krzese\u0142 czy trudno dost\u0119pnych miejsc. To praktyczne i niezwykle wygodne rozwi\u0105zanie, kt\u00f3re sprawia, \u017ce sprz\u0105tanie z DREAME T20 jest jeszcze bardziej efektywne.                            <\/p>\n<p>Dwie szczotkiDREAME T20 posiada du\u017ce wyposa\u017cenie dodatkowych dysz i szczotek. W zestawie znajduje si\u0119: p\u0142aska szczotka 2w1, uniwersalna elektroszczotka do r\u00f3\u017cnych powierzchni, ssawka szczelinowa, idealne do sprz\u0105tania trudno dost\u0119pnych miejsc i zakamark\u00f3w, a tak\u017ce elektroszczotka do materacy. Opr\u00f3cz tego do zestawu do\u0142\u0105czona jest rura teleskopowa i baza \u0142aduj\u0105ca, kt\u00f3r\u0105 mo\u017cna przytwierdzi\u0107 do \u015bciany. W ten spos\u00f3b u\u017cytkownik \u0142atwo na\u0142aduje odkurzacz, a tak\u017ce zyska praktyczne miejsce do jego przechowywania.                            <\/p>\n<p>Solidny i eleganckiModel DREAME T20 w szaro \u2013 czerwonym kolorze to niezwykle elegancki, nowoczesny odkurzacz o stylowym designie. Prezentuje si\u0119 doskonale pod ka\u017cdym wzgl\u0119dem, zachwyca atrakcyjn\u0105 cen\u0105 oraz doskona\u0142ymi parametrami. Producent zadba\u0142 o solidn\u0105 obudow\u0119 i mocn\u0105 konstrukcj\u0119, dzi\u0119ki czemu jest to zakup na d\u0142ugie lata.                            <\/p>\n<p>Wyposa\u017cenieOdkurzacz DRAME posiada kart\u0119 gwarancyjn\u0105 oraz instrukcj\u0119 obs\u0142ugi w j\u0119zyku polskim. Dodatkowo wymienne dysze i szczotki oraz baza \u0142aduj\u0105ca. Przed pierwszym u\u017cyciem, koniecznie nale\u017cy zapozna\u0107 si\u0119 z instrukcj\u0105, by prawid\u0142owo u\u017cytkowa\u0107 sprz\u0119t.<\/p>\n<h2>DREAME T20 Dreame<\/h2>\n<p>zagadki dla 3 latka, zabawy z pi\u0142k\u0105 dla dzieci, atrakcje warszawa dla dzieci, jaki prezent na roczek dla ch\u0142opca, prezent na urodziny dla nastolatk\u00f3w, bajki dla dzieci na dobranoc, maska do druku, historia pluszowego misia, zabawka na roczek, pies rysunek, prezent na roczek dla chlopca, eneduerabe, misie z bajek<\/p>\n<p>yyyyy<\/p>\n<p>&nbsp;<\/p>\n","protected":false},"excerpt":{"rendered":"<p>Przeno\u015bny, bezprzewodowy odkurzacz DREAME T20 to najlepszy spos\u00f3b na szybkie i dok\u0142adne sprz\u0105tanie, nawet trudno dost\u0119pnych miejsc. DREAME T20Dzi\u0119ki du\u017cej ilo\u015bci wymiennych ko\u0144c\u00f3wek, poradzi sobie zar\u00f3wno ze sprz\u0105taniem zakamark\u00f3w, jak te\u017c dywan\u00f3w, paneli, p\u0142ytek, a tak\u017ce samochodu. Poradzi sobie nie tylko z kurzem, ale r\u00f3wnie\u017c z sier\u015bci\u0105, tak wi\u0119c jest idealnym wyborem dla posiadaczy zwierz\u0105t. [&hellip;]<\/p>\n","protected":false},"featured_media":5524,"comment_status":"closed","ping_status":"open","template":"","meta":[],"product_cat":[1358,1359],"product_tag":[865,790,657,643,628],"class_list":["post-5523","product","type-product","status-publish","has-post-thumbnail","hentry","product_cat-dreame","product_cat-odkurzacze-pionowe","product_tag-cytaty-o-dzieciach","product_tag-gry-planszowe-dla-nastolatkow","product_tag-lol-kolorowanka","product_tag-prezent-dla-17-latki","product_tag-zagadka"],"_links":{"self":[{"href":"http:\/\/klubmamgdynia.pl\/index.php\/wp-json\/wp\/v2\/product\/5523","targetHints":{"allow":["GET"]}}],"collection":[{"href":"http:\/\/klubmamgdynia.pl\/index.php\/wp-json\/wp\/v2\/product"}],"about":[{"href":"http:\/\/klubmamgdynia.pl\/index.php\/wp-json\/wp\/v2\/types\/product"}],"replies":[{"embeddable":true,"href":"http:\/\/klubmamgdynia.pl\/index.php\/wp-json\/wp\/v2\/comments?post=5523"}],"wp:featuredmedia":[{"embeddable":true,"href":"http:\/\/klubmamgdynia.pl\/index.php\/wp-json\/wp\/v2\/media\/5524"}],"wp:attachment":[{"href":"http:\/\/klubmamgdynia.pl\/index.php\/wp-json\/wp\/v2\/media?parent=5523"}],"wp:term":[{"taxonomy":"product_cat","embeddable":true,"href":"http:\/\/klubmamgdynia.pl\/index.php\/wp-json\/wp\/v2\/product_cat?post=5523"},{"taxonomy":"product_tag","embeddable":true,"href":"http:\/\/klubmamgdynia.pl\/index.php\/wp-json\/wp\/v2\/product_tag?post=5523"}],"curies":[{"name":"wp","href":"https:\/\/api.w.org\/{rel}","templated":true}]}}