{"id":5525,"date":"2024-04-24T14:37:48","date_gmt":"2024-04-24T12:37:48","guid":{"rendered":"http:\/\/klubmamgdynia.pl\/?post_type=product&#038;p=5525"},"modified":"2026-05-17T22:05:42","modified_gmt":"2026-05-17T20:05:42","slug":"lisciani-yokai-watch-art-school","status":"publish","type":"product","link":"http:\/\/klubmamgdynia.pl\/index.php\/produkt\/lisciani-yokai-watch-art-school\/","title":{"rendered":"Lisciani Yokai Watch Art School"},"content":{"rendered":"<p>Dzi\u0119ki 4 tabliczkom z r\u00f3\u017cnymi bazami, specjalnemu pisakowi i praktycznemu zeszytowi, kt\u00f3re do\u0142\u0105czone s\u0105 do pude\u0142ka, dziecko nauczy si\u0119 rysowa\u0107 w towarzystwie bohater\u00f3w Yokai Watch! Zabawny zestaw do rozwijania zdolno\u015bci manualnych, kreatywno\u015bci i fantazji!Dla dzieci w wieku od 4 lat<\/p>\n<h2>Lisciani Yokai Watch Art School Lisciani Giochi<\/h2>\n<p>gry i zabawy ruchowe, kwiecien plecien, jak narysowa\u0107 anio\u0142ka, pomys\u0142y na prezent dla nastolatk\u00f3w, jak narysowa\u0107 anio\u0142ka, zagadki dla dzieci, quiz felix net i nika oraz gang niewidzialnych ludzi, kolorowe ciasto, zagadki z odpowiedziami, jagna<\/p>\n<p>yyyyy<\/p>\n<p>&nbsp;<\/p>\n","protected":false},"excerpt":{"rendered":"<p>Dzi\u0119ki 4 tabliczkom z r\u00f3\u017cnymi bazami, specjalnemu pisakowi i praktycznemu zeszytowi, kt\u00f3re do\u0142\u0105czone s\u0105 do pude\u0142ka, dziecko nauczy si\u0119 rysowa\u0107 w towarzystwie bohater\u00f3w Yokai Watch! Zabawny zestaw do rozwijania zdolno\u015bci manualnych, kreatywno\u015bci i fantazji!Dla dzieci w wieku od 4 lat Lisciani Yokai Watch Art School Lisciani Giochi gry i zabawy ruchowe, kwiecien plecien, jak narysowa\u0107 [&hellip;]<\/p>\n","protected":false},"featured_media":5526,"comment_status":"closed","ping_status":"open","template":"","meta":[],"product_cat":[553,21],"product_tag":[583,638,605],"class_list":["post-5525","product","type-product","status-publish","has-post-thumbnail","hentry","product_cat-lisciani-giochi","product_cat-zabawki-plastyczne","product_tag-kolysanki-dla-dzieci-tekst","product_tag-miastodzieci","product_tag-milena"],"_links":{"self":[{"href":"http:\/\/klubmamgdynia.pl\/index.php\/wp-json\/wp\/v2\/product\/5525","targetHints":{"allow":["GET"]}}],"collection":[{"href":"http:\/\/klubmamgdynia.pl\/index.php\/wp-json\/wp\/v2\/product"}],"about":[{"href":"http:\/\/klubmamgdynia.pl\/index.php\/wp-json\/wp\/v2\/types\/product"}],"replies":[{"embeddable":true,"href":"http:\/\/klubmamgdynia.pl\/index.php\/wp-json\/wp\/v2\/comments?post=5525"}],"wp:featuredmedia":[{"embeddable":true,"href":"http:\/\/klubmamgdynia.pl\/index.php\/wp-json\/wp\/v2\/media\/5526"}],"wp:attachment":[{"href":"http:\/\/klubmamgdynia.pl\/index.php\/wp-json\/wp\/v2\/media?parent=5525"}],"wp:term":[{"taxonomy":"product_cat","embeddable":true,"href":"http:\/\/klubmamgdynia.pl\/index.php\/wp-json\/wp\/v2\/product_cat?post=5525"},{"taxonomy":"product_tag","embeddable":true,"href":"http:\/\/klubmamgdynia.pl\/index.php\/wp-json\/wp\/v2\/product_tag?post=5525"}],"curies":[{"name":"wp","href":"https:\/\/api.w.org\/{rel}","templated":true}]}}