{"id":5533,"date":"2012-10-12T06:45:21","date_gmt":"2012-10-12T04:45:21","guid":{"rendered":"http:\/\/klubmamgdynia.pl\/index.php\/produkt\/fisher-price-little-people-w-kolkowicach-plac-budowy-v2748\/"},"modified":"2026-04-05T23:53:38","modified_gmt":"2026-04-05T21:53:38","slug":"fisher-price-little-people-w-kolkowicach-plac-budowy-v2748","status":"publish","type":"product","link":"http:\/\/klubmamgdynia.pl\/index.php\/produkt\/fisher-price-little-people-w-kolkowicach-plac-budowy-v2748\/","title":{"rendered":"Fisher-Price Little People W K\u00f3\u0142kowicach Plac Budowy V2748"},"content":{"rendered":"<p>Dzieci mog\u0105 wzi\u0105\u0107 swoje wy\u015bcig\u00f3wki Wheelies ze sob\u0105, maj\u0105c do dyspozycji zestaw \u201eW K\u00f3\u0142kowicach\u201d \u2013 plac budowy.W sk\u0142ad zestawu wchodz\u0105: g\u00f3rka, wiadukt z tunelami oraz 3 zjazdy o r\u00f3\u017cnych kszta\u0142tach (prosty, z zakr\u0119tem, mostek), kt\u00f3re\u0142\u0105cz\u0105 si\u0119 z dwoma pierwszymi elementami na wiele r\u00f3\u017cnych sposob\u00f3w, daj\u0105c liczne mo\u017cliwo\u015bci zabawy. G\u00f3rka zaopatrzonajest w r\u0105czk\u0119 do przenoszenia, a na dole ma wyci\u0119cia w formie tuneli. Na g\u00f3rce znajduje si\u0119 przestawna bramka, kt\u00f3rapozwala kierowa\u0107 auta w wybranym kierunku. W komplecie jest tak\u017ce 1 spycharka z wbudowan\u0105 figurk\u0105 Little People, orazg\u0142az i przestawna bramka z chor\u0105giewk\u0105 &#8211; elementy te mo\u017cna ustawia\u0107 w r\u00f3\u017cnych miejscach budowy. Po sko\u0144czonej zabawieca\u0142o\u015b\u0107 sk\u0142ada si\u0119 w zwart\u0105 konstrukcj\u0119, wewn\u0105trz kt\u00f3rej mo\u017cna przenosi\u0107 wszystkie elementy! Wiek od 12. miesi\u0105ca.<\/p>\n<h2>Fisher-Price Little People W K\u00f3\u0142kowicach Plac Budowy V2748 Fisher-Price<\/h2>\n<p>miasto dzieci, \u017c\u0105rty na prima aprilis, kolorowanki lol, wiosna zagadki s\u0142owne, zagadka, co kupi\u0107 na roczek dla ch\u0142opca, dla dzieci warszawa, szlaczki, kolorowanka kotek, proste przepisy dla dzieci, pytania wielkanocne, zagadki dla dzieci 6-7 lat online, malowanki dla dzieci do druku, testy z lektury opowie\u015bci z narni lew czarownica i stara szafa, zagadka matematyczna dla dzieci, quiz o zwierz\u0119tach domowych, test magiczne drzewo czerwone krzes\u0142o, ferie zimowe 2022 warszawa, kartka walentynkowa r\u0119cznie robiona \u0142atwa, proste zagadki logiczne<\/p>\n<p>yyyyy<\/p>\n<p>&nbsp;<\/p>\n","protected":false},"excerpt":{"rendered":"<p>Dzieci mog\u0105 wzi\u0105\u0107 swoje wy\u015bcig\u00f3wki Wheelies ze sob\u0105, maj\u0105c do dyspozycji zestaw \u201eW K\u00f3\u0142kowicach\u201d \u2013 plac budowy.W sk\u0142ad zestawu wchodz\u0105: g\u00f3rka, wiadukt z tunelami oraz 3 zjazdy o r\u00f3\u017cnych kszta\u0142tach (prosty, z zakr\u0119tem, mostek), kt\u00f3re\u0142\u0105cz\u0105 si\u0119 z dwoma pierwszymi elementami na wiele r\u00f3\u017cnych sposob\u00f3w, daj\u0105c liczne mo\u017cliwo\u015bci zabawy. G\u00f3rka zaopatrzonajest w r\u0105czk\u0119 do przenoszenia, a [&hellip;]<\/p>\n","protected":false},"featured_media":5534,"comment_status":"closed","ping_status":"open","template":"","meta":[],"product_cat":[95,1365],"product_tag":[696,673,640,634],"class_list":["post-5533","product","type-product","status-publish","has-post-thumbnail","hentry","product_cat-figurki-makiety-i-zestawy","product_cat-fisher-price","product_tag-film-rodzinny-o-swietach","product_tag-juz-blisko-koleda-tekst","product_tag-prezent-dla-rocznej-dziewczynki","product_tag-zagadki-wielkanocne-dla-dzieci"],"_links":{"self":[{"href":"http:\/\/klubmamgdynia.pl\/index.php\/wp-json\/wp\/v2\/product\/5533","targetHints":{"allow":["GET"]}}],"collection":[{"href":"http:\/\/klubmamgdynia.pl\/index.php\/wp-json\/wp\/v2\/product"}],"about":[{"href":"http:\/\/klubmamgdynia.pl\/index.php\/wp-json\/wp\/v2\/types\/product"}],"replies":[{"embeddable":true,"href":"http:\/\/klubmamgdynia.pl\/index.php\/wp-json\/wp\/v2\/comments?post=5533"}],"wp:featuredmedia":[{"embeddable":true,"href":"http:\/\/klubmamgdynia.pl\/index.php\/wp-json\/wp\/v2\/media\/5534"}],"wp:attachment":[{"href":"http:\/\/klubmamgdynia.pl\/index.php\/wp-json\/wp\/v2\/media?parent=5533"}],"wp:term":[{"taxonomy":"product_cat","embeddable":true,"href":"http:\/\/klubmamgdynia.pl\/index.php\/wp-json\/wp\/v2\/product_cat?post=5533"},{"taxonomy":"product_tag","embeddable":true,"href":"http:\/\/klubmamgdynia.pl\/index.php\/wp-json\/wp\/v2\/product_tag?post=5533"}],"curies":[{"name":"wp","href":"https:\/\/api.w.org\/{rel}","templated":true}]}}