{"id":5545,"date":"2022-01-13T16:58:01","date_gmt":"2022-01-13T15:58:01","guid":{"rendered":"http:\/\/klubmamgdynia.pl\/index.php\/produkt\/kuchenka-beko-fse62120dx\/"},"modified":"2026-04-07T12:23:50","modified_gmt":"2026-04-07T10:23:50","slug":"kuchenka-beko-fse62120dx","status":"publish","type":"product","link":"http:\/\/klubmamgdynia.pl\/index.php\/produkt\/kuchenka-beko-fse62120dx\/","title":{"rendered":"Kuchenka Beko FSE62120DX"},"content":{"rendered":"<p>Beko FSE62120DX                            <\/p>\n<p>Booster                            <\/p>\n<p>Klasa energetyczna A                            <\/p>\n<p>Czyszczenie parowe Simple Steam                            <\/p>\n<p>Wydajne palniki                            <\/p>\n<p>Wydajne palniki gazoweSpecjalnie zaprojektowana konstrukcja palnik\u00f3w pozwoli\u0142a na znaczne zwi\u0119kszenie ich wydajno\u015bci. Dzi\u0119ki temu zaoszcz\u0119dzisz do 35% czasu i do 17% zu\u017cytego gazu podczas gotowania ulubionych potraw.                            <\/p>\n<p>Czyszczenie parowe Simple SteamFunkcja pomaga zmi\u0119kczy\u0107 najbardziej uporczywe zabrudzenia i t\u0142uste plamy, dzi\u0119ki czemu czyszczenie komory piekarnika jest jeszcze prostsze.                            <\/p>\n<p>BoosterSzybkie nagrzewanie Booster to funkcja znacznie u\u0142atwiaj\u0105ca pieczenie. Po jej w\u0142\u0105czeniu piekarnik wykorzystuje wszystkie dost\u0119pne \u017ar\u00f3d\u0142a ciep\u0142a, by szybko osi\u0105gn\u0105\u0107 zadan\u0105 temperatur\u0119, po czym wraca do nastawionego trybu pieczenia. Dzi\u0119ki tej funkcji nie musimy martwi\u0107 si\u0119, \u017ce zapomnieli\u015bmy odpowiednio wcze\u015bnie rozgrza\u0107 piekarnik.                            <\/p>\n<p>Pieczenie 3DPieczenie 3D to nowa generacja pieczenia, kt\u00f3ra aktywuje wszystkie elementy grzewcze i dzia\u0142a wielowymiarowo. G\u00f3rna i dolna grza\u0142ka, grza\u0142ka owalna w po\u0142\u0105czeniu z wentylatorem dzia\u0142aj\u0105 sekwencyjnie dla r\u00f3wnego roz\u0142o\u017cenia ciep\u0142a w ca\u0142ym wn\u0119trzu. Pieczenie 3D pozwala tak\u017ce piec kilka potraw jednocze\u015bnie.                            <\/p>\n<p>Pieczenie i termoobiegDzi\u0119ki r\u00f3wnoczesnej pracy dolnej i g\u00f3rnej grza\u0142ki oraz termoobiegu mo\u017cliwe jest szybsze pieczenie! Idealne do przygotowywania na przyk\u0142ad ciastek!                            <\/p>\n<p>Tradycyjne pieczenieDolna i g\u00f3rna grza\u0142ka ogrzewaj\u0105 potraw\u0119, pracuj\u0105c jednocze\u015bnie. Jest to idealne rozwi\u0105zanie do wypieku ciast, mi\u0119s oraz wszelkich da\u0144, kiedy chcemy uzyska\u0107 chrupi\u0105c\u0105 g\u00f3r\u0119.                            <\/p>\n<p>ZabezpieczenieW celu zwi\u0119kszenia bezpiecze\u0144stwa u\u017cywania kuchenek gazowych BEKO, zastosowano system zabezpieczenia przeciwwyp\u0142ywowego gazu. W przypadku zalania lub podmuchu powietrza, strumie\u0144 gazu jest automatycznie odcinany. Stanowi to standard w produktach Beko.                            <\/p>\n<p>TermoobiegJednoczesne u\u017cycie grza\u0142ki owalnej i wentylatora gwarantuje r\u00f3wne i optymalne dopieczenie ka\u017cdej \u2013 nawet bardzo du\u017cej \u2013 potrawy. Termoobieg umo\u017cliwia r\u00f3wnie\u017c jednoczesne wykorzystanie kilku poziom\u00f3w piekarnika, dzi\u0119ki czemu mo\u017cliwe jest upieczenie nawet kilku porcji na raz.                            <\/p>\n<p>Funkcja GrillGrill w domu? To nie problem. W\u0142\u0105cz g\u00f3rn\u0105 grza\u0142ke grillow\u0105, by przygotowa\u0107 idealne mi\u0119so, kie\u0142baski czy tosty &#8211; soczyste i pe\u0142ne warto\u015bci od\u017cywczych.                            <\/p>\n<p>Klasa energetyczna AKlasa energetyczna A w produktach Beko to gwarancja dba\u0142o\u015bci o \u015brodowisko naturalne i oszcz\u0119dno\u015b\u0107 dla Twojego bud\u017cetu rodzinnego.<\/p>\n<h2>Kuchenka Beko FSE62120DX Beko<\/h2>\n<p>prezent dla ch\u0142opca 7 lat, jak narysowa\u0107 pikachu, co\u015b dla nastolatk\u00f3w, ubieranki do druku, janusz korczak cytaty, bajki halloween, cukierku ty \u0142obuzie test, bajki na dobranoc do czytania, quizy dla przedszkolak\u00f3w, zygzak mcqueen kolorowanka, kolorowanki do druku dla dziewczynek<\/p>\n<p>yyyyy<\/p>\n<p>&nbsp;<\/p>\n","protected":false},"excerpt":{"rendered":"<p>Beko FSE62120DX Booster Klasa energetyczna A Czyszczenie parowe Simple Steam Wydajne palniki Wydajne palniki gazoweSpecjalnie zaprojektowana konstrukcja palnik\u00f3w pozwoli\u0142a na znaczne zwi\u0119kszenie ich wydajno\u015bci. Dzi\u0119ki temu zaoszcz\u0119dzisz do 35% czasu i do 17% zu\u017cytego gazu podczas gotowania ulubionych potraw. Czyszczenie parowe Simple SteamFunkcja pomaga zmi\u0119kczy\u0107 najbardziej uporczywe zabrudzenia i t\u0142uste plamy, dzi\u0119ki czemu czyszczenie komory [&hellip;]<\/p>\n","protected":false},"featured_media":5546,"comment_status":"closed","ping_status":"open","template":"","meta":[],"product_cat":[1368,1369],"product_tag":[644,795,815,814,620,601,701],"class_list":["post-5545","product","type-product","status-publish","has-post-thumbnail","hentry","product_cat-beko","product_cat-kuchenki-gazowo-elektryczne","product_tag-mia","product_tag-mini-zoo-warszawa","product_tag-ozdoby-choinkowe-dla-dzieci","product_tag-prezenty-dla-nastolatek","product_tag-quiz-opowiesci-z-narnii","product_tag-zagadki-co-to-jest","product_tag-zgadywanki-dla-dzieci"],"_links":{"self":[{"href":"http:\/\/klubmamgdynia.pl\/index.php\/wp-json\/wp\/v2\/product\/5545","targetHints":{"allow":["GET"]}}],"collection":[{"href":"http:\/\/klubmamgdynia.pl\/index.php\/wp-json\/wp\/v2\/product"}],"about":[{"href":"http:\/\/klubmamgdynia.pl\/index.php\/wp-json\/wp\/v2\/types\/product"}],"replies":[{"embeddable":true,"href":"http:\/\/klubmamgdynia.pl\/index.php\/wp-json\/wp\/v2\/comments?post=5545"}],"wp:featuredmedia":[{"embeddable":true,"href":"http:\/\/klubmamgdynia.pl\/index.php\/wp-json\/wp\/v2\/media\/5546"}],"wp:attachment":[{"href":"http:\/\/klubmamgdynia.pl\/index.php\/wp-json\/wp\/v2\/media?parent=5545"}],"wp:term":[{"taxonomy":"product_cat","embeddable":true,"href":"http:\/\/klubmamgdynia.pl\/index.php\/wp-json\/wp\/v2\/product_cat?post=5545"},{"taxonomy":"product_tag","embeddable":true,"href":"http:\/\/klubmamgdynia.pl\/index.php\/wp-json\/wp\/v2\/product_tag?post=5545"}],"curies":[{"name":"wp","href":"https:\/\/api.w.org\/{rel}","templated":true}]}}