{"id":5567,"date":"2021-12-19T15:33:31","date_gmt":"2021-12-19T14:33:31","guid":{"rendered":"http:\/\/klubmamgdynia.pl\/index.php\/produkt\/vimse-wkladki-w-jednym-rozmiarze-do-pokrowcow-na-pieluchy-organic-cotton\/"},"modified":"2026-05-17T22:33:10","modified_gmt":"2026-05-17T20:33:10","slug":"vimse-wkladki-w-jednym-rozmiarze-do-pokrowcow-na-pieluchy-organic-cotton","status":"publish","type":"product","link":"http:\/\/klubmamgdynia.pl\/index.php\/produkt\/vimse-wkladki-w-jednym-rozmiarze-do-pokrowcow-na-pieluchy-organic-cotton\/","title":{"rendered":"Vimse Wk\u0142adki W Jednym Rozmiarze Do Pokrowc\u00f3w Na Pieluchy Organic Cotton"},"content":{"rendered":"<p>Bardzo ch\u0142onne i przyjemnie mi\u0119kkie Wk\u0142adki doskonale uzupe\u0142niaj\u0105 pokrowce na pieluchy w jednym rozmiarze. Podw\u00f3jne opakowanie sk\u0142adaj\u0105ce si\u0119 z wi\u0119kszej i mniejszej wk\u0142adki idealnie dopasowuje si\u0119 do wszystkich potrzeb. W razie potrzeby mo\u017cna je stosowa\u0107 samodzielnie lub \u0142\u0105czy\u0107 ze sob\u0105. Uwaga: wk\u0142adki mog\u0105 si\u0119 skurczy\u0107 nawet o 6% d\u0142ugo\u015bci. Wyprodukowano na \u0141otwie<\/p>\n<h2>Vimse Wk\u0142adki W Jednym Rozmiarze Do Pokrowc\u00f3w Na Pieluchy Organic Cotton <\/h2>\n<p>karnawa\u0142 maska karnawa\u0142owa szablon, zagadki dla dzieci 9 10 lat z odpowiedziami, list do gwiazdora, bardzo trudne zagadki, plac zabaw pozna\u0144, ko\u0142ysanka tekst, opis rodzina, trudne zagadki dla dzieci<\/p>\n<p>yyyyy<\/p>\n<p>&nbsp;<\/p>\n","protected":false},"excerpt":{"rendered":"<p>Bardzo ch\u0142onne i przyjemnie mi\u0119kkie Wk\u0142adki doskonale uzupe\u0142niaj\u0105 pokrowce na pieluchy w jednym rozmiarze. Podw\u00f3jne opakowanie sk\u0142adaj\u0105ce si\u0119 z wi\u0119kszej i mniejszej wk\u0142adki idealnie dopasowuje si\u0119 do wszystkich potrzeb. W razie potrzeby mo\u017cna je stosowa\u0107 samodzielnie lub \u0142\u0105czy\u0107 ze sob\u0105. Uwaga: wk\u0142adki mog\u0105 si\u0119 skurczy\u0107 nawet o 6% d\u0142ugo\u015bci. Wyprodukowano na \u0141otwie Vimse Wk\u0142adki W [&hellip;]<\/p>\n","protected":false},"featured_media":5568,"comment_status":"closed","ping_status":"open","template":"","meta":[],"product_cat":[17],"product_tag":[688,732,809,873],"class_list":["post-5567","product","type-product","status-publish","has-post-thumbnail","hentry","product_cat-pieluchy","product_tag-kolysanki-tekst","product_tag-prezent-dla-rocznego-chlopca","product_tag-zagadki","product_tag-zagadki-z-odpowiedziami-dla-dzieci"],"_links":{"self":[{"href":"http:\/\/klubmamgdynia.pl\/index.php\/wp-json\/wp\/v2\/product\/5567","targetHints":{"allow":["GET"]}}],"collection":[{"href":"http:\/\/klubmamgdynia.pl\/index.php\/wp-json\/wp\/v2\/product"}],"about":[{"href":"http:\/\/klubmamgdynia.pl\/index.php\/wp-json\/wp\/v2\/types\/product"}],"replies":[{"embeddable":true,"href":"http:\/\/klubmamgdynia.pl\/index.php\/wp-json\/wp\/v2\/comments?post=5567"}],"wp:featuredmedia":[{"embeddable":true,"href":"http:\/\/klubmamgdynia.pl\/index.php\/wp-json\/wp\/v2\/media\/5568"}],"wp:attachment":[{"href":"http:\/\/klubmamgdynia.pl\/index.php\/wp-json\/wp\/v2\/media?parent=5567"}],"wp:term":[{"taxonomy":"product_cat","embeddable":true,"href":"http:\/\/klubmamgdynia.pl\/index.php\/wp-json\/wp\/v2\/product_cat?post=5567"},{"taxonomy":"product_tag","embeddable":true,"href":"http:\/\/klubmamgdynia.pl\/index.php\/wp-json\/wp\/v2\/product_tag?post=5567"}],"curies":[{"name":"wp","href":"https:\/\/api.w.org\/{rel}","templated":true}]}}