{"id":5589,"date":"2023-08-08T16:06:48","date_gmt":"2023-08-08T14:06:48","guid":{"rendered":"http:\/\/klubmamgdynia.pl\/?post_type=product&#038;p=5589"},"modified":"2026-04-07T19:17:14","modified_gmt":"2026-04-07T17:17:14","slug":"winning-moves-puzzle-harry-potter-christmas-jumper-1-1000el","status":"publish","type":"product","link":"http:\/\/klubmamgdynia.pl\/index.php\/produkt\/winning-moves-puzzle-harry-potter-christmas-jumper-1-1000el\/","title":{"rendered":"Winning Moves Puzzle Harry Potter Christmas Jumper 1 1000El."},"content":{"rendered":"<p>&#8211; najszybsza wysy\u0142ka!<\/p>\n<h2>Winning Moves Puzzle Harry Potter Christmas Jumper 1 1000El. Winning Moves<\/h2>\n<p>ozdoby wielkanocne kt\u00f3re mog\u0105 zrobi\u0107 dzieci, kolorowanka spongebob, prezent na roczek dla chlopca, dobre zagadki logiczne, po\u0142\u0105cz kropki, postacie z bajek kolorowanki, maurycy, cytaty o wychowaniu dzieci, kolorowanki harry potter, dzien matki cytaty<\/p>\n<p>yyyyy<\/p>\n<p>&nbsp;<\/p>\n","protected":false},"excerpt":{"rendered":"<p>&#8211; najszybsza wysy\u0142ka! Winning Moves Puzzle Harry Potter Christmas Jumper 1 1000El. Winning Moves ozdoby wielkanocne kt\u00f3re mog\u0105 zrobi\u0107 dzieci, kolorowanka spongebob, prezent na roczek dla chlopca, dobre zagadki logiczne, po\u0142\u0105cz kropki, postacie z bajek kolorowanki, maurycy, cytaty o wychowaniu dzieci, kolorowanki harry potter, dzien matki cytaty yyyyy &nbsp;<\/p>\n","protected":false},"featured_media":5590,"comment_status":"closed","ping_status":"open","template":"","meta":[],"product_cat":[90,226],"product_tag":[865,854,591,625,767],"class_list":["post-5589","product","type-product","status-publish","has-post-thumbnail","hentry","product_cat-puzzle","product_cat-winning-moves","product_tag-cytaty-o-dzieciach","product_tag-cytaty-rodzina","product_tag-quiz-o-minecraft","product_tag-trojmiasto-atrakcje-dla-dzieci","product_tag-zaproszenia-urodzinowe-do-druku"],"_links":{"self":[{"href":"http:\/\/klubmamgdynia.pl\/index.php\/wp-json\/wp\/v2\/product\/5589","targetHints":{"allow":["GET"]}}],"collection":[{"href":"http:\/\/klubmamgdynia.pl\/index.php\/wp-json\/wp\/v2\/product"}],"about":[{"href":"http:\/\/klubmamgdynia.pl\/index.php\/wp-json\/wp\/v2\/types\/product"}],"replies":[{"embeddable":true,"href":"http:\/\/klubmamgdynia.pl\/index.php\/wp-json\/wp\/v2\/comments?post=5589"}],"wp:featuredmedia":[{"embeddable":true,"href":"http:\/\/klubmamgdynia.pl\/index.php\/wp-json\/wp\/v2\/media\/5590"}],"wp:attachment":[{"href":"http:\/\/klubmamgdynia.pl\/index.php\/wp-json\/wp\/v2\/media?parent=5589"}],"wp:term":[{"taxonomy":"product_cat","embeddable":true,"href":"http:\/\/klubmamgdynia.pl\/index.php\/wp-json\/wp\/v2\/product_cat?post=5589"},{"taxonomy":"product_tag","embeddable":true,"href":"http:\/\/klubmamgdynia.pl\/index.php\/wp-json\/wp\/v2\/product_tag?post=5589"}],"curies":[{"name":"wp","href":"https:\/\/api.w.org\/{rel}","templated":true}]}}