{"id":5599,"date":"2021-07-28T05:09:37","date_gmt":"2021-07-28T03:09:37","guid":{"rendered":"http:\/\/klubmamgdynia.pl\/index.php\/produkt\/norimpex-drewniane-puzzle-dla-doroslych-ukladanka-prezent\/"},"modified":"2026-04-19T00:38:32","modified_gmt":"2026-04-18T22:38:32","slug":"norimpex-drewniane-puzzle-dla-doroslych-ukladanka-prezent","status":"publish","type":"product","link":"http:\/\/klubmamgdynia.pl\/index.php\/produkt\/norimpex-drewniane-puzzle-dla-doroslych-ukladanka-prezent\/","title":{"rendered":"Norimpex Drewniane Puzzle Dla Doros\u0142ych Uk\u0142adanka Prezent"},"content":{"rendered":"<p>DREWNIANE PUZZLE DLA DOROS\u0141YCH UK\u0141ADANKA PREZENT S\u0141O\u0143DREWNIANE PUZZLE DLA DOROS\u0141YCH to niesamowity prezent zapewniaj\u0105cy godziny wspaniale sp\u0119dzonego czasu. Zestaw 183 element\u00f3w o nieregularnym kszta\u0142cie to wspania\u0142a rozrywka dla ka\u017cdego, kto ceni sobie unikalno\u015b\u0107 i lubi stawia\u0107 sobie nowe wyzwania!Wooden Puzzle 3D maj\u0105 niezwykle atrakcyjny motyw w kszta\u0142cie kolorowego S\u0141ONIA b\u0119dzie \u015bwietnie si\u0119 prezentowa\u0142 na \u015bcianie nadaj\u0105c jej niesamowitego charakteru!Uk\u0142adaj\u0105c puzzle nie tylko rozwijamy koncentracj\u0119, \u0107wiczymy cierpliwo\u015b\u0107, ale tak\u017ce pozwalamy sobie na chwil\u0119 relaksu i wyciszenia. Skupiaj\u0105c si\u0119 tylko na uk\u0142adance zapominamy o problemach, a pe\u0142ne u\u0142o\u017cenie puzzli daje nam mn\u00f3stwo satysfakcji.WykonanieObrazek wykonany jest ze sklejki pomalowanej r\u00f3\u017cnymi kolorami, a nast\u0119pnie zostaje poci\u0119ty specjaln\u0105 maszyn\u0105 na unikalne kszta\u0142ty.Kszta\u0142t puzzliKa\u017cdy element posiada nieregularny kszta\u0142t o wygl\u0105dzie zwierz\u0105t. W\u015br\u00f3d puzzli znajdziesz s\u0142onia, \u017cyraf\u0119, a nawet ptaka. Mn\u00f3stwo r\u00f3\u017cnych wzor\u00f3w nie u\u0142atwia uk\u0142adania, ale gdy ju\u017c dopasujesz odpowiedni kszta\u0142t do innego nape\u0142nisz si\u0119 rado\u015bci\u0105 i ogromn\u0105 satysfakcj\u0105.Pomys\u0142 na prezent lub dekoracj\u0119 \u015bcianyGotowy obraz mo\u017cesz zawiesi\u0107 na \u015bcianie dekoruj\u0105c j\u0105 unikalnym dzie\u0142em. Mo\u017cesz r\u00f3wnie\u017c podarowa\u0107 bliskiej osobie niesamowity prezent w\u0142asnor\u0119cznie uk\u0142adany.Do puzzli mo\u017cna dokupi\u0107 w w\u0142asnym zakresie ramk\u0119 a nast\u0119pnie stworzy\u0107 obraz, kt\u00f3ry \u015bwietnie prezentuje si\u0119 na \u015bcianie.Trudno\u015b\u0107Ze wzgl\u0119du na r\u00f3\u017cnorodno\u015b\u0107 kszta\u0142t\u00f3w, uk\u0142adanie drewnianych puzzli mo\u017ce si\u0119 okaza\u0107 trudniejsze od uk\u0142adania tradycyjnych puzzli. Na pewno potrzeba b\u0119dzie szczypty cierpliwo\u015bci i odrobiona wolnego czasu. Zapewniamy jednak, \u017ce efekt ko\u0144cowy wynagrodzi wszystko :)OpakowaniePuzzle zosta\u0142y zapakowane w woreczek, kt\u00f3ry umieszczono w stylowej, drewnianej skrzyneczce nadaj\u0105cej si\u0119 idealnie na prezent.Bezpiecze\u0144stwo:Poszczeg\u00f3lne elementy s\u0105 w pe\u0142ni bezpieczne i wykonane z nale\u017cyt\u0105 staranno\u015bci\u0105. Bezpiecze\u0144stwo potwierdza certyfikat CE.Korzy\u015bci, jakie zapewnia uk\u0142adanie puzzli:trening cierpliwo\u015bcirozw\u00f3j kreatywno\u015bci i logicznego my\u015bleniawspaniale sp\u0119dzony czaspi\u0119kna dekoracja na \u015bcian\u0119,unikalny pomys\u0142 na prezentMotyw: S\u0142o\u0144Ilo\u015b\u0107 element\u00f3w: 183Rozmiar LWymiary opakowania ok; 20 x 6,5 x 15cm<\/p>\n<h2>Norimpex Drewniane Puzzle Dla Doros\u0142ych Uk\u0142adanka Prezent Norimpex<\/h2>\n<p>zyczenia walentynkowe dla dzieci, karty pracy obrazki do wyklejania plastelin\u0105, na wyspach bergamutach tekst, ka\u0142u\u017cy\u015bci, m\u0105dra my\u015bl na dobranoc, zagadki logiczne i odpowiedzi, dla nastolatk\u00f3w prezenty, bajka o smoku wawelskim, atrakcje dla dzieci warszawa 2021, karaluchy pod poduchy, atrakcje dla dzieci trojmiasto, wierszyki na \u015bmigusa dyngusa, gry planszowe dla m\u0142odzie\u017cy, kartka walentynkowa r\u0119cznie robiona \u0142atwa, kolorowanki dla dziewczynek 10 lat, co mo\u017cna zrobi\u0107 z rolki papieru, bajka o miko\u0142aju do czytania, zabawy dla 7 latka<\/p>\n<p>yyyyy<\/p>\n<p>&nbsp;<\/p>\n","protected":false},"excerpt":{"rendered":"<p>DREWNIANE PUZZLE DLA DOROS\u0141YCH UK\u0141ADANKA PREZENT S\u0141O\u0143DREWNIANE PUZZLE DLA DOROS\u0141YCH to niesamowity prezent zapewniaj\u0105cy godziny wspaniale sp\u0119dzonego czasu. Zestaw 183 element\u00f3w o nieregularnym kszta\u0142cie to wspania\u0142a rozrywka dla ka\u017cdego, kto ceni sobie unikalno\u015b\u0107 i lubi stawia\u0107 sobie nowe wyzwania!Wooden Puzzle 3D maj\u0105 niezwykle atrakcyjny motyw w kszta\u0142cie kolorowego S\u0141ONIA b\u0119dzie \u015bwietnie si\u0119 prezentowa\u0142 na \u015bcianie [&hellip;]<\/p>\n","protected":false},"featured_media":5600,"comment_status":"closed","ping_status":"open","template":"","meta":[],"product_cat":[554,90],"product_tag":[696,583,745,628,799],"class_list":["post-5599","product","type-product","status-publish","has-post-thumbnail","hentry","product_cat-norimpex","product_cat-puzzle","product_tag-film-rodzinny-o-swietach","product_tag-kolysanki-dla-dzieci-tekst","product_tag-prezent-dla-15-latki","product_tag-zagadka","product_tag-zagadka-logiczna"],"_links":{"self":[{"href":"http:\/\/klubmamgdynia.pl\/index.php\/wp-json\/wp\/v2\/product\/5599","targetHints":{"allow":["GET"]}}],"collection":[{"href":"http:\/\/klubmamgdynia.pl\/index.php\/wp-json\/wp\/v2\/product"}],"about":[{"href":"http:\/\/klubmamgdynia.pl\/index.php\/wp-json\/wp\/v2\/types\/product"}],"replies":[{"embeddable":true,"href":"http:\/\/klubmamgdynia.pl\/index.php\/wp-json\/wp\/v2\/comments?post=5599"}],"wp:featuredmedia":[{"embeddable":true,"href":"http:\/\/klubmamgdynia.pl\/index.php\/wp-json\/wp\/v2\/media\/5600"}],"wp:attachment":[{"href":"http:\/\/klubmamgdynia.pl\/index.php\/wp-json\/wp\/v2\/media?parent=5599"}],"wp:term":[{"taxonomy":"product_cat","embeddable":true,"href":"http:\/\/klubmamgdynia.pl\/index.php\/wp-json\/wp\/v2\/product_cat?post=5599"},{"taxonomy":"product_tag","embeddable":true,"href":"http:\/\/klubmamgdynia.pl\/index.php\/wp-json\/wp\/v2\/product_tag?post=5599"}],"curies":[{"name":"wp","href":"https:\/\/api.w.org\/{rel}","templated":true}]}}