{"id":5613,"date":"2021-04-18T07:41:06","date_gmt":"2021-04-18T05:41:06","guid":{"rendered":"http:\/\/klubmamgdynia.pl\/index.php\/produkt\/gra-planszowa-prolog-twinfit-hyponyma-was-hat-den-gleichen-oberbegriff-wersja-niemiecka\/"},"modified":"2026-04-22T04:53:33","modified_gmt":"2026-04-22T02:53:33","slug":"gra-planszowa-prolog-twinfit-hyponyma-was-hat-den-gleichen-oberbegriff-wersja-niemiecka","status":"publish","type":"product","link":"http:\/\/klubmamgdynia.pl\/index.php\/produkt\/gra-planszowa-prolog-twinfit-hyponyma-was-hat-den-gleichen-oberbegriff-wersja-niemiecka\/","title":{"rendered":"Gra planszowa Prolog TwinFit Hyponyma Was hat den gleichen Oberbegriff? (wersja niemiecka)"},"content":{"rendered":"<p>Hier stehen Dinge im Mittelpunkt, die einer gemeinsamen Bedeutungsfamilie angeh\u00f6ren. Von 48 Bildkarten geh\u00f6ren je zwei zueinander, weil sie dem gleichen Oberbegriff angeh\u00f6ren. Aber welche ?(jeweils 48 Karten im Karton)ab 5 Jahren<\/p>\n<h2>Gra planszowa Prolog TwinFit Hyponyma Was hat den gleichen Oberbegriff? (wersja niemiecka) <\/h2>\n<p>zwierz\u0119ta z plasteliny, jaki prezent na roczek dla dziewczynki, literki do nauki pisania do druku, cytaty o wychowaniu dzieci, list do gwiazdora, \u017cyczenia na lany poniedzia\u0142ek wielkanocny, gry dla nastolatk\u00f3w, imie leon, gloria imie, szablon zaproszenia na urodziny do wydruku czarno bia\u0142e<\/p>\n<p>yyyyy<\/p>\n<p>&nbsp;<\/p>\n","protected":false},"excerpt":{"rendered":"<p>Hier stehen Dinge im Mittelpunkt, die einer gemeinsamen Bedeutungsfamilie angeh\u00f6ren. Von 48 Bildkarten geh\u00f6ren je zwei zueinander, weil sie dem gleichen Oberbegriff angeh\u00f6ren. Aber welche ?(jeweils 48 Karten im Karton)ab 5 Jahren Gra planszowa Prolog TwinFit Hyponyma Was hat den gleichen Oberbegriff? (wersja niemiecka) zwierz\u0119ta z plasteliny, jaki prezent na roczek dla dziewczynki, literki do [&hellip;]<\/p>\n","protected":false},"featured_media":5614,"comment_status":"closed","ping_status":"open","template":"","meta":[],"product_cat":[235],"product_tag":[583,770,840,799,811,733],"class_list":["post-5613","product","type-product","status-publish","has-post-thumbnail","hentry","product_cat-gry-planszowe","product_tag-kolysanki-dla-dzieci-tekst","product_tag-samolot-z-papieru","product_tag-stare-bajki","product_tag-zagadka-logiczna","product_tag-zagadki-logiczne-dla-dzieci","product_tag-zarty-na-prima-aprilis"],"_links":{"self":[{"href":"http:\/\/klubmamgdynia.pl\/index.php\/wp-json\/wp\/v2\/product\/5613","targetHints":{"allow":["GET"]}}],"collection":[{"href":"http:\/\/klubmamgdynia.pl\/index.php\/wp-json\/wp\/v2\/product"}],"about":[{"href":"http:\/\/klubmamgdynia.pl\/index.php\/wp-json\/wp\/v2\/types\/product"}],"replies":[{"embeddable":true,"href":"http:\/\/klubmamgdynia.pl\/index.php\/wp-json\/wp\/v2\/comments?post=5613"}],"wp:featuredmedia":[{"embeddable":true,"href":"http:\/\/klubmamgdynia.pl\/index.php\/wp-json\/wp\/v2\/media\/5614"}],"wp:attachment":[{"href":"http:\/\/klubmamgdynia.pl\/index.php\/wp-json\/wp\/v2\/media?parent=5613"}],"wp:term":[{"taxonomy":"product_cat","embeddable":true,"href":"http:\/\/klubmamgdynia.pl\/index.php\/wp-json\/wp\/v2\/product_cat?post=5613"},{"taxonomy":"product_tag","embeddable":true,"href":"http:\/\/klubmamgdynia.pl\/index.php\/wp-json\/wp\/v2\/product_tag?post=5613"}],"curies":[{"name":"wp","href":"https:\/\/api.w.org\/{rel}","templated":true}]}}