{"id":5647,"date":"2020-05-01T15:20:02","date_gmt":"2020-05-01T13:20:02","guid":{"rendered":"http:\/\/klubmamgdynia.pl\/index.php\/produkt\/little-dutch-duza-ksiazeczka-aktywizujaca-flowers-butterflies\/"},"modified":"2026-04-18T19:25:01","modified_gmt":"2026-04-18T17:25:01","slug":"little-dutch-duza-ksiazeczka-aktywizujaca-flowers-butterflies","status":"publish","type":"product","link":"http:\/\/klubmamgdynia.pl\/index.php\/produkt\/little-dutch-duza-ksiazeczka-aktywizujaca-flowers-butterflies\/","title":{"rendered":"Little Dutch Du\u017ca ksi\u0105\u017ceczka aktywizuj\u0105ca Flowers &amp; Butterflies"},"content":{"rendered":"<p>Ksi\u0105\u017ceczka aktywizuj\u0105c\u0105 Little Dutch z kolekcji Flowers &amp; Butterflies. Zawiera w \u015brodku r\u00f3\u017cnorodne faktury, materia\u0142y dzi\u0119ki kt\u00f3rym maluszek mo\u017ce stymulowa\u0107 swoje zmys\u0142y. Ksi\u0105\u017ceczka posiada uwielbiane przez maluch\u00f3w lustereczko, metki oraz piszcza\u0142k\u0119 i szele\u015bcika. Ksi\u0105\u017ceczka wspomaga koordynacj\u0119 r\u0119ka-oko. Mo\u017cna j\u0105 przymocowa\u0107 za pomoc\u0105 k\u00f3\u0142eczka do w\u00f3zka, gondoli lub fotelika samochodowego. Stanowi uzupe\u0142nienie dla pozosta\u0142ych produkt\u00f3w z kolekcji Flowers &amp; Butterflies.Little Dutch to holenderska firma rodzinna, prowadzona przez ma\u0142\u017ce\u0144stwo, kt\u00f3re wk\u0142ada ca\u0142e serce w tworzenie produkt\u00f3w dla najm\u0142odszych. W ofercie marki znajduj\u0105 si\u0119 doskona\u0142ej jako\u015bci tekstylia, produkowane z bawe\u0142ny organicznej z certyfikatem Oeko-tex, takie jak r\u0119czniki, \u015bpiworki do spania, otulacze, akcesoria do pokoik\u00f3w dzieci\u0119cych oraz zabawki sensoryczne dla niemowl\u0105t, jak r\u00f3wnie\u017c zabawki, czy pojazdy wytwarzane z drewna. Produkty Little Dutch cechuje spokojna, pastelowa kolorystyka.Wiek: rekomendowany od urodzeniaInstrukcja czyszczenia: pra\u0107 oddzielnie w maksymalnie 30 stopniachZgodno\u015b\u0107 z norm\u0105: EN-71-1-2-3<\/p>\n<h2>Little Dutch Du\u017ca ksi\u0105\u017ceczka aktywizuj\u0105ca Flowers &amp; Butterflies Little Dutch<\/h2>\n<p>\u0142\u00f3d\u017a atrakcje dla dzieci, kawaly na prima aprilis, li\u015bcie jesienne szablon, imie iwo, opowie\u015b\u0107 wigilijna test z odpowiedziami, cytat o rodzinie, quiz felix net i nika oraz gang niewidzialnych ludzi, test lew czarownica i stara szafa, bajki dla dzieci za darmo, kalendarz adwentowy diy z rolek, m.i.a., test z lektury felix net i nika oraz gang niewidzialnych ludzi, kolorowanki dla dziewczyn, rysunki krok po kroku<\/p>\n<p>yyyyy<\/p>\n<p>&nbsp;<\/p>\n","protected":false},"excerpt":{"rendered":"<p>Ksi\u0105\u017ceczka aktywizuj\u0105c\u0105 Little Dutch z kolekcji Flowers &amp; Butterflies. Zawiera w \u015brodku r\u00f3\u017cnorodne faktury, materia\u0142y dzi\u0119ki kt\u00f3rym maluszek mo\u017ce stymulowa\u0107 swoje zmys\u0142y. Ksi\u0105\u017ceczka posiada uwielbiane przez maluch\u00f3w lustereczko, metki oraz piszcza\u0142k\u0119 i szele\u015bcika. Ksi\u0105\u017ceczka wspomaga koordynacj\u0119 r\u0119ka-oko. Mo\u017cna j\u0105 przymocowa\u0107 za pomoc\u0105 k\u00f3\u0142eczka do w\u00f3zka, gondoli lub fotelika samochodowego. Stanowi uzupe\u0142nienie dla pozosta\u0142ych produkt\u00f3w z [&hellip;]<\/p>\n","protected":false},"featured_media":5648,"comment_status":"closed","ping_status":"open","template":"","meta":[],"product_cat":[167,61],"product_tag":[730,630,806,830,597,793],"class_list":["post-5647","product","type-product","status-publish","has-post-thumbnail","hentry","product_cat-little-dutch","product_cat-zabawki-edukacyjne-dla-niemowlat","product_tag-karyna","product_tag-podchwytliwe-zagadki-z-odpowiedziami","product_tag-prezent-dla-dziecka-na-roczek","product_tag-rodzina-cytaty","product_tag-zagadki-o-zimie","product_tag-zagadki-smieszne-podchwytliwe"],"_links":{"self":[{"href":"http:\/\/klubmamgdynia.pl\/index.php\/wp-json\/wp\/v2\/product\/5647","targetHints":{"allow":["GET"]}}],"collection":[{"href":"http:\/\/klubmamgdynia.pl\/index.php\/wp-json\/wp\/v2\/product"}],"about":[{"href":"http:\/\/klubmamgdynia.pl\/index.php\/wp-json\/wp\/v2\/types\/product"}],"replies":[{"embeddable":true,"href":"http:\/\/klubmamgdynia.pl\/index.php\/wp-json\/wp\/v2\/comments?post=5647"}],"wp:featuredmedia":[{"embeddable":true,"href":"http:\/\/klubmamgdynia.pl\/index.php\/wp-json\/wp\/v2\/media\/5648"}],"wp:attachment":[{"href":"http:\/\/klubmamgdynia.pl\/index.php\/wp-json\/wp\/v2\/media?parent=5647"}],"wp:term":[{"taxonomy":"product_cat","embeddable":true,"href":"http:\/\/klubmamgdynia.pl\/index.php\/wp-json\/wp\/v2\/product_cat?post=5647"},{"taxonomy":"product_tag","embeddable":true,"href":"http:\/\/klubmamgdynia.pl\/index.php\/wp-json\/wp\/v2\/product_tag?post=5647"}],"curies":[{"name":"wp","href":"https:\/\/api.w.org\/{rel}","templated":true}]}}