{"id":5667,"date":"2011-04-27T08:35:47","date_gmt":"2011-04-27T06:35:47","guid":{"rendered":"http:\/\/klubmamgdynia.pl\/index.php\/produkt\/crecy-publishing-air-ministry-pilots-notes\/"},"modified":"2026-04-30T00:45:27","modified_gmt":"2026-04-29T22:45:27","slug":"crecy-publishing-air-ministry-pilots-notes","status":"publish","type":"product","link":"http:\/\/klubmamgdynia.pl\/index.php\/produkt\/crecy-publishing-air-ministry-pilots-notes\/","title":{"rendered":"Crecy Publishing Air Ministry Pilot&#8217;S Notes"},"content":{"rendered":"<h2>Crecy Publishing Air Ministry PilotS Notes <\/h2>\n<p>na roczek dla dziewczynki, historia pluszowego misia dla dzieci, domki z rolek po papierze toaletowym, \u017carty na prima aprilis na rodzic\u00f3w, ozdoby na choink\u0119 dla dzieci z papieru, prima aprilis w szkole, szablony postacie do szopki do druku, zagadki \u015bmieszne, transformers kolorowanka, pomys\u0142y na prezent dla nastolatki, zagadki dla dzieci 6-7 lat online, piesek do kolorowania, wieliczka bon turystyczny, bajki dla dzieci na dobranoc, afryka\u0144skie imiona, \u0142amig\u0142\u00f3wki matematyczne, prezent dla 13 latki na \u015bwi\u0119ta, buziak gify na dobranoc smieszne<\/p>\n<p>yyyyy<\/p>\n<p>&nbsp;<\/p>\n","protected":false},"excerpt":{"rendered":"<p>Crecy Publishing Air Ministry PilotS Notes na roczek dla dziewczynki, historia pluszowego misia dla dzieci, domki z rolek po papierze toaletowym, \u017carty na prima aprilis na rodzic\u00f3w, ozdoby na choink\u0119 dla dzieci z papieru, prima aprilis w szkole, szablony postacie do szopki do druku, zagadki \u015bmieszne, transformers kolorowanka, pomys\u0142y na prezent dla nastolatki, zagadki dla [&hellip;]<\/p>\n","protected":false},"featured_media":5668,"comment_status":"closed","ping_status":"open","template":"","meta":[],"product_cat":[325],"product_tag":[772,765,727,675,712],"class_list":["post-5667","product","type-product","status-publish","has-post-thumbnail","hentry","product_cat-szkolne-artykuly-papiernicze","product_tag-45-panstw-europy-i-ich-stolice-quiz","product_tag-atrakcje-dla-dzieci-warszawa","product_tag-godlo-polski-do-druku","product_tag-test-z-lektury-kajko-i-kokosz-szkola-latania","product_tag-zagadki-o-zwierzetach"],"_links":{"self":[{"href":"http:\/\/klubmamgdynia.pl\/index.php\/wp-json\/wp\/v2\/product\/5667","targetHints":{"allow":["GET"]}}],"collection":[{"href":"http:\/\/klubmamgdynia.pl\/index.php\/wp-json\/wp\/v2\/product"}],"about":[{"href":"http:\/\/klubmamgdynia.pl\/index.php\/wp-json\/wp\/v2\/types\/product"}],"replies":[{"embeddable":true,"href":"http:\/\/klubmamgdynia.pl\/index.php\/wp-json\/wp\/v2\/comments?post=5667"}],"wp:featuredmedia":[{"embeddable":true,"href":"http:\/\/klubmamgdynia.pl\/index.php\/wp-json\/wp\/v2\/media\/5668"}],"wp:attachment":[{"href":"http:\/\/klubmamgdynia.pl\/index.php\/wp-json\/wp\/v2\/media?parent=5667"}],"wp:term":[{"taxonomy":"product_cat","embeddable":true,"href":"http:\/\/klubmamgdynia.pl\/index.php\/wp-json\/wp\/v2\/product_cat?post=5667"},{"taxonomy":"product_tag","embeddable":true,"href":"http:\/\/klubmamgdynia.pl\/index.php\/wp-json\/wp\/v2\/product_tag?post=5667"}],"curies":[{"name":"wp","href":"https:\/\/api.w.org\/{rel}","templated":true}]}}