{"id":5683,"date":"2017-08-17T19:28:24","date_gmt":"2017-08-17T17:28:24","guid":{"rendered":"http:\/\/klubmamgdynia.pl\/index.php\/produkt\/pojemnik-na-zabawki-z-pokrywa-myszka-minnie\/"},"modified":"2026-04-06T01:36:46","modified_gmt":"2026-04-05T23:36:46","slug":"pojemnik-na-zabawki-z-pokrywa-myszka-minnie","status":"publish","type":"product","link":"http:\/\/klubmamgdynia.pl\/index.php\/produkt\/pojemnik-na-zabawki-z-pokrywa-myszka-minnie\/","title":{"rendered":"Pojemnik Na Zabawki Z Pokryw\u0105 Myszka Minnie"},"content":{"rendered":"<h2>Pojemnik Na Zabawki Z Pokryw\u0105 Myszka Minnie Disney<\/h2>\n<p>\u017cyczenia wielkanocne dla dzieci kr\u00f3tkie, ma\u0142y ksi\u0105\u017ce cytaty, zagadki dla dzieci 6 lat, co kupi\u0107 dziewczynce na roczek, by\u0142a sobie \u017cabka ma\u0142a tekst, ksi\u0105\u017cka dla dzieci online, zagadki halloween dla dzieci, zagadki walentynkowe, znaki drogowe quiz, my little pony kolorowanka, eksperymenty dla dzieci wulkan, dzie\u0144 \u015bw patryka symbole do druku, bajki terapeutyczne o emocjach<\/p>\n<p>yyyyy<\/p>\n<p>&nbsp;<\/p>\n","protected":false},"excerpt":{"rendered":"<p>Pojemnik Na Zabawki Z Pokryw\u0105 Myszka Minnie Disney \u017cyczenia wielkanocne dla dzieci kr\u00f3tkie, ma\u0142y ksi\u0105\u017ce cytaty, zagadki dla dzieci 6 lat, co kupi\u0107 dziewczynce na roczek, by\u0142a sobie \u017cabka ma\u0142a tekst, ksi\u0105\u017cka dla dzieci online, zagadki halloween dla dzieci, zagadki walentynkowe, znaki drogowe quiz, my little pony kolorowanka, eksperymenty dla dzieci wulkan, dzie\u0144 \u015bw patryka [&hellip;]<\/p>\n","protected":false},"featured_media":5684,"comment_status":"closed","ping_status":"open","template":"","meta":[],"product_cat":[275,555],"product_tag":[578,699,787],"class_list":["post-5683","product","type-product","status-publish","has-post-thumbnail","hentry","product_cat-disney","product_cat-dzieciece-akcesoria-dekoracyjne","product_tag-fajne-zarty-na-prima-aprilis","product_tag-kolorowanki-do-druku-dla-dziewczyn","product_tag-nauka-pisania-wyrazow-dla-dzieci-do-druku-pdf"],"_links":{"self":[{"href":"http:\/\/klubmamgdynia.pl\/index.php\/wp-json\/wp\/v2\/product\/5683","targetHints":{"allow":["GET"]}}],"collection":[{"href":"http:\/\/klubmamgdynia.pl\/index.php\/wp-json\/wp\/v2\/product"}],"about":[{"href":"http:\/\/klubmamgdynia.pl\/index.php\/wp-json\/wp\/v2\/types\/product"}],"replies":[{"embeddable":true,"href":"http:\/\/klubmamgdynia.pl\/index.php\/wp-json\/wp\/v2\/comments?post=5683"}],"wp:featuredmedia":[{"embeddable":true,"href":"http:\/\/klubmamgdynia.pl\/index.php\/wp-json\/wp\/v2\/media\/5684"}],"wp:attachment":[{"href":"http:\/\/klubmamgdynia.pl\/index.php\/wp-json\/wp\/v2\/media?parent=5683"}],"wp:term":[{"taxonomy":"product_cat","embeddable":true,"href":"http:\/\/klubmamgdynia.pl\/index.php\/wp-json\/wp\/v2\/product_cat?post=5683"},{"taxonomy":"product_tag","embeddable":true,"href":"http:\/\/klubmamgdynia.pl\/index.php\/wp-json\/wp\/v2\/product_tag?post=5683"}],"curies":[{"name":"wp","href":"https:\/\/api.w.org\/{rel}","templated":true}]}}