{"id":5685,"date":"2025-01-24T15:11:26","date_gmt":"2025-01-24T14:11:26","guid":{"rendered":"http:\/\/klubmamgdynia.pl\/?post_type=product&#038;p=5685"},"modified":"2026-05-17T22:39:51","modified_gmt":"2026-05-17T20:39:51","slug":"mudpuppy-gra-domino-ksiezniczka-w-podroznym-opakowaniu","status":"publish","type":"product","link":"http:\/\/klubmamgdynia.pl\/index.php\/produkt\/mudpuppy-gra-domino-ksiezniczka-w-podroznym-opakowaniu\/","title":{"rendered":"Mudpuppy gra Domino Ksi\u0119\u017cniczka w podr\u00f3\u017cnym opakowaniu"},"content":{"rendered":"<p>Gra Domino Ksi\u0119\u017cniczka ameryka\u0144skiej marki MUDPUPPY sk\u0142ada si\u0119 28 dwustronnych kart. Po jednej ich stronie znajduj\u0105 si\u0119 klasyczne dla domina kropki, po drugiej \u2013 rzeczy lub postacie, zwi\u0105zane tematycznie z bajkowym \u015bwiatem ksi\u0119\u017cniczek, np. smok, ksi\u0105\u017c\u0119, zamieniony w \u017cab\u0119 czy wie\u017ca. Autork\u0105 ilustracji jest \u015bwiatowej s\u0142awy projektantka o pseudonimie Bikini Sous La Pluie. Karty zosta\u0142y wykonane z solidnego kartonu, pochodz\u0105cego z recyklingu. Gra domino to wspania\u0142a zabawa zar\u00f3wno dla dzieci, jak i doros\u0142ych. \u0106wiczy pami\u0119\u0107, uczy cierpliwo\u015bci i skupienia.Zapakowana jest w estetyczny, zamykany na suwak pokrowiec, kt\u00f3ry sprawdzi si\u0119 np. w podr\u00f3\u017cy. Idealnie nadaje si\u0119 tak\u017ce na prezent.Gry rozwijaj\u0105 my\u015blenie strategiczne i planowanie, ucz\u0105 rozwi\u0105zywania problem\u00f3w i wyostrzaj\u0105 pami\u0119\u0107. MUDPUPPY si\u0119ga po klasyczne formaty gier, nadaj\u0105c im nowe szaty \u2013 lubiane przez dzieci motywy, pi\u0119kne kolory i por\u0119czny format, kt\u00f3ry sprawdza si\u0119 w domu i w podr\u00f3\u017cy.kategoria: grywiek: 3+liczba element\u00f3w: 28materia\u0142: kartonwymiary opakowania: 21,5 x 11,5 x 3 cmAmeryka\u0144ska marka zabawek edukacyjnych MUDPUPPY powsta\u0142a w 1992 roku. Dzi\u015b jest znana na ca\u0142ym \u015bwiecie i cieszy si\u0119 powszechnym zaufaniem rodzic\u00f3w. Skupia si\u0119 na tworzeniu produkt\u00f3w, zach\u0119caj\u0105cych dzieci do tw\u00f3rczej aktywno\u015bci, a przy tym wspieraj\u0105cych ich rozw\u00f3j i stymuluj\u0105cych wyobra\u017ani\u0119. Oferta marki to g\u0142\u00f3wnie puzzle, gry, uk\u0142adanki oraz zestawy kreatywne, w tym tematyczne komplety magnes\u00f3w czy naklejek.Projekty MUDPUPPY inspirowane s\u0105 sztuk\u0105, m. in. ilustracj\u0105 dla dzieci. Marka stale wsp\u00f3\u0142pracuje ze wsp\u00f3\u0142czesnymi artystami, a jej produkty s\u0105 wci\u0105\u017c nagradzane za kreatywno\u015b\u0107, u\u017cyteczno\u015b\u0107 i innowacyjno\u015b\u0107.<\/p>\n<h2>Mudpuppy gra Domino Ksi\u0119\u017cniczka w podr\u00f3\u017cnym opakowaniu Mudpuppy<\/h2>\n<p>fabian, gotowe zaproszenia na urodziny do wydrukowania, pozytywne cytaty mama cytaty, markowa, cytaty przyja\u017a\u0144, zagadki o lesie, pomys\u0142y na prima aprilis w szkole, kolorowanki lato, jak zrobi\u0107 wulkan, wr\u00f3zby andrzejkowe dla dzieci, zagadki logiczne, dyplom za udzia\u0142 w konkursie do druku, rysunki krok po kroku, gry dla nastolatk\u00f3w, zdrowe dania dla dzieci, kolorowanki konie z je\u017ad\u017acem, by\u0142a sobie \u017cabka ma\u0142a tekst<\/p>\n<p>yyyyy<\/p>\n<p>&nbsp;<\/p>\n","protected":false},"excerpt":{"rendered":"<p>Gra Domino Ksi\u0119\u017cniczka ameryka\u0144skiej marki MUDPUPPY sk\u0142ada si\u0119 28 dwustronnych kart. Po jednej ich stronie znajduj\u0105 si\u0119 klasyczne dla domina kropki, po drugiej \u2013 rzeczy lub postacie, zwi\u0105zane tematycznie z bajkowym \u015bwiatem ksi\u0119\u017cniczek, np. smok, ksi\u0105\u017c\u0119, zamieniony w \u017cab\u0119 czy wie\u017ca. Autork\u0105 ilustracji jest \u015bwiatowej s\u0142awy projektantka o pseudonimie Bikini Sous La Pluie. Karty zosta\u0142y [&hellip;]<\/p>\n","protected":false},"featured_media":5686,"comment_status":"closed","ping_status":"open","template":"","meta":[],"product_cat":[1344,537],"product_tag":[697,804,592,607],"class_list":["post-5685","product","type-product","status-publish","has-post-thumbnail","hentry","product_cat-mudpuppy","product_cat-pozostale-zabawki-edukacyjne","product_tag-krotkie-bajki-do-czytania","product_tag-ryz-z-owocami","product_tag-zagadki-dla-dzieci","product_tag-zarty-na-prima-aprilis-dla-rodzicow"],"_links":{"self":[{"href":"http:\/\/klubmamgdynia.pl\/index.php\/wp-json\/wp\/v2\/product\/5685","targetHints":{"allow":["GET"]}}],"collection":[{"href":"http:\/\/klubmamgdynia.pl\/index.php\/wp-json\/wp\/v2\/product"}],"about":[{"href":"http:\/\/klubmamgdynia.pl\/index.php\/wp-json\/wp\/v2\/types\/product"}],"replies":[{"embeddable":true,"href":"http:\/\/klubmamgdynia.pl\/index.php\/wp-json\/wp\/v2\/comments?post=5685"}],"wp:featuredmedia":[{"embeddable":true,"href":"http:\/\/klubmamgdynia.pl\/index.php\/wp-json\/wp\/v2\/media\/5686"}],"wp:attachment":[{"href":"http:\/\/klubmamgdynia.pl\/index.php\/wp-json\/wp\/v2\/media?parent=5685"}],"wp:term":[{"taxonomy":"product_cat","embeddable":true,"href":"http:\/\/klubmamgdynia.pl\/index.php\/wp-json\/wp\/v2\/product_cat?post=5685"},{"taxonomy":"product_tag","embeddable":true,"href":"http:\/\/klubmamgdynia.pl\/index.php\/wp-json\/wp\/v2\/product_tag?post=5685"}],"curies":[{"name":"wp","href":"https:\/\/api.w.org\/{rel}","templated":true}]}}