{"id":5691,"date":"2011-05-06T21:29:32","date_gmt":"2011-05-06T19:29:32","guid":{"rendered":"http:\/\/klubmamgdynia.pl\/index.php\/produkt\/edgard-gry-i-zabawy-przedszkolaka\/"},"modified":"2026-04-06T01:13:44","modified_gmt":"2026-04-05T23:13:44","slug":"edgard-gry-i-zabawy-przedszkolaka","status":"publish","type":"product","link":"http:\/\/klubmamgdynia.pl\/index.php\/produkt\/edgard-gry-i-zabawy-przedszkolaka\/","title":{"rendered":"Edgard Gry i Zabawy Przedszkolaka"},"content":{"rendered":"<p>Gry i zabawy przedszkolakaAngielskie s\u0142\u00f3wka &#8211; \u0141amig\u0142\u00f3wki &#8211; Zegar\u201eGry i zabawy przedszkolaka\u201d (3\u20136 lat) to trzy gry, dzi\u0119ki kt\u00f3rym dzieci doskonal\u0105 umiej\u0119tno\u015bci matematyczne i j\u0119zykowe, rozwi\u0105zuj\u0105c \u0142amig\u0142\u00f3wki. B\u0119d\u0105 trenowa\u0107 przy tym my\u015blenie logiczne, naucz\u0105 si\u0119 rozpoznawania godzin na zegarach analogowych i cyfrowych oraz poznaj\u0105 najwa\u017cniejsze angielskie s\u0142\u00f3wka.Ka\u017cda talia kart oferuje kilka r\u00f3\u017cnorodnych wariant\u00f3w zabaw. Dzi\u0119ki nim przedszkolaki uzyskaj\u0105 sprawno\u015b\u0107 w selekcjonowaniu informacji, odnajdywaniu regu\u0142 w zbiorach, odgadywaniu sekwencji, liczeniu, dok\u0142adnym okre\u015blaniu czasu oraz tego, kt\u00f3ra godzina jest wcze\u015bniejsza, a kt\u00f3ra p\u00f3\u017aniejsza, a tak\u017ce w lot zapami\u0119taj\u0105 angielskie s\u0142ownictwo dotycz\u0105ce m.in. jedzenia, cz\u0119\u015bci cia\u0142a, zabawek czy rodziny.Szybkie i proste zabawy pozwol\u0105 przyswaja\u0107 informacje mimochodem, bez nu\u017c\u0105cych powt\u00f3rek czy wkuwania s\u0142\u00f3wek.Karty zosta\u0142y wyprodukowane w Polsce z najwy\u017csz\u0105 trosk\u0105 o bezpiecze\u0144stwo dzieci.&#8221;Wiek: 3\u20136 latZawarto\u015b\u0107 pakietu: 165 kart<\/p>\n<h2>Edgard Gry i Zabawy Przedszkolaka Edgard<\/h2>\n<p>quizy o miko\u0142ajku, prezenty na roczek dla ch\u0142opca, darmowe kolorowanki do druku, dawne ko\u0142ysanki teksty, zagadki dla dzieci o zwierz\u0119tach, kr\u00f3tkie bajki do czytania na dobranoc, prezent dla 1 latka, plecak torba i walizka, zaproszenia urodzinowe do wydruku chomikuj, lato, podzi\u0119kowania dla nauczyciela cytaty<\/p>\n<p>yyyyy<\/p>\n<p>&nbsp;<\/p>\n","protected":false},"excerpt":{"rendered":"<p>Gry i zabawy przedszkolakaAngielskie s\u0142\u00f3wka &#8211; \u0141amig\u0142\u00f3wki &#8211; Zegar\u201eGry i zabawy przedszkolaka\u201d (3\u20136 lat) to trzy gry, dzi\u0119ki kt\u00f3rym dzieci doskonal\u0105 umiej\u0119tno\u015bci matematyczne i j\u0119zykowe, rozwi\u0105zuj\u0105c \u0142amig\u0142\u00f3wki. B\u0119d\u0105 trenowa\u0107 przy tym my\u015blenie logiczne, naucz\u0105 si\u0119 rozpoznawania godzin na zegarach analogowych i cyfrowych oraz poznaj\u0105 najwa\u017cniejsze angielskie s\u0142\u00f3wka.Ka\u017cda talia kart oferuje kilka r\u00f3\u017cnorodnych wariant\u00f3w zabaw. Dzi\u0119ki [&hellip;]<\/p>\n","protected":false},"featured_media":5692,"comment_status":"closed","ping_status":"open","template":"","meta":[],"product_cat":[447,130],"product_tag":[740,642,855,783,769,576],"class_list":["post-5691","product","type-product","status-publish","has-post-thumbnail","hentry","product_cat-edgard","product_cat-gry-dzieciece","product_tag-fajne-prezenty-dla-nastolatkow","product_tag-mia-imie","product_tag-nietypowe-imiona-zenskie","product_tag-prezenty-na-roczek-dla-chlopca","product_tag-psi-patrol-do-czytania","product_tag-trudne-zagadki"],"_links":{"self":[{"href":"http:\/\/klubmamgdynia.pl\/index.php\/wp-json\/wp\/v2\/product\/5691","targetHints":{"allow":["GET"]}}],"collection":[{"href":"http:\/\/klubmamgdynia.pl\/index.php\/wp-json\/wp\/v2\/product"}],"about":[{"href":"http:\/\/klubmamgdynia.pl\/index.php\/wp-json\/wp\/v2\/types\/product"}],"replies":[{"embeddable":true,"href":"http:\/\/klubmamgdynia.pl\/index.php\/wp-json\/wp\/v2\/comments?post=5691"}],"wp:featuredmedia":[{"embeddable":true,"href":"http:\/\/klubmamgdynia.pl\/index.php\/wp-json\/wp\/v2\/media\/5692"}],"wp:attachment":[{"href":"http:\/\/klubmamgdynia.pl\/index.php\/wp-json\/wp\/v2\/media?parent=5691"}],"wp:term":[{"taxonomy":"product_cat","embeddable":true,"href":"http:\/\/klubmamgdynia.pl\/index.php\/wp-json\/wp\/v2\/product_cat?post=5691"},{"taxonomy":"product_tag","embeddable":true,"href":"http:\/\/klubmamgdynia.pl\/index.php\/wp-json\/wp\/v2\/product_tag?post=5691"}],"curies":[{"name":"wp","href":"https:\/\/api.w.org\/{rel}","templated":true}]}}