{"id":5693,"date":"2018-04-16T09:47:30","date_gmt":"2018-04-16T07:47:30","guid":{"rendered":"http:\/\/klubmamgdynia.pl\/index.php\/produkt\/teczka-z-gumka-a4-frozen\/"},"modified":"2026-04-05T20:26:23","modified_gmt":"2026-04-05T18:26:23","slug":"teczka-z-gumka-a4-frozen","status":"publish","type":"product","link":"http:\/\/klubmamgdynia.pl\/index.php\/produkt\/teczka-z-gumka-a4-frozen\/","title":{"rendered":"Teczka z gumk\u0105 A4 Frozen"},"content":{"rendered":"<p>Autor:ISBN:EAN: 5901276084648Wydawnictwo: BeniaminWydanie: ,23,5&#215;32 cmStrony:Teczka z gumk\u0105 w formacie A4 z motywem bajkowym Frozen.2 wzory, towar wysy\u0142any losowo.<\/p>\n<h2>Teczka z gumk\u0105 A4 Frozen Beniamin<\/h2>\n<p>kundel bury tekst, filmy disneya, wiosenna kolorowanka, kolorowanka wr\u00f3\u017cka, pomys\u0142 na prezent dla 7 latki, proste dekoracje bo\u017conarodzeniowe dla dzieci, aurora imi\u0119, menu urodzinowe dla dzieci w wieku 8 10 lat, wierszyki na smigus dyngus<\/p>\n<p>yyyyy<\/p>\n<p>&nbsp;<\/p>\n","protected":false},"excerpt":{"rendered":"<p>Autor:ISBN:EAN: 5901276084648Wydawnictwo: BeniaminWydanie: ,23,5&#215;32 cmStrony:Teczka z gumk\u0105 w formacie A4 z motywem bajkowym Frozen.2 wzory, towar wysy\u0142any losowo. Teczka z gumk\u0105 A4 Frozen Beniamin kundel bury tekst, filmy disneya, wiosenna kolorowanka, kolorowanka wr\u00f3\u017cka, pomys\u0142 na prezent dla 7 latki, proste dekoracje bo\u017conarodzeniowe dla dzieci, aurora imi\u0119, menu urodzinowe dla dzieci w wieku 8 10 lat, [&hellip;]<\/p>\n","protected":false},"featured_media":5694,"comment_status":"closed","ping_status":"open","template":"","meta":[],"product_cat":[1376,1383],"product_tag":[580,826,804],"class_list":["post-5693","product","type-product","status-publish","has-post-thumbnail","hentry","product_cat-beniamin","product_cat-segregatory-i-teczki","product_tag-janusz","product_tag-prezent-dla-15-latka","product_tag-ryz-z-owocami"],"_links":{"self":[{"href":"http:\/\/klubmamgdynia.pl\/index.php\/wp-json\/wp\/v2\/product\/5693","targetHints":{"allow":["GET"]}}],"collection":[{"href":"http:\/\/klubmamgdynia.pl\/index.php\/wp-json\/wp\/v2\/product"}],"about":[{"href":"http:\/\/klubmamgdynia.pl\/index.php\/wp-json\/wp\/v2\/types\/product"}],"replies":[{"embeddable":true,"href":"http:\/\/klubmamgdynia.pl\/index.php\/wp-json\/wp\/v2\/comments?post=5693"}],"wp:featuredmedia":[{"embeddable":true,"href":"http:\/\/klubmamgdynia.pl\/index.php\/wp-json\/wp\/v2\/media\/5694"}],"wp:attachment":[{"href":"http:\/\/klubmamgdynia.pl\/index.php\/wp-json\/wp\/v2\/media?parent=5693"}],"wp:term":[{"taxonomy":"product_cat","embeddable":true,"href":"http:\/\/klubmamgdynia.pl\/index.php\/wp-json\/wp\/v2\/product_cat?post=5693"},{"taxonomy":"product_tag","embeddable":true,"href":"http:\/\/klubmamgdynia.pl\/index.php\/wp-json\/wp\/v2\/product_tag?post=5693"}],"curies":[{"name":"wp","href":"https:\/\/api.w.org\/{rel}","templated":true}]}}