{"id":5701,"date":"2017-06-11T05:54:39","date_gmt":"2017-06-11T03:54:39","guid":{"rendered":"http:\/\/klubmamgdynia.pl\/index.php\/produkt\/little-tikes-duza-naczepa-laweta-2-auta\/"},"modified":"2026-04-21T05:46:24","modified_gmt":"2026-04-21T03:46:24","slug":"little-tikes-duza-naczepa-laweta-2-auta","status":"publish","type":"product","link":"http:\/\/klubmamgdynia.pl\/index.php\/produkt\/little-tikes-duza-naczepa-laweta-2-auta\/","title":{"rendered":"Little Tikes Du\u017ca Naczepa Laweta + 2 Auta"},"content":{"rendered":"<p>Du\u017ca Ci\u0119\u017car\u00f3wka Laweta z 2 samochodami                            <\/p>\n<p>Du\u017ca Ci\u0119\u017car\u00f3wka Laweta z 2 samochodami 646669 to idealna zabawka dla najm\u0142odszych kierowc\u00f3w. Sporych rozmiar\u00f3w pojazd wyposa\u017cono w naczep\u0119, kt\u00f3ra mo\u017ce transportowa\u0107, do\u0142\u0105czone do zestawu dwa sportowe samochody. Szara kabina ci\u0119\u017car\u00f3wki ma op\u0142ywowy, masywny kszta\u0142t. Rampa w kolorze czerwonym z opuszczanym wjazdem, z pewno\u015bci\u0105 przyniesie wiele rado\u015bci podczas zabawy. Samochody Little Tikes nadaj\u0105 si\u0119 do zabawy zar\u00f3wno w pomieszczeniach, jak i na dworze.\u00a0\u00a0Zawarto\u015b\u0107 i cechy zestawu:<br \/>\n\u00a0Samoch\u00f3d ci\u0119\u017carowy &#8211; laweta<br \/>\n2 sportowe samochody w kolorze bia\u0142ym i granatowym<br \/>\nMasywny, wytrzyma\u0142y zestaw<br \/>\nDo zabawy zar\u00f3wno w pomieszczeniach, jak i na dworze<br \/>\nWymiar sportowych samochod\u00f3w: 8 x 26 x 14 cm (W x S x G)<br \/>\nWymiar lawety: 25.5 x 72 x 19 cm (W x S x G)<\/p>\n<h2>Little Tikes Du\u017ca Naczepa Laweta + 2 Auta Little Tikes<\/h2>\n<p>my little pony kolorowanki, kolorowanka pokemon, lego ninjago kolorowanki, jaki prezent na roczek, fajne zagadki, harry potter kolorowanka, kartki na dobranoc dla przyjaci\u00f3\u0142, zima z\u0142a tekst, litera r do druku, liwia znaczenie imienia, ewelina, maski zwierz\u0105t szablony do druku, prezent dla nastolatk\u00f3w ch\u0142opc\u00f3w, test z lektury kajko i kokosz szko\u0142a latania, mia imi\u0119, konkurencje sportowe dla dzieci, prezenty dla 15 latki, quiz o koniach, posz\u0142a ola na spacerek<\/p>\n<p>yyyyy<\/p>\n<p>&nbsp;<\/p>\n","protected":false},"excerpt":{"rendered":"<p>Du\u017ca Ci\u0119\u017car\u00f3wka Laweta z 2 samochodami Du\u017ca Ci\u0119\u017car\u00f3wka Laweta z 2 samochodami 646669 to idealna zabawka dla najm\u0142odszych kierowc\u00f3w. Sporych rozmiar\u00f3w pojazd wyposa\u017cono w naczep\u0119, kt\u00f3ra mo\u017ce transportowa\u0107, do\u0142\u0105czone do zestawu dwa sportowe samochody. Szara kabina ci\u0119\u017car\u00f3wki ma op\u0142ywowy, masywny kszta\u0142t. Rampa w kolorze czerwonym z opuszczanym wjazdem, z pewno\u015bci\u0105 przyniesie wiele rado\u015bci podczas zabawy. [&hellip;]<\/p>\n","protected":false},"featured_media":5702,"comment_status":"closed","ping_status":"open","template":"","meta":[],"product_cat":[83,317],"product_tag":[696,787,665,695,607],"class_list":["post-5701","product","type-product","status-publish","has-post-thumbnail","hentry","product_cat-auta-i-inne-pojazdy-do-zabawy","product_cat-little-tikes","product_tag-film-rodzinny-o-swietach","product_tag-nauka-pisania-wyrazow-dla-dzieci-do-druku-pdf","product_tag-proste-zagadki","product_tag-rzadkie-imiona-zenskie","product_tag-zarty-na-prima-aprilis-dla-rodzicow"],"_links":{"self":[{"href":"http:\/\/klubmamgdynia.pl\/index.php\/wp-json\/wp\/v2\/product\/5701","targetHints":{"allow":["GET"]}}],"collection":[{"href":"http:\/\/klubmamgdynia.pl\/index.php\/wp-json\/wp\/v2\/product"}],"about":[{"href":"http:\/\/klubmamgdynia.pl\/index.php\/wp-json\/wp\/v2\/types\/product"}],"replies":[{"embeddable":true,"href":"http:\/\/klubmamgdynia.pl\/index.php\/wp-json\/wp\/v2\/comments?post=5701"}],"wp:featuredmedia":[{"embeddable":true,"href":"http:\/\/klubmamgdynia.pl\/index.php\/wp-json\/wp\/v2\/media\/5702"}],"wp:attachment":[{"href":"http:\/\/klubmamgdynia.pl\/index.php\/wp-json\/wp\/v2\/media?parent=5701"}],"wp:term":[{"taxonomy":"product_cat","embeddable":true,"href":"http:\/\/klubmamgdynia.pl\/index.php\/wp-json\/wp\/v2\/product_cat?post=5701"},{"taxonomy":"product_tag","embeddable":true,"href":"http:\/\/klubmamgdynia.pl\/index.php\/wp-json\/wp\/v2\/product_tag?post=5701"}],"curies":[{"name":"wp","href":"https:\/\/api.w.org\/{rel}","templated":true}]}}