{"id":5705,"date":"2021-11-11T07:43:52","date_gmt":"2021-11-11T06:43:52","guid":{"rendered":"http:\/\/klubmamgdynia.pl\/index.php\/produkt\/leantoys-zjezdzalnia-plastikowa-dino-z-koszem-5508\/"},"modified":"2026-04-29T06:23:08","modified_gmt":"2026-04-29T04:23:08","slug":"leantoys-zjezdzalnia-plastikowa-dino-z-koszem-5508","status":"publish","type":"product","link":"http:\/\/klubmamgdynia.pl\/index.php\/produkt\/leantoys-zjezdzalnia-plastikowa-dino-z-koszem-5508\/","title":{"rendered":"Leantoys Zje\u017cd\u017calnia Plastikowa Dino Z Koszem 5508"},"content":{"rendered":"<p>Zje\u017cd\u017calnia DINO z koszyk\u00f3wk\u0105Zje\u017cd\u017calnia z koszyk\u00f3wk\u0105 to prawdziwy raj dla dzieciak\u00f3w. Dzi\u0119ki niej ka\u017cdy maluch z rado\u015bci\u0105 b\u0119dzie sp\u0119dza\u0107 czas na \u015bwie\u017cym powietrzu, odk\u0142adaj\u0105c w k\u0105t elektroniczne gad\u017cety. Zestaw ten pozwoli na weso\u0142\u0105 zabaw\u0119 z rodze\u0144stwem, rodzicami lub przyjaci\u00f3\u0142mi.W sk\u0142ad zestawu wchodzi d\u0142uga i szeroka zje\u017cd\u017calnia, kt\u00f3rej \u015blizg si\u0119ga cm. Zje\u017cd\u017calnia posiada szerokie i stabilne schody, dzi\u0119ki kt\u00f3rym \u0142atwo wspi\u0105\u0107 si\u0119 na sam\u0105 g\u00f3r\u0119. Z boku umieszczona jest obr\u0119cz z siatk\u0105 do gry w koszyk\u00f3wk\u0119.W zestawie znajduje si\u0119 pi\u0142ka do gry w koszyk\u00f3wk\u0119.Ca\u0142y zestaw wykonany jest z wysokiej jako\u015bci materia\u0142u HDPE, dzi\u0119ki niemu wszystkie elementy s\u0105 mocno elastyczne oraz bardziej odporne na uszkodzenia mechaniczne, a zabawa jest bardziej komfortowa i bezpieczna.Wymiary zestawu:101 cm x 150 cm x 80 cmD\u0142ugo\u015b\u0107 \u015blizgu: 140 cm\u015arednica kosza: 19 cmZestaw przeznaczony jest dla wszystkich dzieci, kt\u00f3re uko\u0144czy\u0142y 18. miesi\u0105c \u017cycia<\/p>\n<h2>Leantoys Zje\u017cd\u017calnia Plastikowa Dino Z Koszem 5508 Lean Toys<\/h2>\n<p>zagadki dla dzieci logiczne, swinka peppa obrazek, mia i ja kolorowanki do druku, pch\u0142y na noc, zagadki dla 9 latk\u00f3w, testy ma\u0142y ksi\u0105\u017ce, maski do druku kolorowe, dynie pozna\u0144, najlepsze zagadki, bajki dla dzieci czytane, mama cytaty, opowiadanie o jesieni dla dzieci, spos\u00f3b na elfa test, g\u0142upie zagadki, pokoloruj wed\u0142ug wzoru<\/p>\n<p>yyyyy<\/p>\n<p>&nbsp;<\/p>\n","protected":false},"excerpt":{"rendered":"<p>Zje\u017cd\u017calnia DINO z koszyk\u00f3wk\u0105Zje\u017cd\u017calnia z koszyk\u00f3wk\u0105 to prawdziwy raj dla dzieciak\u00f3w. Dzi\u0119ki niej ka\u017cdy maluch z rado\u015bci\u0105 b\u0119dzie sp\u0119dza\u0107 czas na \u015bwie\u017cym powietrzu, odk\u0142adaj\u0105c w k\u0105t elektroniczne gad\u017cety. Zestaw ten pozwoli na weso\u0142\u0105 zabaw\u0119 z rodze\u0144stwem, rodzicami lub przyjaci\u00f3\u0142mi.W sk\u0142ad zestawu wchodzi d\u0142uga i szeroka zje\u017cd\u017calnia, kt\u00f3rej \u015blizg si\u0119ga cm. Zje\u017cd\u017calnia posiada szerokie i stabilne [&hellip;]<\/p>\n","protected":false},"featured_media":5706,"comment_status":"closed","ping_status":"open","template":"","meta":[],"product_cat":[73,392],"product_tag":[836,758,708,823],"class_list":["post-5705","product","type-product","status-publish","has-post-thumbnail","hentry","product_cat-lean-toys","product_cat-zjezdzalnie","product_tag-co-kupic-dziecku-na-roczek","product_tag-julian","product_tag-zabawy-ruchowe-dla-dzieci","product_tag-zagadki-dla-dzieci-7-lat"],"_links":{"self":[{"href":"http:\/\/klubmamgdynia.pl\/index.php\/wp-json\/wp\/v2\/product\/5705","targetHints":{"allow":["GET"]}}],"collection":[{"href":"http:\/\/klubmamgdynia.pl\/index.php\/wp-json\/wp\/v2\/product"}],"about":[{"href":"http:\/\/klubmamgdynia.pl\/index.php\/wp-json\/wp\/v2\/types\/product"}],"replies":[{"embeddable":true,"href":"http:\/\/klubmamgdynia.pl\/index.php\/wp-json\/wp\/v2\/comments?post=5705"}],"wp:featuredmedia":[{"embeddable":true,"href":"http:\/\/klubmamgdynia.pl\/index.php\/wp-json\/wp\/v2\/media\/5706"}],"wp:attachment":[{"href":"http:\/\/klubmamgdynia.pl\/index.php\/wp-json\/wp\/v2\/media?parent=5705"}],"wp:term":[{"taxonomy":"product_cat","embeddable":true,"href":"http:\/\/klubmamgdynia.pl\/index.php\/wp-json\/wp\/v2\/product_cat?post=5705"},{"taxonomy":"product_tag","embeddable":true,"href":"http:\/\/klubmamgdynia.pl\/index.php\/wp-json\/wp\/v2\/product_tag?post=5705"}],"curies":[{"name":"wp","href":"https:\/\/api.w.org\/{rel}","templated":true}]}}