{"id":5729,"date":"2021-03-26T00:38:16","date_gmt":"2021-03-25T23:38:16","guid":{"rendered":"http:\/\/klubmamgdynia.pl\/index.php\/produkt\/mudpuppy-mini-memory-dinozaury\/"},"modified":"2026-04-06T02:19:19","modified_gmt":"2026-04-06T00:19:19","slug":"mudpuppy-mini-memory-dinozaury","status":"publish","type":"product","link":"http:\/\/klubmamgdynia.pl\/index.php\/produkt\/mudpuppy-mini-memory-dinozaury\/","title":{"rendered":"Mudpuppy Mini Memory Dinozaury"},"content":{"rendered":"<p>Mudpuppy Mini Memory\u00a0Dinozaury                            <\/p>\n<p>Gra Mini Memory Dinozaury ameryka\u0144skiej marki MUDPUPPY\u00a0sk\u0142ada si\u0119 12 par okr\u0105g\u0142ych kart, kt\u00f3re nale\u017cy skompletowa\u0107. Par\u0119 tworz\u0105 dwie identyczne ilustracje. Karty maj\u0105 przyjemne dla oka kolory i przedstawiaj\u0105 r\u00f3\u017cne gatunki dinozaur\u00f3w. Autorem projektu jest Michael Robertson, znany ilustrator ksi\u0105\u017cek dla dzieci. Karty zosta\u0142y wykonane z solidnego kartonu, pochodz\u0105cego z recyklingu. Gra memory to wspania\u0142a zabawa zar\u00f3wno dla dzieci, jak i doros\u0142ych. \u0106wiczy pami\u0119\u0107, uczy cierpliwo\u015bci i skupienia.Zapakowana jest w estetyczne pude\u0142ko. Idealnie nadaje si\u0119 na prezent.                            <\/p>\n<p>a                            <\/p>\n<p>Gry rozwijaj\u0105 my\u015blenie strategiczne i planowanie, ucz\u0105 rozwi\u0105zywania problem\u00f3w i wyostrzaj\u0105 pami\u0119\u0107. MUDPUPPY si\u0119ga po klasyczne formaty gier, nadaj\u0105c im nowe szaty \u2013 lubiane przez dzieci motywy, pi\u0119kne kolory i por\u0119czny format, kt\u00f3ry sprawdza si\u0119 w domu i w podr\u00f3\u017cy.kategoria: grywiek: 3+liczba element\u00f3w: 24materia\u0142: kartonwymiary opakowania: 7 x 7 x 7 cm                            <\/p>\n<p>a                            <\/p>\n<p>a                            <\/p>\n<p>Ameryka\u0144ska marka zabawek edukacyjnych MUDPUPPY powsta\u0142a w 1992 roku. Dzi\u015b jest znana na ca\u0142ym \u015bwiecie i cieszy si\u0119 powszechnym zaufaniem rodzic\u00f3w. Skupia si\u0119 na tworzeniu produkt\u00f3w, zach\u0119caj\u0105cych dzieci do tw\u00f3rczej aktywno\u015bci, a przy tym wspieraj\u0105cych ich rozw\u00f3j i stymuluj\u0105cych wyobra\u017ani\u0119. Oferta marki to g\u0142\u00f3wnie puzzle, gry, uk\u0142adanki oraz zestawy kreatywne, w tym tematyczne komplety magnes\u00f3w czy naklejek.Projekty MUDPUPPY inspirowane s\u0105 sztuk\u0105, m. in. ilustracj\u0105 dla dzieci. Marka stale wsp\u00f3\u0142pracuje ze wsp\u00f3\u0142czesnymi artystami, a jej produkty s\u0105 wci\u0105\u017c nagradzane za kreatywno\u015b\u0107, u\u017cyteczno\u015b\u0107 i innowacyjno\u015b\u0107.<\/p>\n<h2>Mudpuppy Mini Memory Dinozaury Mudpuppy<\/h2>\n<p>podchwytliwe zagadki matematyczne, basen warszawa, ja\u015bmina imi\u0119, prezenty na roczek dla dziewczynki<\/p>\n<p>yyyyy<\/p>\n<p>&nbsp;<\/p>\n","protected":false},"excerpt":{"rendered":"<p>Mudpuppy Mini Memory\u00a0Dinozaury Gra Mini Memory Dinozaury ameryka\u0144skiej marki MUDPUPPY\u00a0sk\u0142ada si\u0119 12 par okr\u0105g\u0142ych kart, kt\u00f3re nale\u017cy skompletowa\u0107. Par\u0119 tworz\u0105 dwie identyczne ilustracje. Karty maj\u0105 przyjemne dla oka kolory i przedstawiaj\u0105 r\u00f3\u017cne gatunki dinozaur\u00f3w. Autorem projektu jest Michael Robertson, znany ilustrator ksi\u0105\u017cek dla dzieci. Karty zosta\u0142y wykonane z solidnego kartonu, pochodz\u0105cego z recyklingu. Gra memory [&hellip;]<\/p>\n","protected":false},"featured_media":5730,"comment_status":"closed","ping_status":"open","template":"","meta":[],"product_cat":[130,1344],"product_tag":[691,748,602,633],"class_list":["post-5729","product","type-product","status-publish","has-post-thumbnail","hentry","product_cat-gry-dzieciece","product_cat-mudpuppy","product_tag-gabriel","product_tag-okolice-wroclawia-atrakcje","product_tag-quiz-o-zwierzetach-domowych","product_tag-zagadki-z-odpowiedziami"],"_links":{"self":[{"href":"http:\/\/klubmamgdynia.pl\/index.php\/wp-json\/wp\/v2\/product\/5729","targetHints":{"allow":["GET"]}}],"collection":[{"href":"http:\/\/klubmamgdynia.pl\/index.php\/wp-json\/wp\/v2\/product"}],"about":[{"href":"http:\/\/klubmamgdynia.pl\/index.php\/wp-json\/wp\/v2\/types\/product"}],"replies":[{"embeddable":true,"href":"http:\/\/klubmamgdynia.pl\/index.php\/wp-json\/wp\/v2\/comments?post=5729"}],"wp:featuredmedia":[{"embeddable":true,"href":"http:\/\/klubmamgdynia.pl\/index.php\/wp-json\/wp\/v2\/media\/5730"}],"wp:attachment":[{"href":"http:\/\/klubmamgdynia.pl\/index.php\/wp-json\/wp\/v2\/media?parent=5729"}],"wp:term":[{"taxonomy":"product_cat","embeddable":true,"href":"http:\/\/klubmamgdynia.pl\/index.php\/wp-json\/wp\/v2\/product_cat?post=5729"},{"taxonomy":"product_tag","embeddable":true,"href":"http:\/\/klubmamgdynia.pl\/index.php\/wp-json\/wp\/v2\/product_tag?post=5729"}],"curies":[{"name":"wp","href":"https:\/\/api.w.org\/{rel}","templated":true}]}}