{"id":5761,"date":"2018-07-22T21:45:19","date_gmt":"2018-07-22T19:45:19","guid":{"rendered":"http:\/\/klubmamgdynia.pl\/index.php\/produkt\/gra-planszowa-pegasus-spiele-race-for-the-galaxy-wersja-niemiecka\/"},"modified":"2026-04-04T01:33:02","modified_gmt":"2026-04-03T23:33:02","slug":"gra-planszowa-pegasus-spiele-race-for-the-galaxy-wersja-niemiecka","status":"publish","type":"product","link":"http:\/\/klubmamgdynia.pl\/index.php\/produkt\/gra-planszowa-pegasus-spiele-race-for-the-galaxy-wersja-niemiecka\/","title":{"rendered":"Gra planszowa Pegasus Spiele Race for the Galaxy (wersja niemiecka)"},"content":{"rendered":"<p>Es ist soweit! Die Entwicklung des Sprungantriebs hat das Wettrennen um die Besiedlung der gesamten Galaxis er\u00f6ffnet. Ehemalige Kolonien der Erde machen sich in Race for the Galaxy auf, um m\u00e4chtige Weltraum-Imperien zu gr\u00fcnden. Dabei erschlie\u00dfen sie neue Welten, entwickeln neue Technologien und sto\u00dfen auf die Artefakte der Alien Overlords, einer auf r\u00e4tselhafte Weise verschwundenen Zivilisation. Jede Runde w\u00e4hlen die Spiele gleichzeitig und geheim eine ihrer Aktionskarten und decken sie auf: Entdecken, Siedeln, Entwickeln, Handeln, Konsumieren oder Produzieren &#8211; was ist am wichtigsten? Nur die Aktionsphasen aufgedeckter Karten werden abgehandelt, d\u00fcrfen dann aber von allen Spielern genutzt werden. Wer die Aktionswahl der Mitspieler am besten f\u00fcr sich zu nutzen vermag, hat hier die Nase vorne. Dabei gl\u00e4nzt das Spiel besonders mit seinen \u00fcber die Phasen hinweg, stark miteinander verwobenen Kartenfunktionen, die die Spieler immer wieder vor schwierige Entscheidungen stellen.<\/p>\n<h2>Gra planszowa Pegasus Spiele Race for the Galaxy (wersja niemiecka) Pegasus Spiele<\/h2>\n<p>dobre \u017carty na prima aprilis, cytaty dla mamy od c\u00f3rki, tekst kolysanek, kolorowanka antystresowa, kolorowanki do druku super zings, cytat dziecko, kolorowanka do wydruku, co kupi\u0107 na roczek dla dziewczynki, alfons, psi patrol do czytania<\/p>\n<p>yyyyy<\/p>\n<p>&nbsp;<\/p>\n","protected":false},"excerpt":{"rendered":"<p>Es ist soweit! Die Entwicklung des Sprungantriebs hat das Wettrennen um die Besiedlung der gesamten Galaxis er\u00f6ffnet. Ehemalige Kolonien der Erde machen sich in Race for the Galaxy auf, um m\u00e4chtige Weltraum-Imperien zu gr\u00fcnden. Dabei erschlie\u00dfen sie neue Welten, entwickeln neue Technologien und sto\u00dfen auf die Artefakte der Alien Overlords, einer auf r\u00e4tselhafte Weise verschwundenen [&hellip;]<\/p>\n","protected":false},"featured_media":5762,"comment_status":"closed","ping_status":"open","template":"","meta":[],"product_cat":[235,450],"product_tag":[668,787,620,805],"class_list":["post-5761","product","type-product","status-publish","has-post-thumbnail","hentry","product_cat-gry-planszowe","product_cat-pegasus-spiele","product_tag-atrakcje-dla-dzieci-wroclaw","product_tag-nauka-pisania-wyrazow-dla-dzieci-do-druku-pdf","product_tag-quiz-opowiesci-z-narnii","product_tag-znaczenie-imienia-alan"],"_links":{"self":[{"href":"http:\/\/klubmamgdynia.pl\/index.php\/wp-json\/wp\/v2\/product\/5761","targetHints":{"allow":["GET"]}}],"collection":[{"href":"http:\/\/klubmamgdynia.pl\/index.php\/wp-json\/wp\/v2\/product"}],"about":[{"href":"http:\/\/klubmamgdynia.pl\/index.php\/wp-json\/wp\/v2\/types\/product"}],"replies":[{"embeddable":true,"href":"http:\/\/klubmamgdynia.pl\/index.php\/wp-json\/wp\/v2\/comments?post=5761"}],"wp:featuredmedia":[{"embeddable":true,"href":"http:\/\/klubmamgdynia.pl\/index.php\/wp-json\/wp\/v2\/media\/5762"}],"wp:attachment":[{"href":"http:\/\/klubmamgdynia.pl\/index.php\/wp-json\/wp\/v2\/media?parent=5761"}],"wp:term":[{"taxonomy":"product_cat","embeddable":true,"href":"http:\/\/klubmamgdynia.pl\/index.php\/wp-json\/wp\/v2\/product_cat?post=5761"},{"taxonomy":"product_tag","embeddable":true,"href":"http:\/\/klubmamgdynia.pl\/index.php\/wp-json\/wp\/v2\/product_tag?post=5761"}],"curies":[{"name":"wp","href":"https:\/\/api.w.org\/{rel}","templated":true}]}}