{"id":5773,"date":"2012-03-07T22:05:12","date_gmt":"2012-03-07T21:05:12","guid":{"rendered":"http:\/\/klubmamgdynia.pl\/index.php\/produkt\/nova-puzzle-1000el-green-persian-carpet-zielony-perski-dywan\/"},"modified":"2026-04-30T09:20:11","modified_gmt":"2026-04-30T07:20:11","slug":"nova-puzzle-1000el-green-persian-carpet-zielony-perski-dywan","status":"publish","type":"product","link":"http:\/\/klubmamgdynia.pl\/index.php\/produkt\/nova-puzzle-1000el-green-persian-carpet-zielony-perski-dywan\/","title":{"rendered":"Nova Puzzle 1000El. Green Persian Carpet Zielony Perski Dywan"},"content":{"rendered":"<p>PUZZLE: 1000 ELEMENT\u00d3W PRODUCENT: NOVA PUZZLE NAZWA: GREEN PERSIAN CARPET &#8211; ZIELONY PERSKI DYWAN INDEX: 06581 KOD EAN: 8699375065817 ROZMIAR: 680 x 480 mm WYMIARY PUDE\u0141KA: 330 x 230 x 50 mm GREEN PERSIAN CARPET &#8211; ZIELONY PERSKI DYWAN Niezwyk\u0142a grafika od Nova Puzzle. Rozsmakuj si\u0119 detalami tych puzzli. Mi\u0142ego uk\u0142adania. Nova Puzzle to nowy turecki producent puzzli, bazuj\u0105cy na nowoczesnych maszynach. Dba\u0142o\u015b\u0107 o szczeg\u00f3\u0142y, wyj\u0105tkowe grafiki i znakomita jako\u015b\u0107 sprawia, \u017ce puzzle Nova trafiaj\u0105 do wielu zak\u0105tk\u00f3w ca\u0142ego \u015bwiata.<\/p>\n<h2>Nova Puzzle 1000El. Green Persian Carpet Zielony Perski Dywan <\/h2>\n<p>pieski pies kolorowanka, test z lektury asiunia joanna papuzi\u0144ska, szymon znaczenie imiona, sentencje o rodzinie, iwo, test z lektury asiunia, dyplomy do druku, kolorowanki \u015bwi\u0119to niepodleg\u0142o\u015bci do druku<\/p>\n<p>yyyyy<\/p>\n<p>&nbsp;<\/p>\n","protected":false},"excerpt":{"rendered":"<p>PUZZLE: 1000 ELEMENT\u00d3W PRODUCENT: NOVA PUZZLE NAZWA: GREEN PERSIAN CARPET &#8211; ZIELONY PERSKI DYWAN INDEX: 06581 KOD EAN: 8699375065817 ROZMIAR: 680 x 480 mm WYMIARY PUDE\u0141KA: 330 x 230 x 50 mm GREEN PERSIAN CARPET &#8211; ZIELONY PERSKI DYWAN Niezwyk\u0142a grafika od Nova Puzzle. Rozsmakuj si\u0119 detalami tych puzzli. Mi\u0142ego uk\u0142adania. Nova Puzzle to nowy [&hellip;]<\/p>\n","protected":false},"featured_media":5774,"comment_status":"closed","ping_status":"open","template":"","meta":[],"product_cat":[90],"product_tag":[716,835,799,698],"class_list":["post-5773","product","type-product","status-publish","has-post-thumbnail","hentry","product_cat-puzzle","product_tag-filmy-animowane-o-swietach","product_tag-radosc-dziecka-cytaty","product_tag-zagadka-logiczna","product_tag-zagadki-dla-przedszkolakow"],"_links":{"self":[{"href":"http:\/\/klubmamgdynia.pl\/index.php\/wp-json\/wp\/v2\/product\/5773","targetHints":{"allow":["GET"]}}],"collection":[{"href":"http:\/\/klubmamgdynia.pl\/index.php\/wp-json\/wp\/v2\/product"}],"about":[{"href":"http:\/\/klubmamgdynia.pl\/index.php\/wp-json\/wp\/v2\/types\/product"}],"replies":[{"embeddable":true,"href":"http:\/\/klubmamgdynia.pl\/index.php\/wp-json\/wp\/v2\/comments?post=5773"}],"wp:featuredmedia":[{"embeddable":true,"href":"http:\/\/klubmamgdynia.pl\/index.php\/wp-json\/wp\/v2\/media\/5774"}],"wp:attachment":[{"href":"http:\/\/klubmamgdynia.pl\/index.php\/wp-json\/wp\/v2\/media?parent=5773"}],"wp:term":[{"taxonomy":"product_cat","embeddable":true,"href":"http:\/\/klubmamgdynia.pl\/index.php\/wp-json\/wp\/v2\/product_cat?post=5773"},{"taxonomy":"product_tag","embeddable":true,"href":"http:\/\/klubmamgdynia.pl\/index.php\/wp-json\/wp\/v2\/product_tag?post=5773"}],"curies":[{"name":"wp","href":"https:\/\/api.w.org\/{rel}","templated":true}]}}