{"id":5775,"date":"2024-06-28T22:12:56","date_gmt":"2024-06-28T20:12:56","guid":{"rendered":"http:\/\/klubmamgdynia.pl\/?post_type=product&#038;p=5775"},"modified":"2026-04-30T06:38:29","modified_gmt":"2026-04-30T04:38:29","slug":"vtech-kula-spryciula-61590","status":"publish","type":"product","link":"http:\/\/klubmamgdynia.pl\/index.php\/produkt\/vtech-kula-spryciula-61590\/","title":{"rendered":"VTech Kula Spryciula 61590"},"content":{"rendered":"<p>VTech Kula Spryciula 61590Kula Spryciula zosta\u0142a stworzona z my\u015bl\u0105 o dzieciach, kt\u00f3re zaczynaj\u0105 stawia\u0107 pierwsze kroki i bada\u0107 otaczaj\u0105cy je \u015bwiat.                            <\/p>\n<p>Naciskaj\u0105c przyciski Kuli Spryciuli mo\u017cna us\u0142ysze\u0107 r\u00f3\u017cne melodie i piosenki, a tak\u017ce pozna\u0107 podstawowe kszta\u0142ty i kolory. Z kolei po naci\u015bni\u0119ciu przycisk\u00f3w ze zwierz\u0105tkami, mo\u017cna us\u0142ysze\u0107 charakterystyczne dla nich odg\u0142osy. Kula jest wyposa\u017cona w mechanizm, kt\u00f3ry samoczynnie wprowadza j\u0105 w ruch i zach\u0119ca dziecko do pod\u0105\u017cania za ni\u0105.<\/p>\n<h2>VTech Kula Spryciula 61590 VTech<\/h2>\n<p>tabliczka mno\u017cenia karty pracy do druku, miko\u0142ajek test z lektury, rzadkie imiona dla dziewczynek, prezent dla 19 latka, parasol szablon do wydruku, testy z lektury opowie\u015bci z narnii lew czarownica i stara szafa, leon imi\u0119, kolorowanka \u015bwinka peppa, cytat rodzina, kolorowanki dla ch\u0142opc\u00f3w, sentencje na dzie\u0144 nauczyciela, szablon zaproszenia na urodziny do wydruku czarno bia\u0142e, przysz\u0142a zima bia\u0142a, bajki dla ch\u0142opc\u00f3w do czytania, bajka na dobranoc do czytania, quiz znaki drogowe, zagadki przyrodnicze, ach \u015bpij kochanie tekst, zyczenia walentynkowe dla dzieci<\/p>\n<p>yyyyy<\/p>\n<p>&nbsp;<\/p>\n","protected":false},"excerpt":{"rendered":"<p>VTech Kula Spryciula 61590Kula Spryciula zosta\u0142a stworzona z my\u015bl\u0105 o dzieciach, kt\u00f3re zaczynaj\u0105 stawia\u0107 pierwsze kroki i bada\u0107 otaczaj\u0105cy je \u015bwiat. Naciskaj\u0105c przyciski Kuli Spryciuli mo\u017cna us\u0142ysze\u0107 r\u00f3\u017cne melodie i piosenki, a tak\u017ce pozna\u0107 podstawowe kszta\u0142ty i kolory. Z kolei po naci\u015bni\u0119ciu przycisk\u00f3w ze zwierz\u0105tkami, mo\u017cna us\u0142ysze\u0107 charakterystyczne dla nich odg\u0142osy. Kula jest wyposa\u017cona w [&hellip;]<\/p>\n","protected":false},"featured_media":5776,"comment_status":"closed","ping_status":"open","template":"","meta":[],"product_cat":[1203,61],"product_tag":[593,780,723],"class_list":["post-5775","product","type-product","status-publish","has-post-thumbnail","hentry","product_cat-vtech","product_cat-zabawki-edukacyjne-dla-niemowlat","product_tag-jak-narysowac-konia","product_tag-krecik-bajka","product_tag-krotkie-bajki-do-czytania-na-dobranoc"],"_links":{"self":[{"href":"http:\/\/klubmamgdynia.pl\/index.php\/wp-json\/wp\/v2\/product\/5775","targetHints":{"allow":["GET"]}}],"collection":[{"href":"http:\/\/klubmamgdynia.pl\/index.php\/wp-json\/wp\/v2\/product"}],"about":[{"href":"http:\/\/klubmamgdynia.pl\/index.php\/wp-json\/wp\/v2\/types\/product"}],"replies":[{"embeddable":true,"href":"http:\/\/klubmamgdynia.pl\/index.php\/wp-json\/wp\/v2\/comments?post=5775"}],"wp:featuredmedia":[{"embeddable":true,"href":"http:\/\/klubmamgdynia.pl\/index.php\/wp-json\/wp\/v2\/media\/5776"}],"wp:attachment":[{"href":"http:\/\/klubmamgdynia.pl\/index.php\/wp-json\/wp\/v2\/media?parent=5775"}],"wp:term":[{"taxonomy":"product_cat","embeddable":true,"href":"http:\/\/klubmamgdynia.pl\/index.php\/wp-json\/wp\/v2\/product_cat?post=5775"},{"taxonomy":"product_tag","embeddable":true,"href":"http:\/\/klubmamgdynia.pl\/index.php\/wp-json\/wp\/v2\/product_tag?post=5775"}],"curies":[{"name":"wp","href":"https:\/\/api.w.org\/{rel}","templated":true}]}}