{"id":5793,"date":"2018-07-07T03:19:50","date_gmt":"2018-07-07T01:19:50","guid":{"rendered":"http:\/\/klubmamgdynia.pl\/index.php\/produkt\/eurographics-puzzle-500el-rodzinka-zyraf-xxl\/"},"modified":"2026-04-04T20:13:25","modified_gmt":"2026-04-04T18:13:25","slug":"eurographics-puzzle-500el-rodzinka-zyraf-xxl","status":"publish","type":"product","link":"http:\/\/klubmamgdynia.pl\/index.php\/produkt\/eurographics-puzzle-500el-rodzinka-zyraf-xxl\/","title":{"rendered":"Eurographics Puzzle 500El. Rodzinka \u017byraf Xxl"},"content":{"rendered":"<p>Puzzle 500 Rodzinka \u017cyraf XXL:wysoka jako\u015b\u0107 nadruku i precyzja wykonania,idealne dopasowanie element\u00f3w,odporne na zginanie,puzzle eliminuj\u0105 odbijanie \u015bwiat\u0142a,rozwijaj\u0105 zdolno\u015bci manualne u dziecka,kszta\u0142tuj\u0105 wyobra\u017ani\u0119 i logiczne my\u015blenie,ilo\u015b\u0107 element\u00f3w: 500.<\/p>\n<h2>Eurographics Puzzle 500El. Rodzinka \u017byraf Xxl Eurographics<\/h2>\n<p>zagadki rymowane, quiz o dinozaurach, quiz opowie\u015bci z narnii lew czarownica i stara szafa, chase kolorowanka, co na roczek, przyjed\u017a do nas miko\u0142aju tekst, piesek kolorowanka, malowanki dla dzieci, zagadki dla dzieci 10 12 lat z odpowiedziami, historia andrzejek dla dzieci, wz\u00f3r dyplomu do pobrania, stare piosenki, lokomotywa kolorowanka, zagadki dla dzieci 10-12 lat trudne, bajka o miko\u0142aju do czytania, znaczenia imienia alicja, bajka na dobranoc do czytania<\/p>\n<p>yyyyy<\/p>\n<p>&nbsp;<\/p>\n","protected":false},"excerpt":{"rendered":"<p>Puzzle 500 Rodzinka \u017cyraf XXL:wysoka jako\u015b\u0107 nadruku i precyzja wykonania,idealne dopasowanie element\u00f3w,odporne na zginanie,puzzle eliminuj\u0105 odbijanie \u015bwiat\u0142a,rozwijaj\u0105 zdolno\u015bci manualne u dziecka,kszta\u0142tuj\u0105 wyobra\u017ani\u0119 i logiczne my\u015blenie,ilo\u015b\u0107 element\u00f3w: 500. Eurographics Puzzle 500El. Rodzinka \u017byraf Xxl Eurographics zagadki rymowane, quiz o dinozaurach, quiz opowie\u015bci z narnii lew czarownica i stara szafa, chase kolorowanka, co na roczek, przyjed\u017a do [&hellip;]<\/p>\n","protected":false},"featured_media":5794,"comment_status":"closed","ping_status":"open","template":"","meta":[],"product_cat":[1373,90],"product_tag":[797,641,634,633],"class_list":["post-5793","product","type-product","status-publish","has-post-thumbnail","hentry","product_cat-eurographics","product_cat-puzzle","product_tag-kiekrz","product_tag-trudne-zagadki-logiczne","product_tag-zagadki-wielkanocne-dla-dzieci","product_tag-zagadki-z-odpowiedziami"],"_links":{"self":[{"href":"http:\/\/klubmamgdynia.pl\/index.php\/wp-json\/wp\/v2\/product\/5793","targetHints":{"allow":["GET"]}}],"collection":[{"href":"http:\/\/klubmamgdynia.pl\/index.php\/wp-json\/wp\/v2\/product"}],"about":[{"href":"http:\/\/klubmamgdynia.pl\/index.php\/wp-json\/wp\/v2\/types\/product"}],"replies":[{"embeddable":true,"href":"http:\/\/klubmamgdynia.pl\/index.php\/wp-json\/wp\/v2\/comments?post=5793"}],"wp:featuredmedia":[{"embeddable":true,"href":"http:\/\/klubmamgdynia.pl\/index.php\/wp-json\/wp\/v2\/media\/5794"}],"wp:attachment":[{"href":"http:\/\/klubmamgdynia.pl\/index.php\/wp-json\/wp\/v2\/media?parent=5793"}],"wp:term":[{"taxonomy":"product_cat","embeddable":true,"href":"http:\/\/klubmamgdynia.pl\/index.php\/wp-json\/wp\/v2\/product_cat?post=5793"},{"taxonomy":"product_tag","embeddable":true,"href":"http:\/\/klubmamgdynia.pl\/index.php\/wp-json\/wp\/v2\/product_tag?post=5793"}],"curies":[{"name":"wp","href":"https:\/\/api.w.org\/{rel}","templated":true}]}}