{"id":5799,"date":"2022-12-26T01:37:23","date_gmt":"2022-12-26T00:37:23","guid":{"rendered":"http:\/\/klubmamgdynia.pl\/?post_type=product&#038;p=5799"},"modified":"2026-05-17T22:33:09","modified_gmt":"2026-05-17T20:33:09","slug":"texpol-pieluszka-bambusowa-otulacz-muslinowy-classic-szary-75x75","status":"publish","type":"product","link":"http:\/\/klubmamgdynia.pl\/index.php\/produkt\/texpol-pieluszka-bambusowa-otulacz-muslinowy-classic-szary-75x75\/","title":{"rendered":"Texpol Pieluszka Bambusowa Otulacz Mu\u015blinowy Classic Szary 75X75"},"content":{"rendered":"<p>Przedstawiamy niesamowicie delikatn\u0105 pieluszk\u0119 Bamboo-line. Pieluszki wykonane s\u0105 w 100% z bambusa. Twoje dziecko b\u0119dzie si\u0119 z nimi czu\u0107 bardzo komfortowo, poniewa\u017c s\u0105 bardzo mi\u0119ciutkie i przewiewne. Dzi\u0119ki ich zdrowotnym w\u0142a\u015bciwo\u015bciom uchronisz dziecko przed odparzeniami oraz otarciami. S\u0105 to najmilsze i najzdrowsze pieluszki na rynku. Wyprodukowane z tkaniny bambusowej, zapewniaj\u0105 uczucie \u015bwie\u017co\u015bci i komfortu. Pieluszka wielokrotnego u\u017cytku ma szeroki zakres zastosowa\u0144: Przede wszystkim mo\u017cemy j\u0105 stosowa\u0107, jako otulacz, kt\u00f3ry zapewni naszemu malcowi spokojny sen przez ca\u0142\u0105 noc. W ciep\u0142e dni mo\u017ce s\u0142u\u017cy\u0107, jako kocyk, poniewa\u017c dzi\u0119ki naturalnym w\u0142a\u015bciwo\u015bci\u0105 termoregulacji, zapewni, \u017ce nasz malec b\u0119dzie odczuwa\u0142 przyjemn\u0105 \u015bwie\u017co\u015b\u0107. Mi\u0119kka i delikatna tkanina bambusowa jest idealnym rozwi\u0105zaniem dla maluszk\u00f3w, kt\u00f3rych sk\u00f3ra jest jeszcze bardzo delikatna i nara\u017cona na wszelkiego rodzaju zatarcia. Pieluszka Podczas k\u0105pieli jako myjeczka, albo w wietrzne dni, \u017ceby zabezpieczy\u0107 szyj\u0119 dziecka przed wiatrem. Tak naprawd\u0119, pieluszka ta znajdzie wiele zastosowa\u0144 w codziennym \u017cyciu ka\u017cdego malca, a wszystkie mamy, mog\u0105 o tym za\u015bwiadczy\u0107. S\u0105 to najzdrowsze pieluszki dost\u0119pne obecnie na rynku, a co najwa\u017cniejsze wielokrotnego u\u017cytku. Nawet po 50 praniach one nadal s\u0105 mi\u0119kkie, a kolory nie trac\u0105 na intensywno\u015bci. Pieluszka mo\u017ce r\u00f3wnie\u017c by\u0107 u\u017cywana, jako os\u0142onka na w\u00f3zek, kt\u00f3ra uchroni nasze dzieci\u0105tko przed promieniami UV. Rozmiar: 75x75cm, Gramatura: 170(+-10%)g\/m2w Tolerancja rozmiaru i gramatury: +\/-4cm. W\u0141A\u015aCIWO\u015aCI TKANINY BAMBUSOWEJ: pielucha nie daje odczyn\u00f3w alergicznych, dlatego te\u017c wyroby z w\u0142\u00f3kna bambusowego s\u0105 polecane dla noworodk\u00f3w pieluszka bambusowa ma cechy antygrzybiczne: poch\u0142ania i neutralizuje nieprzyjemne zapachy &#8211; posiada w\u0142a\u015bciwo\u015bci termoregulacyjne: oznacza to, i\u017c w upa\u0142y daje poczucie \u015bwie\u017co\u015bci i koj\u0105- -cego ch\u0142odu, zim\u0105 za\u015b przyjemnego ciep\u0142a. znakomicie ch\u0142onie wilgo\u0107 Posiadaj\u0105 w\u0142a\u015bciwo\u015bci termoregulacyjne, latem maj\u0105 o 2-3 stopnie ni\u017csz\u0105 temperatur\u0119 ni\u017c otoczenie, dzi\u0119ki czemu dziecko b\u0119dzie czu\u0142o si\u0119 \u015bwie\u017co. pieluszki bambusowe uchroni\u0105 dziecko przed promieniami UV oraz wiatrem poniewa\u017c ich gramatura wynosi 170g\/m2. pieluszki doskonale ch\u0142on\u0105 wod\u0119, uwag\u0105 nawet o 60% lepiej ni\u017c flanelowe lub tetrowe. maj\u0105 wiele w\u0142a\u015bciwo\u015bci prozdrowotnych: s\u0105 antyalergiczne, antyseptyczne i antyodorowe. tkanina z kt\u00f3rej wykonana jest pieluszka zosta\u0142a doceniona przez Instytut W\u0142\u00f3kiennictwa, kt\u00f3ry przyzna\u0142 jej Certyfikat Oeko-Tex Standard 100. tym samym potwierdzaj\u0105c najwy\u017csz\u0105 jako\u015b\u0107 tego wyrobu. pieluszki bambusowe Bamboo-line posiadaj\u0105 certyfikat medyczny.<\/p>\n<h2>Texpol Pieluszka Bambusowa Otulacz Mu\u015blinowy Classic Szary 75X75 Texpol<\/h2>\n<p>piosenka dla mamy tekst, kuku\u0142eczka kuka tekst, prezent dla 7 latka ch\u0142opca, dzie\u0144 \u015bw patryka symbole do druku, film rodzinny o \u015bwi\u0119tach, prezent roczek dziewczynka, zagadki dla 7 latka, quiz opowie\u015bci z narnii, zaproszenia urodzinowe do wydruku chomikuj, julian znaczenie imienia, pokemon kolorowanka, zak\u0142adka do ksi\u0105\u017cki szablon, wroc\u0142aw atrakcje dla dzieci 2021, opisy do zdj\u0119\u0107 dziecka, jak dobra\u0107 narty dla dziecka, jeziora blisko warszawy, atrakcje dla dzieci tr\u00f3jmiasto, zagadki o zimie<\/p>\n<p>yyyyy<\/p>\n<p>&nbsp;<\/p>\n","protected":false},"excerpt":{"rendered":"<p>Przedstawiamy niesamowicie delikatn\u0105 pieluszk\u0119 Bamboo-line. Pieluszki wykonane s\u0105 w 100% z bambusa. Twoje dziecko b\u0119dzie si\u0119 z nimi czu\u0107 bardzo komfortowo, poniewa\u017c s\u0105 bardzo mi\u0119ciutkie i przewiewne. Dzi\u0119ki ich zdrowotnym w\u0142a\u015bciwo\u015bciom uchronisz dziecko przed odparzeniami oraz otarciami. S\u0105 to najmilsze i najzdrowsze pieluszki na rynku. Wyprodukowane z tkaniny bambusowej, zapewniaj\u0105 uczucie \u015bwie\u017co\u015bci i komfortu. Pieluszka [&hellip;]<\/p>\n","protected":false},"featured_media":5800,"comment_status":"closed","ping_status":"open","template":"","meta":[],"product_cat":[17,1138],"product_tag":[834,790,683,590],"class_list":["post-5799","product","type-product","status-publish","has-post-thumbnail","hentry","product_cat-pieluchy","product_cat-texpol","product_tag-bajka-do-czytania-na-dobranoc","product_tag-gry-planszowe-dla-nastolatkow","product_tag-karaluchy-pod-poduchy","product_tag-plac-zabaw-warszawa"],"_links":{"self":[{"href":"http:\/\/klubmamgdynia.pl\/index.php\/wp-json\/wp\/v2\/product\/5799","targetHints":{"allow":["GET"]}}],"collection":[{"href":"http:\/\/klubmamgdynia.pl\/index.php\/wp-json\/wp\/v2\/product"}],"about":[{"href":"http:\/\/klubmamgdynia.pl\/index.php\/wp-json\/wp\/v2\/types\/product"}],"replies":[{"embeddable":true,"href":"http:\/\/klubmamgdynia.pl\/index.php\/wp-json\/wp\/v2\/comments?post=5799"}],"wp:featuredmedia":[{"embeddable":true,"href":"http:\/\/klubmamgdynia.pl\/index.php\/wp-json\/wp\/v2\/media\/5800"}],"wp:attachment":[{"href":"http:\/\/klubmamgdynia.pl\/index.php\/wp-json\/wp\/v2\/media?parent=5799"}],"wp:term":[{"taxonomy":"product_cat","embeddable":true,"href":"http:\/\/klubmamgdynia.pl\/index.php\/wp-json\/wp\/v2\/product_cat?post=5799"},{"taxonomy":"product_tag","embeddable":true,"href":"http:\/\/klubmamgdynia.pl\/index.php\/wp-json\/wp\/v2\/product_tag?post=5799"}],"curies":[{"name":"wp","href":"https:\/\/api.w.org\/{rel}","templated":true}]}}