{"id":5805,"date":"2025-01-02T21:09:56","date_gmt":"2025-01-02T20:09:56","guid":{"rendered":"http:\/\/klubmamgdynia.pl\/?post_type=product&#038;p=5805"},"modified":"2026-04-24T11:04:05","modified_gmt":"2026-04-24T09:04:05","slug":"gra-planszowa-monopoly-teoria-wielkiego-podrywu","status":"publish","type":"product","link":"http:\/\/klubmamgdynia.pl\/index.php\/produkt\/gra-planszowa-monopoly-teoria-wielkiego-podrywu\/","title":{"rendered":"Gra planszowa Monopoly Teoria Wielkiego Podrywu"},"content":{"rendered":"<p>Gra planszowa Monopoly Teoria Wielkiego Podrywu Pl<\/p>\n<h2>Gra planszowa Monopoly Teoria Wielkiego Podrywu WINNING MOVES<\/h2>\n<p>kolorowanka piesek, lilianna, kolorowanki super zings, filmy animowane \u015bwi\u0105teczne, prezent dla nastolatki, zagadki trudne, bajki o ksi\u0119\u017cniczkach do czytania, praktyczny prezent dla rocznego dziecka, maska iron man, kaczuszka, tupu tup po \u015bniegu tekst, zagadki dla dziewczyny, pikachu kolorowanka, \u015bwinka peppa do druku, pa\u0144stwa europy i ich stolice quiz, filmy rodzinne na halloween<\/p>\n<p>yyyyy<\/p>\n<p>&nbsp;<\/p>\n","protected":false},"excerpt":{"rendered":"<p>Gra planszowa Monopoly Teoria Wielkiego Podrywu Pl Gra planszowa Monopoly Teoria Wielkiego Podrywu WINNING MOVES kolorowanka piesek, lilianna, kolorowanki super zings, filmy animowane \u015bwi\u0105teczne, prezent dla nastolatki, zagadki trudne, bajki o ksi\u0119\u017cniczkach do czytania, praktyczny prezent dla rocznego dziecka, maska iron man, kaczuszka, tupu tup po \u015bniegu tekst, zagadki dla dziewczyny, pikachu kolorowanka, \u015bwinka peppa [&hellip;]<\/p>\n","protected":false},"featured_media":5806,"comment_status":"closed","ping_status":"open","template":"","meta":[],"product_cat":[235,226],"product_tag":[583,821,735,762,860],"class_list":["post-5805","product","type-product","status-publish","has-post-thumbnail","hentry","product_cat-gry-planszowe","product_cat-winning-moves","product_tag-kolysanki-dla-dzieci-tekst","product_tag-marianna","product_tag-prezent-na-roczek-dziewczynka","product_tag-trudne-zagadki-dla-dzieci","product_tag-zagadki-logiczne-dla-doroslych"],"_links":{"self":[{"href":"http:\/\/klubmamgdynia.pl\/index.php\/wp-json\/wp\/v2\/product\/5805","targetHints":{"allow":["GET"]}}],"collection":[{"href":"http:\/\/klubmamgdynia.pl\/index.php\/wp-json\/wp\/v2\/product"}],"about":[{"href":"http:\/\/klubmamgdynia.pl\/index.php\/wp-json\/wp\/v2\/types\/product"}],"replies":[{"embeddable":true,"href":"http:\/\/klubmamgdynia.pl\/index.php\/wp-json\/wp\/v2\/comments?post=5805"}],"wp:featuredmedia":[{"embeddable":true,"href":"http:\/\/klubmamgdynia.pl\/index.php\/wp-json\/wp\/v2\/media\/5806"}],"wp:attachment":[{"href":"http:\/\/klubmamgdynia.pl\/index.php\/wp-json\/wp\/v2\/media?parent=5805"}],"wp:term":[{"taxonomy":"product_cat","embeddable":true,"href":"http:\/\/klubmamgdynia.pl\/index.php\/wp-json\/wp\/v2\/product_cat?post=5805"},{"taxonomy":"product_tag","embeddable":true,"href":"http:\/\/klubmamgdynia.pl\/index.php\/wp-json\/wp\/v2\/product_tag?post=5805"}],"curies":[{"name":"wp","href":"https:\/\/api.w.org\/{rel}","templated":true}]}}