{"id":581,"date":"2016-05-07T00:34:54","date_gmt":"2016-05-06T22:34:54","guid":{"rendered":"http:\/\/klubmamgdynia.pl\/index.php\/produkt\/winning-moves-match-minions-refresh\/"},"modified":"2026-05-01T23:28:05","modified_gmt":"2026-05-01T21:28:05","slug":"winning-moves-match-minions-refresh","status":"publish","type":"product","link":"http:\/\/klubmamgdynia.pl\/index.php\/produkt\/winning-moves-match-minions-refresh\/","title":{"rendered":"Winning Moves Match Minions Refresh"},"content":{"rendered":"<p>Gra Top Trumps Match MinionkiJe\u017celi lubisz szybkie i emocjonuj\u0105ce gry, to Match jest w\u0142a\u015bnie dla Ciebie. To doskona\u0142a gra, w kt\u00f3rej liczy si\u0119 nie tylko logiczne my\u015blenie oraz spryt, ale r\u00f3wnie\u017c szcz\u0119\u015bcie! Top Trumps Match to rozbudowana gra, przypomina k\u00f3\u0142ko i krzy\u017cyk oraz statki, gdzie dw\u00f3ch graczy rywalizuje ze sob\u0105 nie widz\u0105c nawzajem swoich plansz. Chcesz wygra\u0107? U\u0142\u00f3\u017c MATCH, czyli rz\u0105d 5 jednakowych postaci, kombinuj tak, aby pokrzy\u017cowa\u0107 szyki przeciwnikowi.Kompaktowe opakow&#8230;<\/p>\n<h2>Winning Moves Match Minions Refresh Winning Moves<\/h2>\n<p>zagadki dla 4 latka, prezent na roczek nie zabawka, gabriela, trudne zagadki na inteligencj\u0119, jaki prezent na roczek, gad\u017cety dla nastolatka, wydarzenia warszawa dzisiaj, andrea, wzruszaj\u0105c\u0105 piosenka dla taty, kolorowe ciasto<\/p>\n<p>yyyyy<\/p>\n<p>&nbsp;<\/p>\n","protected":false},"excerpt":{"rendered":"<p>Gra Top Trumps Match MinionkiJe\u017celi lubisz szybkie i emocjonuj\u0105ce gry, to Match jest w\u0142a\u015bnie dla Ciebie. To doskona\u0142a gra, w kt\u00f3rej liczy si\u0119 nie tylko logiczne my\u015blenie oraz spryt, ale r\u00f3wnie\u017c szcz\u0119\u015bcie! Top Trumps Match to rozbudowana gra, przypomina k\u00f3\u0142ko i krzy\u017cyk oraz statki, gdzie dw\u00f3ch graczy rywalizuje ze sob\u0105 nie widz\u0105c nawzajem swoich plansz. [&hellip;]<\/p>\n","protected":false},"featured_media":582,"comment_status":"closed","ping_status":"open","template":"","meta":[],"product_cat":[130,226],"product_tag":[829,865,754],"class_list":["post-581","product","type-product","status-publish","has-post-thumbnail","hentry","product_cat-gry-dzieciece","product_cat-winning-moves","product_tag-bajki-do-czytania-na-dobranoc","product_tag-cytaty-o-dzieciach","product_tag-dyplomy-do-wydrukowania-a4"],"_links":{"self":[{"href":"http:\/\/klubmamgdynia.pl\/index.php\/wp-json\/wp\/v2\/product\/581","targetHints":{"allow":["GET"]}}],"collection":[{"href":"http:\/\/klubmamgdynia.pl\/index.php\/wp-json\/wp\/v2\/product"}],"about":[{"href":"http:\/\/klubmamgdynia.pl\/index.php\/wp-json\/wp\/v2\/types\/product"}],"replies":[{"embeddable":true,"href":"http:\/\/klubmamgdynia.pl\/index.php\/wp-json\/wp\/v2\/comments?post=581"}],"wp:featuredmedia":[{"embeddable":true,"href":"http:\/\/klubmamgdynia.pl\/index.php\/wp-json\/wp\/v2\/media\/582"}],"wp:attachment":[{"href":"http:\/\/klubmamgdynia.pl\/index.php\/wp-json\/wp\/v2\/media?parent=581"}],"wp:term":[{"taxonomy":"product_cat","embeddable":true,"href":"http:\/\/klubmamgdynia.pl\/index.php\/wp-json\/wp\/v2\/product_cat?post=581"},{"taxonomy":"product_tag","embeddable":true,"href":"http:\/\/klubmamgdynia.pl\/index.php\/wp-json\/wp\/v2\/product_tag?post=581"}],"curies":[{"name":"wp","href":"https:\/\/api.w.org\/{rel}","templated":true}]}}